000
CDUS41 KALY 090631
CLIDDH


CLIMATE REPORT
NATIONAL WEATHER SERVICE ALBANY NY
227 AM EDT SAT JUL 9 2016


...................................

...THE BENNINGTON VT CLIMATE SUMMARY FOR JULY 8 2016...

CLIMATE NORMAL PERIOD 1981 TO 2010
CLIMATE RECORD PERIOD 9999 TO 9999


WEATHER ITEM   OBSERVED TIME   NORMAL DEPARTURE LAST
                VALUE   (LST)  VALUE  FROM      YEAR
                                      NORMAL
......................................................
TEMPERATURE (F)
 YESTERDAY
  MAXIMUM         85    226 PM  79      6       78
  MINIMUM         65   1151 PM  57      8       57
  AVERAGE         75            68      7       68

PRECIPITATION (IN)
  YESTERDAY        0.04          0.14  -0.10      T
  MONTH TO DATE    0.39          1.05  -0.66     0.90
  SINCE JUN 1      2.13          5.18  -3.05     3.85
  SINCE JAN 1     15.18         20.25  -5.07    11.41

DEGREE DAYS
 HEATING
  YESTERDAY        0             1     -1        0
  MONTH TO DATE    1             8     -7       14
  SINCE JUN 1     70           105    -35      109
  SINCE JUL 1      1             8     -7       14

 COOLING
  YESTERDAY       10             4      6        3
  MONTH TO DATE   41            31     10       17
  SINCE JUN 1     99            89     10       64
  SINCE JAN 1    141           103     38      128
......................................................


WIND (MPH)
  HIGHEST WIND SPEED    13   HIGHEST WIND DIRECTION    SE (130)
  HIGHEST GUST SPEED    17   HIGHEST GUST DIRECTION    SE (120)
  AVERAGE WIND SPEED     4.2


SKY COVER
  AVERAGE SKY COVER 0.7



RELATIVE HUMIDITY (PERCENT)
 HIGHEST   100          1200 AM
 LOWEST     58           200 PM
 AVERAGE    79

..........................................................


THE BENNINGTON VT CLIMATE NORMALS FOR TODAY
                         NORMAL
 MAXIMUM TEMPERATURE (F)   79
 MINIMUM TEMPERATURE (F)   57


SUNRISE AND SUNSET
JULY  9 2016..........SUNRISE   523 AM EDT   SUNSET   833 PM EDT
JULY 10 2016..........SUNRISE   524 AM EDT   SUNSET   832 PM EDT


-  INDICATES NEGATIVE NUMBERS.
R  INDICATES RECORD WAS SET OR TIED.
MM INDICATES DATA IS MISSING.
T  INDICATES TRACE AMOUNT.




$$
