000
CDUS41 KALY 100622
CLIDDH


CLIMATE REPORT
NATIONAL WEATHER SERVICE ALBANY NY
222 AM EDT SUN AUG 10 2014


...................................

...THE BENNINGTON VT CLIMATE SUMMARY FOR AUGUST 9 2014...

CLIMATE NORMAL PERIOD 1981 TO 2010
CLIMATE RECORD PERIOD 9999 TO 9999


WEATHER ITEM   OBSERVED TIME   NORMAL DEPARTURE LAST
                VALUE   (LST)  VALUE  FROM      YEAR
                                      NORMAL
......................................................
TEMPERATURE (F)
 YESTERDAY
  MAXIMUM         80    424 PM  79      1       79
  MINIMUM         50    544 AM  56     -6       69
  AVERAGE         65            68     -3       74

PRECIPITATION (IN)
  YESTERDAY        0.00          0.14  -0.14     0.55
  MONTH TO DATE    0.68          1.31  -0.63     0.72
  SINCE JUN 1     11.96          9.78   2.18    13.61
  SINCE JAN 1     24.79         24.85  -0.06    28.08

DEGREE DAYS
 HEATING
  YESTERDAY        0             1     -1        0
  MONTH TO DATE    6             9     -3       13
  SINCE JUN 1     64           130    -66      123
  SINCE JUL 1     17            33    -16       23

 COOLING
  YESTERDAY        0             4     -4        9
  MONTH TO DATE   19            36    -17       30
  SINCE JUN 1    205           217    -12      376
  SINCE JAN 1    221           231    -10      408
......................................................


WIND (MPH)
  HIGHEST WIND SPEED    12   HIGHEST WIND DIRECTION    NW (310)
  HIGHEST GUST SPEED    15   HIGHEST GUST DIRECTION    NW (310)
  AVERAGE WIND SPEED     1.6


SKY COVER
  AVERAGE SKY COVER 0.2



RELATIVE HUMIDITY (PERCENT)
 HIGHEST    96           300 AM
 LOWEST     45           100 PM
 AVERAGE    71

..........................................................


THE BENNINGTON VT CLIMATE NORMALS FOR TODAY
                         NORMAL
 MAXIMUM TEMPERATURE (F)   79
 MINIMUM TEMPERATURE (F)   56


SUNRISE AND SUNSET
AUGUST 10 2014........SUNRISE   554 AM EDT   SUNSET   802 PM EDT
AUGUST 11 2014........SUNRISE   555 AM EDT   SUNSET   801 PM EDT


-  INDICATES NEGATIVE NUMBERS.
R  INDICATES RECORD WAS SET OR TIED.
MM INDICATES DATA IS MISSING.
T  INDICATES TRACE AMOUNT.




$$
