000
CDUS41 KALY 120624
CLIDDH


CLIMATE REPORT
NATIONAL WEATHER SERVICE ALBANY NY
224 AM EDT TUE MAY 12 2015


...................................

...THE BENNINGTON VT CLIMATE SUMMARY FOR MAY 11 2015...

CLIMATE NORMAL PERIOD 1981 TO 2010
CLIMATE RECORD PERIOD 9999 TO 9999


WEATHER ITEM   OBSERVED TIME   NORMAL DEPARTURE LAST
                VALUE   (LST)  VALUE  FROM      YEAR
                                      NORMAL
......................................................
TEMPERATURE (F)
 YESTERDAY
  MAXIMUM         87    302 PM  66     21       72
  MINIMUM         62    528 AM  42     20       46
  AVERAGE         75            54     21       59

PRECIPITATION (IN)
  YESTERDAY        0.00          0.10  -0.10     0.00
  MONTH TO DATE    T             1.11  -1.11     0.49
  SINCE MAR 1      3.18          7.53  -4.35     5.10
  SINCE JAN 1      6.59         12.52  -5.93    10.96

DEGREE DAYS
 HEATING
  YESTERDAY        0            11    -11        6
  MONTH TO DATE   44           141    -97      120
  SINCE MAR 1   1824          1713    111     1865
  SINCE JUL 1   7326          6964    362     7113

 COOLING
  YESTERDAY       10             0     10        0
  MONTH TO DATE   25             0     25        4
  SINCE MAR 1     25             3     22        8
  SINCE JAN 1     25             3     22        8
......................................................


WIND (MPH)
  HIGHEST WIND SPEED    20   HIGHEST WIND DIRECTION     S (180)
  HIGHEST GUST SPEED    26   HIGHEST GUST DIRECTION     S (170)
  AVERAGE WIND SPEED     6.2


SKY COVER
  AVERAGE SKY COVER 0.3



RELATIVE HUMIDITY (PERCENT)
 HIGHEST    93           400 AM
 LOWEST     42           200 PM
 AVERAGE    68

..........................................................


THE BENNINGTON VT CLIMATE NORMALS FOR TODAY
                         NORMAL
 MAXIMUM TEMPERATURE (F)   66
 MINIMUM TEMPERATURE (F)   42


SUNRISE AND SUNSET
MAY 12 2015...........SUNRISE   534 AM EDT   SUNSET   806 PM EDT
MAY 13 2015...........SUNRISE   533 AM EDT   SUNSET   807 PM EDT


-  INDICATES NEGATIVE NUMBERS.
R  INDICATES RECORD WAS SET OR TIED.
MM INDICATES DATA IS MISSING.
T  INDICATES TRACE AMOUNT.




$$
