000
CDUS41 KALY 072159
CLIDDH


CLIMATE REPORT
NATIONAL WEATHER SERVICE ALBANY NY
459 PM EST FRI NOV 7 2014


...................................

...THE BENNINGTON VT CLIMATE SUMMARY FOR NOVEMBER 7 2014...
VALID TODAY AS OF 0400 PM LOCAL TIME.

CLIMATE NORMAL PERIOD 1981 TO 2010
CLIMATE RECORD PERIOD 9999 TO 9999


WEATHER ITEM   OBSERVED TIME   NORMAL DEPARTURE LAST
                VALUE   (LST)  VALUE  FROM      YEAR
                                      NORMAL
......................................................
TEMPERATURE (F)
 TODAY
  MAXIMUM         42    105 AM  51     -9       59
  MINIMUM         35    455 PM  31      4       36
  AVERAGE         39            41     -2       48

PRECIPITATION (IN)
  TODAY            0.11          0.12  -0.01     0.40
  MONTH TO DATE    0.28          0.80  -0.52     0.91
  SINCE SEP 1      5.13          8.06  -2.93     8.48
  SINCE JAN 1     31.09         35.60  -4.51    40.20

DEGREE DAYS
 HEATING
  TODAY           26            24      2       17
  MONTH TO DATE  159           162     -3      150
  SINCE SEP 1    756           911   -155      841
  SINCE JUL 1    809           983   -174      904

 COOLING
  TODAY            0             0      0        0
  MONTH TO DATE    0             0      0        0
  SINCE SEP 1     55            25     30       44
  SINCE JAN 1    308           313     -5      503
......................................................


WIND (MPH)
  HIGHEST WIND SPEED     9   HIGHEST WIND DIRECTION    NW (330)
  HIGHEST GUST SPEED    18   HIGHEST GUST DIRECTION     N (340)
  AVERAGE WIND SPEED     6.6


SKY COVER
  AVERAGE SKY COVER 1.0



RELATIVE HUMIDITY (PERCENT)
 HIGHEST    93
 LOWEST     85
 AVERAGE    89

..........................................................


THE BENNINGTON VT CLIMATE NORMALS FOR TOMORROW
                         NORMAL
 MAXIMUM TEMPERATURE (F)   51
 MINIMUM TEMPERATURE (F)   31


SUNRISE AND SUNSET
NOVEMBER  7 2014......SUNRISE   635 AM EST   SUNSET   438 PM EST
NOVEMBER  8 2014......SUNRISE   636 AM EST   SUNSET   437 PM EST


-  INDICATES NEGATIVE NUMBERS.
R  INDICATES RECORD WAS SET OR TIED.
MM INDICATES DATA IS MISSING.
T  INDICATES TRACE AMOUNT.




$$
