444
CDUS41 KALY 170623
CLIDDH


CLIMATE REPORT
NATIONAL WEATHER SERVICE ALBANY NY
222 AM EDT WED AUG 17 2016


...................................

...THE BENNINGTON VT CLIMATE SUMMARY FOR AUGUST 16 2016...

CLIMATE NORMAL PERIOD 1981 TO 2010
CLIMATE RECORD PERIOD 9999 TO 9999


WEATHER ITEM   OBSERVED TIME   NORMAL DEPARTURE LAST
                VALUE   (LST)  VALUE  FROM      YEAR
                                      NORMAL
......................................................
TEMPERATURE (F)
 YESTERDAY
  MAXIMUM         81   1050 PM  78      3       84
  MINIMUM         62    227 AM  56      6       62
  AVERAGE         72            67      5       73

PRECIPITATION (IN)
  YESTERDAY        0.12          0.13  -0.01     0.00
  MONTH TO DATE    2.97          2.22   0.75     1.18
  SINCE JUN 1      7.10         10.69  -3.59     6.12
  SINCE JAN 1     20.15         25.76  -5.61    13.68

DEGREE DAYS
 HEATING
  YESTERDAY        0             1     -1        0
  MONTH TO DATE    0            16    -16        4
  SINCE JUN 1     79           137    -58      126
  SINCE JUL 1     10            40    -30       31

 COOLING
  YESTERDAY        7             3      4        8
  MONTH TO DATE  120            60     60       52
  SINCE JUN 1    344           241    103      236
  SINCE JAN 1    386           255    131      300
......................................................


WIND (MPH)
  HIGHEST WIND SPEED    24   HIGHEST WIND DIRECTION     S (180)
  HIGHEST GUST SPEED    35   HIGHEST GUST DIRECTION    SE (150)
  AVERAGE WIND SPEED     5.0


SKY COVER
  AVERAGE SKY COVER 0.6



RELATIVE HUMIDITY (PERCENT)
 HIGHEST    93          1200 AM
 LOWEST     62          1100 AM
 AVERAGE    78

..........................................................


THE BENNINGTON VT CLIMATE NORMALS FOR TODAY
                         NORMAL
 MAXIMUM TEMPERATURE (F)   78
 MINIMUM TEMPERATURE (F)   55


SUNRISE AND SUNSET
AUGUST 17 2016........SUNRISE   602 AM EDT   SUNSET   751 PM EDT
AUGUST 18 2016........SUNRISE   603 AM EDT   SUNSET   750 PM EDT


-  INDICATES NEGATIVE NUMBERS.
R  INDICATES RECORD WAS SET OR TIED.
MM INDICATES DATA IS MISSING.
T  INDICATES TRACE AMOUNT.




$$
