000
CDUS41 KALY 212043
CLIDDH


CLIMATE REPORT
NATIONAL WEATHER SERVICE ALBANY NY
442 PM EDT SUN JUN 21 2015


...................................

...THE BENNINGTON VT CLIMATE SUMMARY FOR JUNE 21 2015...
VALID TODAY AS OF 0400 PM LOCAL TIME.

CLIMATE NORMAL PERIOD 1981 TO 2010
CLIMATE RECORD PERIOD 9999 TO 9999


WEATHER ITEM   OBSERVED TIME   NORMAL DEPARTURE LAST
                VALUE   (LST)  VALUE  FROM      YEAR
                                      NORMAL
......................................................
TEMPERATURE (F)
 TODAY
  MAXIMUM         82    231 PM  77      5       72
  MINIMUM         65    229 AM  54     11       43
  AVERAGE         74            65      9       58

PRECIPITATION (IN)
  TODAY            0.07          0.14  -0.07     0.00
  MONTH TO DATE    1.96          2.99  -1.03     1.58
  SINCE JUN 1      1.96          2.99  -1.03     1.58
  SINCE JAN 1      9.52         18.06  -8.54    14.41

DEGREE DAYS
 HEATING
  TODAY            0             2     -2        7
  MONTH TO DATE   76            84     -8       44
  SINCE JUN 1     76            84     -8       44
  SINCE JUL 1   7518          7223    295     7295

 COOLING
  TODAY            9             2      7        0
  MONTH TO DATE   33            33      0       27
  SINCE JUN 1     33            33      0       27
  SINCE JAN 1     97            47     50       43
......................................................


WIND (MPH)
  HIGHEST WIND SPEED     7   HIGHEST WIND DIRECTION    NW (320)
  HIGHEST GUST SPEED    MM   HIGHEST GUST DIRECTION    MM
  AVERAGE WIND SPEED     2.4


SKY COVER
  AVERAGE SKY COVER 0.7



RELATIVE HUMIDITY (PERCENT)
 HIGHEST    97
 LOWEST     62
 AVERAGE    80

..........................................................


THE BENNINGTON VT CLIMATE NORMALS FOR TOMORROW
                         NORMAL
 MAXIMUM TEMPERATURE (F)   77
 MINIMUM TEMPERATURE (F)   54


SUNRISE AND SUNSET
JUNE 21 2015..........SUNRISE   514 AM EDT   SUNSET   835 PM EDT
JUNE 22 2015..........SUNRISE   514 AM EDT   SUNSET   835 PM EDT


-  INDICATES NEGATIVE NUMBERS.
R  INDICATES RECORD WAS SET OR TIED.
MM INDICATES DATA IS MISSING.
T  INDICATES TRACE AMOUNT.




$$
