000
CDUS41 KALY 072044
CLIDDH


CLIMATE REPORT
NATIONAL WEATHER SERVICE ALBANY NY
443 PM EDT FRI APR 7 2017


...................................

...THE BENNINGTON VT CLIMATE SUMMARY FOR APRIL 7 2017...
VALID TODAY AS OF 0400 PM LOCAL TIME.

CLIMATE NORMAL PERIOD 1981 TO 2010
CLIMATE RECORD PERIOD 9999 TO 9999


WEATHER ITEM   OBSERVED TIME   NORMAL DEPARTURE LAST
                VALUE   (LST)  VALUE  FROM      YEAR
                                      NORMAL
......................................................
TEMPERATURE (F)
 TODAY
  MAXIMUM         48    349 AM  53     -5       61
  MINIMUM         38   1233 PM  31      7       38
  AVERAGE         43            42      1       50

PRECIPITATION (IN)
  TODAY            0.20          0.11   0.09     0.63
  MONTH TO DATE    1.38          0.87   0.51     1.28
  SINCE MAR 1      4.49          4.02   0.47     3.74
  SINCE JAN 1      8.12          9.01  -0.89     8.78

DEGREE DAYS
 HEATING
  TODAY           22            23     -1       15
  MONTH TO DATE  156           169    -13      213
  SINCE MAR 1   1262          1153    109      977
  SINCE JUL 1   5797          6404   -607     5310

 COOLING
  TODAY            0             0      0        0
  MONTH TO DATE    0             0      0        0
  SINCE MAR 1      0             0      0        0
  SINCE JAN 1      0             0      0        0
......................................................


WIND (MPH)
  HIGHEST WIND SPEED    14   HIGHEST WIND DIRECTION     S (180)
  HIGHEST GUST SPEED    25   HIGHEST GUST DIRECTION     S (180)
  AVERAGE WIND SPEED     8.9


SKY COVER
  AVERAGE SKY COVER 1.0



RELATIVE HUMIDITY (PERCENT)
 HIGHEST    85
 LOWEST     71
 AVERAGE    78

..........................................................


THE BENNINGTON VT CLIMATE NORMALS FOR TOMORROW
                         NORMAL
 MAXIMUM TEMPERATURE (F)   54
 MINIMUM TEMPERATURE (F)   32


SUNRISE AND SUNSET
APRIL  7 2017.........SUNRISE   624 AM EDT   SUNSET   726 PM EDT
APRIL  8 2017.........SUNRISE   623 AM EDT   SUNSET   728 PM EDT


-  INDICATES NEGATIVE NUMBERS.
R  INDICATES RECORD WAS SET OR TIED.
MM INDICATES DATA IS MISSING.
T  INDICATES TRACE AMOUNT.




$$
