000
CDUS41 KALY 272144
CLIDDH


CLIMATE REPORT
NATIONAL WEATHER SERVICE ALBANY NY
443 PM EST TUE DEC 27 2016


...................................

...THE BENNINGTON VT CLIMATE SUMMARY FOR DECEMBER 27 2016...
VALID TODAY AS OF 0400 PM LOCAL TIME.

CLIMATE NORMAL PERIOD 1981 TO 2010
CLIMATE RECORD PERIOD 9999 TO 9999


WEATHER ITEM   OBSERVED TIME   NORMAL DEPARTURE LAST
                VALUE   (LST)  VALUE  FROM      YEAR
                                      NORMAL
......................................................
TEMPERATURE (F)
 TODAY
  MAXIMUM         51    211 AM  32     19       50
  MINIMUM         36    438 PM  15     21       31
  AVERAGE         44            24     20       41

PRECIPITATION (IN)
  TODAY            0.06          0.09  -0.03     0.73
  MONTH TO DATE    2.02          2.48  -0.46     3.15
  SINCE DEC 1      2.02          2.48  -0.46     3.15
  SINCE JAN 1     32.56         40.39  -7.83    28.36

DEGREE DAYS
 HEATING
  TODAY           21            41    -20       24
  MONTH TO DATE  978           992    -14      619
  SINCE DEC 1    978           992    -14      619
  SINCE JUL 1   2348          2605   -257     1962

 COOLING
  TODAY            0             0      0        0
  MONTH TO DATE    0             0      0        0
  SINCE DEC 1      0             0      0        0
  SINCE JAN 1    488           313    175      444
......................................................


WIND (MPH)
  HIGHEST WIND SPEED    14   HIGHEST WIND DIRECTION    NW (310)
  HIGHEST GUST SPEED    30   HIGHEST GUST DIRECTION     W (270)
  AVERAGE WIND SPEED     8.3


SKY COVER
  AVERAGE SKY COVER 1.0



RELATIVE HUMIDITY (PERCENT)
 HIGHEST    86
 LOWEST     57
 AVERAGE    72

..........................................................


THE BENNINGTON VT CLIMATE NORMALS FOR TOMORROW
                         NORMAL
 MAXIMUM TEMPERATURE (F)   32
 MINIMUM TEMPERATURE (F)   14


SUNRISE AND SUNSET
DECEMBER 27 2016......SUNRISE   723 AM EST   SUNSET   426 PM EST
DECEMBER 28 2016......SUNRISE   723 AM EST   SUNSET   426 PM EST


-  INDICATES NEGATIVE NUMBERS.
R  INDICATES RECORD WAS SET OR TIED.
MM INDICATES DATA IS MISSING.
T  INDICATES TRACE AMOUNT.




$$
