000
CDUS41 KALY 110623
CLIDDH


CLIMATE REPORT
NATIONAL WEATHER SERVICE ALBANY NY
122 AM EST FRI NOV 11 2016


...................................

...THE BENNINGTON VT CLIMATE SUMMARY FOR NOVEMBER 10 2016...

CLIMATE NORMAL PERIOD 1981 TO 2010
CLIMATE RECORD PERIOD 9999 TO 9999


WEATHER ITEM   OBSERVED TIME   NORMAL DEPARTURE LAST
                VALUE   (LST)  VALUE  FROM      YEAR
                                      NORMAL
......................................................
TEMPERATURE (F)
 YESTERDAY
  MAXIMUM         48    156 PM  50     -2       64
  MINIMUM         31   1134 PM  31      0       30
  AVERAGE         40            40      0       47

PRECIPITATION (IN)
  YESTERDAY        0.00          0.10  -0.10     0.10
  MONTH TO DATE    0.58          1.11  -0.53     0.18
  SINCE SEP 1      7.18          8.37  -1.19     9.90
  SINCE JAN 1     28.49         35.91  -7.42    24.13

DEGREE DAYS
 HEATING
  YESTERDAY       25            25      0       18
  MONTH TO DATE  221           235    -14      146
  SINCE SEP 1    798           984   -186      797
  SINCE JUL 1    820          1056   -236      836

 COOLING
  YESTERDAY        0             0      0        0
  MONTH TO DATE    0             0      0        0
  SINCE SEP 1     49            25     24       76
  SINCE JAN 1    488           313    175      444
......................................................


WIND (MPH)
  HIGHEST WIND SPEED    12   HIGHEST WIND DIRECTION     W (260)
  HIGHEST GUST SPEED    15   HIGHEST GUST DIRECTION     W (250)
  AVERAGE WIND SPEED     3.4


SKY COVER
  AVERAGE SKY COVER 0.3



RELATIVE HUMIDITY (PERCENT)
 HIGHEST    85          1200 AM
 LOWEST     53           200 PM
 AVERAGE    69

..........................................................


THE BENNINGTON VT CLIMATE NORMALS FOR TODAY
                         NORMAL
 MAXIMUM TEMPERATURE (F)   49
 MINIMUM TEMPERATURE (F)   31


SUNRISE AND SUNSET
NOVEMBER 11 2016......SUNRISE   641 AM EST   SUNSET   433 PM EST
NOVEMBER 12 2016......SUNRISE   642 AM EST   SUNSET   432 PM EST


-  INDICATES NEGATIVE NUMBERS.
R  INDICATES RECORD WAS SET OR TIED.
MM INDICATES DATA IS MISSING.
T  INDICATES TRACE AMOUNT.




$$
