000
CDUS41 KALY 210632
CLIDDH


CLIMATE REPORT
NATIONAL WEATHER SERVICE ALBANY NY
130 AM EST TUE NOV 21 2017


...................................

...THE BENNINGTON VT CLIMATE SUMMARY FOR NOVEMBER 20 2017...

CLIMATE NORMAL PERIOD 1981 TO 2010
CLIMATE RECORD PERIOD 9999 TO 9999


WEATHER ITEM   OBSERVED TIME   NORMAL DEPARTURE LAST
                VALUE   (LST)  VALUE  FROM      YEAR
                                      NORMAL
......................................................
TEMPERATURE (F)
 YESTERDAY
  MAXIMUM         37    259 PM  46     -9       44
  MINIMUM         29    819 AM  29      0       27
  AVERAGE         33            37     -4       36

PRECIPITATION (IN)
  YESTERDAY        0.02          0.10  -0.08     0.68
  MONTH TO DATE    1.22          2.06  -0.84     1.69
  SINCE SEP 1      6.98          9.32  -2.34     8.29
  SINCE JAN 1     39.33         36.86   2.47    29.60

DEGREE DAYS
 HEATING
  YESTERDAY       32            28      4       29
  MONTH TO DATE  515           497     18      464
  SINCE SEP 1    949          1246   -297     1041
  SINCE JUL 1   1016          1318   -302     1063

 COOLING
  YESTERDAY        0             0      0        0
  MONTH TO DATE    0             0      0        0
  SINCE SEP 1     88            25     63       49
  SINCE JAN 1    395           313     82      488
......................................................


WIND (MPH)
  HIGHEST WIND SPEED    18   HIGHEST WIND DIRECTION     W (270)
  HIGHEST GUST SPEED    28   HIGHEST GUST DIRECTION     W (270)
  AVERAGE WIND SPEED     7.8


SKY COVER
  AVERAGE SKY COVER 0.9



RELATIVE HUMIDITY (PERCENT)
 HIGHEST    82          1100 PM
 LOWEST     52           300 PM
 AVERAGE    67

..........................................................


THE BENNINGTON VT CLIMATE NORMALS FOR TODAY
                         NORMAL
 MAXIMUM TEMPERATURE (F)   45
 MINIMUM TEMPERATURE (F)   29


SUNRISE AND SUNSET
NOVEMBER 21 2017......SUNRISE   653 AM EST   SUNSET   425 PM EST
NOVEMBER 22 2017......SUNRISE   654 AM EST   SUNSET   424 PM EST


-  INDICATES NEGATIVE NUMBERS.
R  INDICATES RECORD WAS SET OR TIED.
MM INDICATES DATA IS MISSING.
T  INDICATES TRACE AMOUNT.




$$
