000
CDUS41 KALY 180633
CLIDDH


CLIMATE REPORT
NATIONAL WEATHER SERVICE ALBANY NY
228 AM EDT MON AUG 18 2014


...................................

...THE BENNINGTON VT CLIMATE SUMMARY FOR AUGUST 17 2014...

CLIMATE NORMAL PERIOD 1981 TO 2010
CLIMATE RECORD PERIOD 9999 TO 9999


WEATHER ITEM   OBSERVED TIME   NORMAL DEPARTURE LAST
                VALUE   (LST)  VALUE  FROM      YEAR
                                      NORMAL
......................................................
TEMPERATURE (F)
 YESTERDAY
  MAXIMUM         74    201 PM  78     -4       78
  MINIMUM         50   1135 PM  55     -5       47
  AVERAGE         62            67     -5       63

PRECIPITATION (IN)
  YESTERDAY        0.00          0.12  -0.12     0.00
  MONTH TO DATE    0.96          2.34  -1.38     2.64
  SINCE JUN 1     12.24         10.81   1.43    15.53
  SINCE JAN 1     25.07         25.88  -0.81    30.00

DEGREE DAYS
 HEATING
  YESTERDAY        3             1      2        2
  MONTH TO DATE   28            17     11       37
  SINCE JUN 1     86           138    -52      147
  SINCE JUL 1     39            41     -2       47

 COOLING
  YESTERDAY        0             3     -3        0
  MONTH TO DATE   28            63    -35       33
  SINCE JUN 1    214           244    -30      379
  SINCE JAN 1    230           258    -28      411
......................................................


WIND (MPH)
  HIGHEST WIND SPEED    15   HIGHEST WIND DIRECTION    NW (330)
  HIGHEST GUST SPEED    20   HIGHEST GUST DIRECTION    NW (320)
  AVERAGE WIND SPEED     3.8


SKY COVER
  AVERAGE SKY COVER 0.6



RELATIVE HUMIDITY (PERCENT)
 HIGHEST    96          1100 PM
 LOWEST     49           500 PM
 AVERAGE    73

..........................................................


THE BENNINGTON VT CLIMATE NORMALS FOR TODAY
                         NORMAL
 MAXIMUM TEMPERATURE (F)   78
 MINIMUM TEMPERATURE (F)   55


SUNRISE AND SUNSET
AUGUST 18 2014........SUNRISE   602 AM EDT   SUNSET   751 PM EDT
AUGUST 19 2014........SUNRISE   603 AM EDT   SUNSET   749 PM EDT


-  INDICATES NEGATIVE NUMBERS.
R  INDICATES RECORD WAS SET OR TIED.
MM INDICATES DATA IS MISSING.
T  INDICATES TRACE AMOUNT.




$$
