000
CDUS41 KALY 040622
CLIDDH


CLIMATE REPORT
NATIONAL WEATHER SERVICE ALBANY NY
222 AM EDT SUN SEP 4 2016


...................................

...THE BENNINGTON VT CLIMATE SUMMARY FOR SEPTEMBER 3 2016...

CLIMATE NORMAL PERIOD 1981 TO 2010
CLIMATE RECORD PERIOD 9999 TO 9999


WEATHER ITEM   OBSERVED TIME   NORMAL DEPARTURE LAST
                VALUE   (LST)  VALUE  FROM      YEAR
                                      NORMAL
......................................................
TEMPERATURE (F)
 YESTERDAY
  MAXIMUM         74    324 PM  75     -1       87
  MINIMUM         46    539 AM  52     -6       57
  AVERAGE         60            63     -3       72

PRECIPITATION (IN)
  YESTERDAY        0.00          0.11  -0.11     0.00
  MONTH TO DATE    0.00          0.30  -0.30     0.00
  SINCE SEP 1      0.00          0.30  -0.30     0.00
  SINCE JAN 1     21.31         27.84  -6.53    14.23

DEGREE DAYS
 HEATING
  YESTERDAY        5             3      2        0
  MONTH TO DATE    8             9     -1        0
  SINCE SEP 1      8             9     -1        0
  SINCE JUL 1     30            81    -51       39

 COOLING
  YESTERDAY        0             2     -2        7
  MONTH TO DATE    0             6     -6       18
  SINCE SEP 1      0             6     -6       18
  SINCE JAN 1    439           294    145      386
......................................................


WIND (MPH)
  HIGHEST WIND SPEED     8   HIGHEST WIND DIRECTION     W (280)
  HIGHEST GUST SPEED    11   HIGHEST GUST DIRECTION     W (260)
  AVERAGE WIND SPEED     1.8


SKY COVER
  AVERAGE SKY COVER 0.0



RELATIVE HUMIDITY (PERCENT)
 HIGHEST    93           200 AM
 LOWEST     49           300 PM
 AVERAGE    71

..........................................................


THE BENNINGTON VT CLIMATE NORMALS FOR TODAY
                         NORMAL
 MAXIMUM TEMPERATURE (F)   74
 MINIMUM TEMPERATURE (F)   51


SUNRISE AND SUNSET
SEPTEMBER  4 2016.....SUNRISE   621 AM EDT   SUNSET   722 PM EDT
SEPTEMBER  5 2016.....SUNRISE   622 AM EDT   SUNSET   720 PM EDT


-  INDICATES NEGATIVE NUMBERS.
R  INDICATES RECORD WAS SET OR TIED.
MM INDICATES DATA IS MISSING.
T  INDICATES TRACE AMOUNT.




$$
