000
CDUS41 KALY 060652
CLIDDH


CLIMATE REPORT
NATIONAL WEATHER SERVICE ALBANY NY
250 AM EDT SAT MAY 6 2017


...................................

...THE BENNINGTON VT CLIMATE SUMMARY FOR MAY 5 2017...

CLIMATE NORMAL PERIOD 1981 TO 2010
CLIMATE RECORD PERIOD 9999 TO 9999


WEATHER ITEM   OBSERVED TIME   NORMAL DEPARTURE LAST
                VALUE   (LST)  VALUE  FROM      YEAR
                                      NORMAL
......................................................
TEMPERATURE (F)
 YESTERDAY
  MAXIMUM         55   1159 PM  64     -9       55
  MINIMUM         43    637 AM  40      3       45
  AVERAGE         49            52     -3       50

PRECIPITATION (IN)
  YESTERDAY        0.78          0.10   0.68     0.00
  MONTH TO DATE    2.60          0.50   2.10     0.88
  SINCE MAR 1      8.08          6.92   1.16     5.97
  SINCE JAN 1     11.71         11.91  -0.20    11.01

DEGREE DAYS
 HEATING
  YESTERDAY       16            13      3       15
  MONTH TO DATE   65            68     -3       83
  SINCE MAR 1   1609          1640    -31     1491
  SINCE JUL 1   6144          6891   -747     5824

 COOLING
  YESTERDAY        0             0      0        0
  MONTH TO DATE    0             0      0        0
  SINCE MAR 1      3             3      0        1
  SINCE JAN 1      3             3      0        1
......................................................


WIND (MPH)
  HIGHEST WIND SPEED    36   HIGHEST WIND DIRECTION    SE (130)
  HIGHEST GUST SPEED    52   HIGHEST GUST DIRECTION    SE (120)
  AVERAGE WIND SPEED     9.8


SKY COVER
  AVERAGE SKY COVER 0.9



RELATIVE HUMIDITY (PERCENT)
 HIGHEST    83           700 AM
 LOWEST     49           100 AM
 AVERAGE    66

..........................................................


THE BENNINGTON VT CLIMATE NORMALS FOR TODAY
                         NORMAL
 MAXIMUM TEMPERATURE (F)   64
 MINIMUM TEMPERATURE (F)   41


SUNRISE AND SUNSET
MAY  6 2017...........SUNRISE   540 AM EDT   SUNSET   800 PM EDT
MAY  7 2017...........SUNRISE   539 AM EDT   SUNSET   801 PM EDT


-  INDICATES NEGATIVE NUMBERS.
R  INDICATES RECORD WAS SET OR TIED.
MM INDICATES DATA IS MISSING.
T  INDICATES TRACE AMOUNT.




$$
