000
CDUS41 KALY 070855
CLIDDH


CLIMATE REPORT
NATIONAL WEATHER SERVICE ALBANY NY
355 AM EST SUN DEC 7 2014


...................................

...THE BENNINGTON VT CLIMATE SUMMARY FOR DECEMBER 6 2014...

CLIMATE NORMAL PERIOD 1981 TO 2010
CLIMATE RECORD PERIOD 9999 TO 9999


WEATHER ITEM   OBSERVED TIME   NORMAL DEPARTURE LAST
                VALUE   (LST)  VALUE  FROM      YEAR
                                      NORMAL
......................................................
TEMPERATURE (F)
 YESTERDAY
  MAXIMUM         38    105 PM  39     -1       57
  MINIMUM         33    806 PM  24      9       31
  AVERAGE         36            32      4       44

PRECIPITATION (IN)
  YESTERDAY        0.68          0.11   0.57     0.30
  MONTH TO DATE    1.12          0.59   0.53     0.30
  SINCE DEC 1      1.12          0.59   0.53     0.30
  SINCE JAN 1     34.17         38.50  -4.33    42.20

DEGREE DAYS
 HEATING
  YESTERDAY       29            34     -5       21
  MONTH TO DATE  190           196     -6      168
  SINCE DEC 1    190           196     -6      168
  SINCE JUL 1   1683          1809   -126     1699

 COOLING
  YESTERDAY        0             0      0        0
  MONTH TO DATE    0             0      0        0
  SINCE DEC 1      0             0      0        0
  SINCE JAN 1    308           313     -5      503
......................................................


WIND (MPH)
  HIGHEST WIND SPEED    14   HIGHEST WIND DIRECTION     N (340)
  HIGHEST GUST SPEED    18   HIGHEST GUST DIRECTION    NW (320)
  AVERAGE WIND SPEED     4.3


SKY COVER
  AVERAGE SKY COVER 1.0



RELATIVE HUMIDITY (PERCENT)
 HIGHEST    92           900 AM
 LOWEST     82          1200 AM
 AVERAGE    87

..........................................................


THE BENNINGTON VT CLIMATE NORMALS FOR TODAY
                         NORMAL
 MAXIMUM TEMPERATURE (F)   39
 MINIMUM TEMPERATURE (F)   24


SUNRISE AND SUNSET
DECEMBER  7 2014......SUNRISE   710 AM EST   SUNSET   419 PM EST
DECEMBER  8 2014......SUNRISE   711 AM EST   SUNSET   419 PM EST


-  INDICATES NEGATIVE NUMBERS.
R  INDICATES RECORD WAS SET OR TIED.
MM INDICATES DATA IS MISSING.
T  INDICATES TRACE AMOUNT.




$$
