000
CDUS41 KALY 122043
CLIDDH


CLIMATE REPORT
NATIONAL WEATHER SERVICE ALBANY NY
443 PM EDT TUE SEP 12 2017


...................................

...THE BENNINGTON VT CLIMATE SUMMARY FOR SEPTEMBER 12 2017...
VALID TODAY AS OF 0400 PM LOCAL TIME.

CLIMATE NORMAL PERIOD 1981 TO 2010
CLIMATE RECORD PERIOD 9999 TO 9999


WEATHER ITEM   OBSERVED TIME   NORMAL DEPARTURE LAST
                VALUE   (LST)  VALUE  FROM      YEAR
                                      NORMAL
......................................................
TEMPERATURE (F)
 TODAY
  MAXIMUM         78    214 PM  72      6       73
  MINIMUM         43    549 AM  49     -6       43
  AVERAGE         61            60      1       58

PRECIPITATION (IN)
  TODAY            0.00          0.12  -0.12     0.00
  MONTH TO DATE    2.84          1.28   1.56     0.73
  SINCE SEP 1      2.84          1.28   1.56     0.73
  SINCE JAN 1     35.19         28.82   6.37    22.04

DEGREE DAYS
 HEATING
  TODAY            4             5     -1        7
  MONTH TO DATE   93            49     44       18
  SINCE SEP 1     93            49     44       18
  SINCE JUL 1    160           121     39       40

 COOLING
  TODAY            0             1     -1        0
  MONTH TO DATE    6            16    -10       33
  SINCE SEP 1      6            16    -10       33
  SINCE JAN 1    313           304      9      472
......................................................


WIND (MPH)
  HIGHEST WIND SPEED     8   HIGHEST WIND DIRECTION     W (280)
  HIGHEST GUST SPEED    MM   HIGHEST GUST DIRECTION    MM
  AVERAGE WIND SPEED     1.9


SKY COVER
  AVERAGE SKY COVER 0.2



RELATIVE HUMIDITY (PERCENT)
 HIGHEST   100
 LOWEST     33
 AVERAGE    67

..........................................................


THE BENNINGTON VT CLIMATE NORMALS FOR TOMORROW
                         NORMAL
 MAXIMUM TEMPERATURE (F)   72
 MINIMUM TEMPERATURE (F)   49


SUNRISE AND SUNSET
SEPTEMBER 12 2017.....SUNRISE   630 AM EDT   SUNSET   708 PM EDT
SEPTEMBER 13 2017.....SUNRISE   631 AM EDT   SUNSET   706 PM EDT


-  INDICATES NEGATIVE NUMBERS.
R  INDICATES RECORD WAS SET OR TIED.
MM INDICATES DATA IS MISSING.
T  INDICATES TRACE AMOUNT.




$$
