000
CDUS41 KALY 290635
CLIDDH


CLIMATE REPORT
NATIONAL WEATHER SERVICE ALBANY NY
132 AM EST FRI DEC 29 2017


...................................

...THE BENNINGTON VT CLIMATE SUMMARY FOR DECEMBER 28 2017...

CLIMATE NORMAL PERIOD 1981 TO 2010
CLIMATE RECORD PERIOD 9999 TO 9999


WEATHER ITEM   OBSERVED TIME   NORMAL DEPARTURE LAST
                VALUE   (LST)  VALUE  FROM      YEAR
                                      NORMAL
......................................................
TEMPERATURE (F)
 YESTERDAY
  MAXIMUM          5    419 PM  32    -27       34
  MINIMUM         -9    728 AM  14    -23       29
  AVERAGE         -2            23    -25       32

PRECIPITATION (IN)
  YESTERDAY        0.00          0.08  -0.08      T
  MONTH TO DATE    2.12          2.56  -0.44     2.02
  SINCE DEC 1      2.12          2.56  -0.44     2.02
  SINCE JAN 1     41.68         40.47   1.21    32.56

DEGREE DAYS
 HEATING
  YESTERDAY       67            42     25       33
  MONTH TO DATE 1069          1034     35     1013
  SINCE DEC 1   1069          1034     35     1013
  SINCE JUL 1   2369          2647   -278     2383

 COOLING
  YESTERDAY        0             0      0        0
  MONTH TO DATE    0             0      0        0
  SINCE DEC 1      0             0      0        0
  SINCE JAN 1    395           313     82      488
......................................................


WIND (MPH)
  HIGHEST WIND SPEED    15   HIGHEST WIND DIRECTION     W (280)
  HIGHEST GUST SPEED    21   HIGHEST GUST DIRECTION    NW (310)
  AVERAGE WIND SPEED     6.0


SKY COVER
  AVERAGE SKY COVER 0.0



RELATIVE HUMIDITY (PERCENT)
 HIGHEST    72           400 AM
 LOWEST     45          1100 AM
 AVERAGE    59

..........................................................


THE BENNINGTON VT CLIMATE NORMALS FOR TODAY
                         NORMAL
 MAXIMUM TEMPERATURE (F)   32
 MINIMUM TEMPERATURE (F)   14


SUNRISE AND SUNSET
DECEMBER 29 2017......SUNRISE   724 AM EST   SUNSET   427 PM EST
DECEMBER 30 2017......SUNRISE   724 AM EST   SUNSET   428 PM EST


-  INDICATES NEGATIVE NUMBERS.
R  INDICATES RECORD WAS SET OR TIED.
MM INDICATES DATA IS MISSING.
T  INDICATES TRACE AMOUNT.




$$
