000
CDUS41 KALY 160628
CLIDDH


CLIMATE REPORT
NATIONAL WEATHER SERVICE ALBANY NY
126 AM EST MON FEB 16 2015


...................................

...THE BENNINGTON VT CLIMATE SUMMARY FOR FEBRUARY 15 2015...

CLIMATE NORMAL PERIOD 1981 TO 2010
CLIMATE RECORD PERIOD 9999 TO 9999


WEATHER ITEM   OBSERVED TIME   NORMAL DEPARTURE LAST
                VALUE   (LST)  VALUE  FROM      YEAR
                                      NORMAL
......................................................
TEMPERATURE (F)
 YESTERDAY
  MAXIMUM         16    117 AM  35    -19       31
  MINIMUM         -8   1159 PM  15    -23       20
  AVERAGE          4            25    -21       26

PRECIPITATION (IN)
  YESTERDAY        0.01          0.07  -0.06     0.04
  MONTH TO DATE    0.78          1.08  -0.30     1.60
  SINCE DEC 1      7.09          6.62   0.47     7.40
  SINCE JAN 1      3.18          3.83  -0.65     4.52

DEGREE DAYS
 HEATING
  YESTERDAY       61            40     21       39
  MONTH TO DATE  793           621    172      626
  SINCE DEC 1   3280          3139    141     3165
  SINCE JUL 1   4773          4752     21     4696

 COOLING
  YESTERDAY        0             0      0        0
  MONTH TO DATE    0             0      0        0
  SINCE DEC 1      0             0      0        0
  SINCE JAN 1      0             0      0        0
......................................................


WIND (MPH)
  HIGHEST WIND SPEED    24   HIGHEST WIND DIRECTION     N (340)
  HIGHEST GUST SPEED    37   HIGHEST GUST DIRECTION     N (360)
  AVERAGE WIND SPEED    11.0


SKY COVER
  AVERAGE SKY COVER 0.7



RELATIVE HUMIDITY (PERCENT)
 HIGHEST    88           200 AM
 LOWEST     46           400 PM
 AVERAGE    67

..........................................................


THE BENNINGTON VT CLIMATE NORMALS FOR TODAY
                         NORMAL
 MAXIMUM TEMPERATURE (F)   35
 MINIMUM TEMPERATURE (F)   16


SUNRISE AND SUNSET
FEBRUARY 16 2015......SUNRISE   649 AM EST   SUNSET   525 PM EST
FEBRUARY 17 2015......SUNRISE   648 AM EST   SUNSET   527 PM EST


-  INDICATES NEGATIVE NUMBERS.
R  INDICATES RECORD WAS SET OR TIED.
MM INDICATES DATA IS MISSING.
T  INDICATES TRACE AMOUNT.




$$
