000
CDUS41 KALY 150623
CLIDDH


CLIMATE REPORT
NATIONAL WEATHER SERVICE ALBANY NY
122 AM EST THU JAN 15 2015


...................................

...THE BENNINGTON VT CLIMATE SUMMARY FOR JANUARY 14 2015...

CLIMATE NORMAL PERIOD 1981 TO 2010
CLIMATE RECORD PERIOD 9999 TO 9999


WEATHER ITEM   OBSERVED TIME   NORMAL DEPARTURE LAST
                VALUE   (LST)  VALUE  FROM      YEAR
                                      NORMAL
......................................................
TEMPERATURE (F)
 YESTERDAY
  MAXIMUM         24    415 PM  30     -6       50
  MINIMUM        -14    742 AM  11    -25       37
  AVERAGE          5            21    -16       44

PRECIPITATION (IN)
  YESTERDAY        0.00          0.08  -0.08     0.47
  MONTH TO DATE    0.81          1.41  -0.60     2.68
  SINCE DEC 1      4.72          4.20   0.52     5.56
  SINCE JAN 1      0.81          1.41  -0.60     2.68

DEGREE DAYS
 HEATING
  YESTERDAY       60            44     16       21
  MONTH TO DATE  660           612     48      605
  SINCE DEC 1   1684          1771    -87     1737
  SINCE JUL 1   3177          3384   -207     3268

 COOLING
  YESTERDAY        0             0      0        0
  MONTH TO DATE    0             0      0        0
  SINCE DEC 1      0             0      0        0
  SINCE JAN 1      0             0      0        0
......................................................


WIND (MPH)
  HIGHEST WIND SPEED    13   HIGHEST WIND DIRECTION    SE (120)
  HIGHEST GUST SPEED    16   HIGHEST GUST DIRECTION    SE (140)
  AVERAGE WIND SPEED     1.0


SKY COVER
  AVERAGE SKY COVER 0.1



RELATIVE HUMIDITY (PERCENT)
 HIGHEST    95          1000 AM
 LOWEST     55           300 PM
 AVERAGE    75

..........................................................


THE BENNINGTON VT CLIMATE NORMALS FOR TODAY
                         NORMAL
 MAXIMUM TEMPERATURE (F)   30
 MINIMUM TEMPERATURE (F)   11


SUNRISE AND SUNSET
JANUARY 15 2015.......SUNRISE   721 AM EST   SUNSET   444 PM EST
JANUARY 16 2015.......SUNRISE   721 AM EST   SUNSET   445 PM EST


-  INDICATES NEGATIVE NUMBERS.
R  INDICATES RECORD WAS SET OR TIED.
MM INDICATES DATA IS MISSING.
T  INDICATES TRACE AMOUNT.




$$
