000
CDUS41 KALY 090629
CLIDDH


CLIMATE REPORT
NATIONAL WEATHER SERVICE ALBANY NY
228 AM EDT TUE AUG 9 2016


...................................

...THE BENNINGTON VT CLIMATE SUMMARY FOR AUGUST 8 2016...

CLIMATE NORMAL PERIOD 1981 TO 2010
CLIMATE RECORD PERIOD 9999 TO 9999


WEATHER ITEM   OBSERVED TIME   NORMAL DEPARTURE LAST
                VALUE   (LST)  VALUE  FROM      YEAR
                                      NORMAL
......................................................
TEMPERATURE (F)
 YESTERDAY
  MAXIMUM         81    257 PM  79      2       79
  MINIMUM         54    510 AM  56     -2       51
  AVERAGE         68            68      0       65

PRECIPITATION (IN)
  YESTERDAY        0.00          0.14  -0.14     0.00
  MONTH TO DATE    1.48          1.17   0.31     0.39
  SINCE JUN 1      5.61          9.64  -4.03     5.33
  SINCE JAN 1     18.66         24.71  -6.05    12.89

DEGREE DAYS
 HEATING
  YESTERDAY        0             1     -1        0
  MONTH TO DATE    0             8     -8        2
  SINCE JUN 1     79           129    -50      124
  SINCE JUL 1     10            32    -22       29

 COOLING
  YESTERDAY        3             4     -1        0
  MONTH TO DATE   39            32      7       18
  SINCE JUN 1    263           213     50      202
  SINCE JAN 1    305           227     78      266
......................................................


WIND (MPH)
  HIGHEST WIND SPEED    10   HIGHEST WIND DIRECTION     W (270)
  HIGHEST GUST SPEED    13   HIGHEST GUST DIRECTION    NW (300)
  AVERAGE WIND SPEED     2.8


SKY COVER
  AVERAGE SKY COVER 0.1



RELATIVE HUMIDITY (PERCENT)
 HIGHEST    93           100 AM
 LOWEST     36           200 PM
 AVERAGE    65

..........................................................


THE BENNINGTON VT CLIMATE NORMALS FOR TODAY
                         NORMAL
 MAXIMUM TEMPERATURE (F)   79
 MINIMUM TEMPERATURE (F)   56


SUNRISE AND SUNSET
AUGUST  9 2016........SUNRISE   553 AM EDT   SUNSET   803 PM EDT
AUGUST 10 2016........SUNRISE   554 AM EDT   SUNSET   802 PM EDT


-  INDICATES NEGATIVE NUMBERS.
R  INDICATES RECORD WAS SET OR TIED.
MM INDICATES DATA IS MISSING.
T  INDICATES TRACE AMOUNT.




$$
