000
CDUS41 KALY 050652
CLIDDH


CLIMATE REPORT
NATIONAL WEATHER SERVICE ALBANY NY
251 AM EDT FRI MAY 5 2017


...................................

...THE BENNINGTON VT CLIMATE SUMMARY FOR MAY 4 2017...

CLIMATE NORMAL PERIOD 1981 TO 2010
CLIMATE RECORD PERIOD 9999 TO 9999


WEATHER ITEM   OBSERVED TIME   NORMAL DEPARTURE LAST
                VALUE   (LST)  VALUE  FROM      YEAR
                                      NORMAL
......................................................
TEMPERATURE (F)
 YESTERDAY
  MAXIMUM         65    304 PM  64      1       50
  MINIMUM         29    439 AM  40    -11       45
  AVERAGE         47            52     -5       48

PRECIPITATION (IN)
  YESTERDAY        T             0.11  -0.11     0.23
  MONTH TO DATE    1.82          0.40   1.42     0.88
  SINCE MAR 1      7.30          6.82   0.48     5.97
  SINCE JAN 1     10.93         11.81  -0.88    11.01

DEGREE DAYS
 HEATING
  YESTERDAY       18            13      5       17
  MONTH TO DATE   49            55     -6       68
  SINCE MAR 1   1593          1627    -34     1476
  SINCE JUL 1   6128          6878   -750     5809

 COOLING
  YESTERDAY        0             0      0        0
  MONTH TO DATE    0             0      0        0
  SINCE MAR 1      3             3      0        1
  SINCE JAN 1      3             3      0        1
......................................................


WIND (MPH)
  HIGHEST WIND SPEED    17   HIGHEST WIND DIRECTION     S (160)
  HIGHEST GUST SPEED    22   HIGHEST GUST DIRECTION    SE (150)
  AVERAGE WIND SPEED     3.7


SKY COVER
  AVERAGE SKY COVER 0.4



RELATIVE HUMIDITY (PERCENT)
 HIGHEST    92           400 AM
 LOWEST     21          1200 PM
 AVERAGE    57

..........................................................


THE BENNINGTON VT CLIMATE NORMALS FOR TODAY
                         NORMAL
 MAXIMUM TEMPERATURE (F)   64
 MINIMUM TEMPERATURE (F)   40


SUNRISE AND SUNSET
MAY  5 2017...........SUNRISE   541 AM EDT   SUNSET   759 PM EDT
MAY  6 2017...........SUNRISE   540 AM EDT   SUNSET   800 PM EDT


-  INDICATES NEGATIVE NUMBERS.
R  INDICATES RECORD WAS SET OR TIED.
MM INDICATES DATA IS MISSING.
T  INDICATES TRACE AMOUNT.




$$
