000
CDUS41 KALY 140629
CLIDDH


CLIMATE REPORT
NATIONAL WEATHER SERVICE ALBANY NY
128 AM EST FRI NOV 14 2014


...................................

...THE BENNINGTON VT CLIMATE SUMMARY FOR NOVEMBER 13 2014...

CLIMATE NORMAL PERIOD 1981 TO 2010
CLIMATE RECORD PERIOD 9999 TO 9999


WEATHER ITEM   OBSERVED TIME   NORMAL DEPARTURE LAST
                VALUE   (LST)  VALUE  FROM      YEAR
                                      NORMAL
......................................................
TEMPERATURE (F)
 YESTERDAY
  MAXIMUM         41   1215 PM  49     -8       33
  MINIMUM         24    644 AM  30     -6       16
  AVERAGE         33            40     -7       25

PRECIPITATION (IN)
  YESTERDAY        0.05          0.08  -0.03     0.00
  MONTH TO DATE    0.33          1.37  -1.04     1.00
  SINCE SEP 1      5.18          8.63  -3.45     8.57
  SINCE JAN 1     31.14         36.17  -5.03    40.29

DEGREE DAYS
 HEATING
  YESTERDAY       32            25      7       40
  MONTH TO DATE  302           310     -8      331
  SINCE SEP 1    899          1059   -160     1022
  SINCE JUL 1    952          1131   -179     1085

 COOLING
  YESTERDAY        0             0      0        0
  MONTH TO DATE    0             0      0        0
  SINCE SEP 1     55            25     30       44
  SINCE JAN 1    308           313     -5      503
......................................................


WIND (MPH)
  HIGHEST WIND SPEED    10   HIGHEST WIND DIRECTION    SW (230)
  HIGHEST GUST SPEED    15   HIGHEST GUST DIRECTION    SW (230)
  AVERAGE WIND SPEED     2.2


SKY COVER
  AVERAGE SKY COVER 0.5



RELATIVE HUMIDITY (PERCENT)
 HIGHEST    89           900 PM
 LOWEST     51          1200 PM
 AVERAGE    70

..........................................................


THE BENNINGTON VT CLIMATE NORMALS FOR TODAY
                         NORMAL
 MAXIMUM TEMPERATURE (F)   48
 MINIMUM TEMPERATURE (F)   30


SUNRISE AND SUNSET
NOVEMBER 14 2014......SUNRISE   644 AM EST   SUNSET   431 PM EST
NOVEMBER 15 2014......SUNRISE   645 AM EST   SUNSET   430 PM EST


-  INDICATES NEGATIVE NUMBERS.
R  INDICATES RECORD WAS SET OR TIED.
MM INDICATES DATA IS MISSING.
T  INDICATES TRACE AMOUNT.




$$
