070
CDUS41 KALY 092151
CLIDDH


CLIMATE REPORT
NATIONAL WEATHER SERVICE ALBANY NY
450 PM EST THU NOV 9 2017


...................................

...THE BENNINGTON VT CLIMATE SUMMARY FOR NOVEMBER 9 2017...
VALID TODAY AS OF 0400 PM LOCAL TIME.

CLIMATE NORMAL PERIOD 1981 TO 2010
CLIMATE RECORD PERIOD 9999 TO 9999


WEATHER ITEM   OBSERVED TIME   NORMAL DEPARTURE LAST
                VALUE   (LST)  VALUE  FROM      YEAR
                                      NORMAL
......................................................
TEMPERATURE (F)
 TODAY
  MAXIMUM         48    143 PM  50     -2       48
  MINIMUM         19    410 AM  31    -12       34
  AVERAGE         34            41     -7       41

PRECIPITATION (IN)
  TODAY            0.00          0.10  -0.10     0.05
  MONTH TO DATE    0.57          1.01  -0.44     0.58
  SINCE SEP 1      6.33          8.27  -1.94     7.18
  SINCE JAN 1     38.68         35.81   2.87    28.49

DEGREE DAYS
 HEATING
  TODAY           31            24      7       24
  MONTH TO DATE  177           210    -33      196
  SINCE SEP 1    611           959   -348      773
  SINCE JUL 1    678          1031   -353      795

 COOLING
  TODAY            0             0      0        0
  MONTH TO DATE    0             0      0        0
  SINCE SEP 1     88            25     63       49
  SINCE JAN 1    395           313     82      488
......................................................


WIND (MPH)
  HIGHEST WIND SPEED     9   HIGHEST WIND DIRECTION     S (170)
  HIGHEST GUST SPEED    MM   HIGHEST GUST DIRECTION    MM
  AVERAGE WIND SPEED     3.5


SKY COVER
  AVERAGE SKY COVER 0.3



RELATIVE HUMIDITY (PERCENT)
 HIGHEST    92
 LOWEST     49
 AVERAGE    71

..........................................................


THE BENNINGTON VT CLIMATE NORMALS FOR TOMORROW
                         NORMAL
 MAXIMUM TEMPERATURE (F)   50
 MINIMUM TEMPERATURE (F)   31


SUNRISE AND SUNSET
NOVEMBER  9 2017......SUNRISE   638 AM EST   SUNSET   435 PM EST
NOVEMBER 10 2017......SUNRISE   639 AM EST   SUNSET   434 PM EST


-  INDICATES NEGATIVE NUMBERS.
R  INDICATES RECORD WAS SET OR TIED.
MM INDICATES DATA IS MISSING.
T  INDICATES TRACE AMOUNT.




$$
