000
CDUS41 KALY 012049
CLIDDH


CLIMATE REPORT
NATIONAL WEATHER SERVICE ALBANY NY
448 PM EDT FRI SEP 1 2017


...................................

...THE BENNINGTON VT CLIMATE SUMMARY FOR SEPTEMBER 1 2017...
VALID TODAY AS OF 0400 PM LOCAL TIME.

CLIMATE NORMAL PERIOD 1981 TO 2010
CLIMATE RECORD PERIOD 9999 TO 9999


WEATHER ITEM   OBSERVED TIME   NORMAL DEPARTURE LAST
                VALUE   (LST)  VALUE  FROM      YEAR
                                      NORMAL
......................................................
TEMPERATURE (F)
 TODAY
  MAXIMUM         64    252 PM  75    -11       77
  MINIMUM         39    452 AM  52    -13       53
  AVERAGE         52            64    -12       65

PRECIPITATION (IN)
  TODAY            0.00          0.10  -0.10     0.00
  MONTH TO DATE    0.00          0.10  -0.10     0.00
  SINCE SEP 1      0.00          0.10  -0.10     0.00
  SINCE JAN 1     32.35         27.64   4.71    21.31

DEGREE DAYS
 HEATING
  TODAY           13             3     10        0
  MONTH TO DATE   13             3     10        0
  SINCE SEP 1     13             3     10        0
  SINCE JUL 1     80            75      5       22

 COOLING
  TODAY            0             2     -2        0
  MONTH TO DATE    0             2     -2        0
  SINCE SEP 1      0             2     -2        0
  SINCE JAN 1    307           290     17      439
......................................................


WIND (MPH)
  HIGHEST WIND SPEED    16   HIGHEST WIND DIRECTION     W (280)
  HIGHEST GUST SPEED    26   HIGHEST GUST DIRECTION    NW (310)
  AVERAGE WIND SPEED     5.5


SKY COVER
  AVERAGE SKY COVER 0.2



RELATIVE HUMIDITY (PERCENT)
 HIGHEST    86
 LOWEST     39
 AVERAGE    63

..........................................................


THE BENNINGTON VT CLIMATE NORMALS FOR TOMORROW
                         NORMAL
 MAXIMUM TEMPERATURE (F)   75
 MINIMUM TEMPERATURE (F)   52


SUNRISE AND SUNSET
SEPTEMBER  1 2017.....SUNRISE   618 AM EDT   SUNSET   727 PM EDT
SEPTEMBER  2 2017.....SUNRISE   619 AM EDT   SUNSET   725 PM EDT


-  INDICATES NEGATIVE NUMBERS.
R  INDICATES RECORD WAS SET OR TIED.
MM INDICATES DATA IS MISSING.
T  INDICATES TRACE AMOUNT.




$$
