000
CDUS41 KALY 160627
CLIDDH


CLIMATE REPORT
NATIONAL WEATHER SERVICE ALBANY NY
226 AM EDT THU JUL 16 2015


...................................

...THE BENNINGTON VT CLIMATE SUMMARY FOR JULY 15 2015...

CLIMATE NORMAL PERIOD 1981 TO 2010
CLIMATE RECORD PERIOD 9999 TO 9999


WEATHER ITEM   OBSERVED TIME   NORMAL DEPARTURE LAST
                VALUE   (LST)  VALUE  FROM      YEAR
                                      NORMAL
......................................................
TEMPERATURE (F)
 YESTERDAY
  MAXIMUM         73    153 PM  80     -7       81
  MINIMUM         48   1159 PM  57     -9       65
  AVERAGE         61            68     -7       73

PRECIPITATION (IN)
  YESTERDAY        T             0.14  -0.14     0.43
  MONTH TO DATE    0.90          2.08  -1.18     4.48
  SINCE JUN 1      3.85          6.21  -2.36     7.81
  SINCE JAN 1     11.41         21.28  -9.87    20.64

DEGREE DAYS
 HEATING
  YESTERDAY        4             1      3        0
  MONTH TO DATE   18            15      3        2
  SINCE JUN 1    113           112      1       49
  SINCE JUL 1     18            15      3        2

 COOLING
  YESTERDAY        0             4     -4        8
  MONTH TO DATE   47            59    -12       84
  SINCE JUN 1     94           117    -23      146
  SINCE JAN 1    158           131     27      162
......................................................


WIND (MPH)
  HIGHEST WIND SPEED    14   HIGHEST WIND DIRECTION     N (350)
  HIGHEST GUST SPEED    21   HIGHEST GUST DIRECTION    NW (310)
  AVERAGE WIND SPEED     4.3


SKY COVER
  AVERAGE SKY COVER 0.4



RELATIVE HUMIDITY (PERCENT)
 HIGHEST    93           100 AM
 LOWEST     36           600 PM
 AVERAGE    65

..........................................................


THE BENNINGTON VT CLIMATE NORMALS FOR TODAY
                         NORMAL
 MAXIMUM TEMPERATURE (F)   80
 MINIMUM TEMPERATURE (F)   57


SUNRISE AND SUNSET
JULY 16 2015..........SUNRISE   528 AM EDT   SUNSET   829 PM EDT
JULY 17 2015..........SUNRISE   529 AM EDT   SUNSET   828 PM EDT


-  INDICATES NEGATIVE NUMBERS.
R  INDICATES RECORD WAS SET OR TIED.
MM INDICATES DATA IS MISSING.
T  INDICATES TRACE AMOUNT.




$$
