000
CDUS41 KALY 220622
CLIDDH


CLIMATE REPORT
NATIONAL WEATHER SERVICE ALBANY NY
221 AM EDT FRI APR 22 2016


...................................

...THE BENNINGTON VT CLIMATE SUMMARY FOR APRIL 21 2016...

CLIMATE NORMAL PERIOD 1981 TO 2010
CLIMATE RECORD PERIOD 9999 TO 9999


WEATHER ITEM   OBSERVED TIME   NORMAL DEPARTURE LAST
                VALUE   (LST)  VALUE  FROM      YEAR
                                      NORMAL
......................................................
TEMPERATURE (F)
 YESTERDAY
  MAXIMUM         77    300 PM  59     18       57
  MINIMUM         29    531 AM  36     -7       38
  AVERAGE         53            48      5       48

PRECIPITATION (IN)
  YESTERDAY        0.00          0.09  -0.09     0.52
  MONTH TO DATE    2.20          2.35  -0.15     1.49
  SINCE MAR 1      4.66          5.50  -0.84     2.63
  SINCE JAN 1      9.70         10.49  -0.79     6.04

DEGREE DAYS
 HEATING
  YESTERDAY       12            17     -5       17
  MONTH TO DATE  494           446     48      431
  SINCE MAR 1   1258          1430   -172     1602
  SINCE JUL 1   5591          6681  -1090     7104

 COOLING
  YESTERDAY        0             0      0        0
  MONTH TO DATE    0             0      0        0
  SINCE MAR 1      0             0      0        0
  SINCE JAN 1      0             0      0        0
......................................................


WIND (MPH)
  HIGHEST WIND SPEED    13   HIGHEST WIND DIRECTION    NW (320)
  HIGHEST GUST SPEED    16   HIGHEST GUST DIRECTION    NW (320)
  AVERAGE WIND SPEED     2.2


SKY COVER
  AVERAGE SKY COVER 0.1



RELATIVE HUMIDITY (PERCENT)
 HIGHEST    72           600 AM
 LOWEST     12           200 PM
 AVERAGE    42

..........................................................


THE BENNINGTON VT CLIMATE NORMALS FOR TODAY
                         NORMAL
 MAXIMUM TEMPERATURE (F)   60
 MINIMUM TEMPERATURE (F)   37


SUNRISE AND SUNSET
APRIL 22 2016.........SUNRISE   600 AM EDT   SUNSET   744 PM EDT
APRIL 23 2016.........SUNRISE   558 AM EDT   SUNSET   745 PM EDT


-  INDICATES NEGATIVE NUMBERS.
R  INDICATES RECORD WAS SET OR TIED.
MM INDICATES DATA IS MISSING.
T  INDICATES TRACE AMOUNT.




$$
