000
CDUS41 KALY 132145
CLIDDH


CLIMATE REPORT
NATIONAL WEATHER SERVICE ALBANY NY
445 PM EST TUE JAN 13 2015


...................................

...THE BENNINGTON VT CLIMATE SUMMARY FOR JANUARY 13 2015...
VALID TODAY AS OF 0400 PM LOCAL TIME.

CLIMATE NORMAL PERIOD 1981 TO 2010
CLIMATE RECORD PERIOD 9999 TO 9999


WEATHER ITEM   OBSERVED TIME   NORMAL DEPARTURE LAST
                VALUE   (LST)  VALUE  FROM      YEAR
                                      NORMAL
......................................................
TEMPERATURE (F)
 TODAY
  MAXIMUM         27   1204 AM  30     -3       52
  MINIMUM          3    745 AM  11     -8       24
  AVERAGE         15            21     -6       38

PRECIPITATION (IN)
  TODAY            0.00          0.09  -0.09     0.00
  MONTH TO DATE    0.81          1.33  -0.52     2.21
  SINCE DEC 1      4.72          4.12   0.60     5.09
  SINCE JAN 1      0.81          1.33  -0.52     2.21

DEGREE DAYS
 HEATING
  TODAY           50            44      6       27
  MONTH TO DATE  594           568     26      584
  SINCE DEC 1   1618          1727   -109     1716
  SINCE JUL 1   3111          3340   -229     3247

 COOLING
  TODAY            0             0      0        0
  MONTH TO DATE    0             0      0        0
  SINCE DEC 1      0             0      0        0
  SINCE JAN 1      0             0      0        0
......................................................


WIND (MPH)
  HIGHEST WIND SPEED    12   HIGHEST WIND DIRECTION     N (350)
  HIGHEST GUST SPEED    20   HIGHEST GUST DIRECTION     N (350)
  AVERAGE WIND SPEED     7.5


SKY COVER
  AVERAGE SKY COVER 0.3



RELATIVE HUMIDITY (PERCENT)
 HIGHEST    81
 LOWEST     55
 AVERAGE    68

..........................................................


THE BENNINGTON VT CLIMATE NORMALS FOR TOMORROW
                         NORMAL
 MAXIMUM TEMPERATURE (F)   30
 MINIMUM TEMPERATURE (F)   11


SUNRISE AND SUNSET
JANUARY 13 2015.......SUNRISE   722 AM EST   SUNSET   441 PM EST
JANUARY 14 2015.......SUNRISE   722 AM EST   SUNSET   443 PM EST


-  INDICATES NEGATIVE NUMBERS.
R  INDICATES RECORD WAS SET OR TIED.
MM INDICATES DATA IS MISSING.
T  INDICATES TRACE AMOUNT.




$$
