000
CDUS41 KALY 180644
CLIDDH


CLIMATE REPORT
NATIONAL WEATHER SERVICE ALBANY NY
140 AM EST TUE NOV 18 2014


...................................

...THE BENNINGTON VT CLIMATE SUMMARY FOR NOVEMBER 17 2014...

CLIMATE NORMAL PERIOD 1981 TO 2010
CLIMATE RECORD PERIOD 9999 TO 9999


WEATHER ITEM   OBSERVED TIME   NORMAL DEPARTURE LAST
                VALUE   (LST)  VALUE  FROM      YEAR
                                      NORMAL
......................................................
TEMPERATURE (F)
 YESTERDAY
  MAXIMUM         44    823 PM  47     -3       62
  MINIMUM         31   1231 AM  30      1       38
  AVERAGE         38            38      0       50

PRECIPITATION (IN)
  YESTERDAY        0.91          0.10   0.81     0.02
  MONTH TO DATE    1.30          1.75  -0.45     1.02
  SINCE SEP 1      6.15          9.01  -2.86     8.59
  SINCE JAN 1     32.11         36.55  -4.44    40.31

DEGREE DAYS
 HEATING
  YESTERDAY       27            27      0       15
  MONTH TO DATE  436           415     21      421
  SINCE SEP 1   1033          1164   -131     1112
  SINCE JUL 1   1086          1236   -150     1175

 COOLING
  YESTERDAY        0             0      0        0
  MONTH TO DATE    0             0      0        0
  SINCE SEP 1     55            25     30       44
  SINCE JAN 1    308           313     -5      503
......................................................


WIND (MPH)
  HIGHEST WIND SPEED    15   HIGHEST WIND DIRECTION     W (260)
  HIGHEST GUST SPEED    21   HIGHEST GUST DIRECTION     W (270)
  AVERAGE WIND SPEED     5.5


SKY COVER
  AVERAGE SKY COVER 1.0



RELATIVE HUMIDITY (PERCENT)
 HIGHEST   100           900 AM
 LOWEST     54           200 AM
 AVERAGE    77

..........................................................


THE BENNINGTON VT CLIMATE NORMALS FOR TODAY
                         NORMAL
 MAXIMUM TEMPERATURE (F)   47
 MINIMUM TEMPERATURE (F)   30


SUNRISE AND SUNSET
NOVEMBER 18 2014......SUNRISE   649 AM EST   SUNSET   427 PM EST
NOVEMBER 19 2014......SUNRISE   650 AM EST   SUNSET   426 PM EST


-  INDICATES NEGATIVE NUMBERS.
R  INDICATES RECORD WAS SET OR TIED.
MM INDICATES DATA IS MISSING.
T  INDICATES TRACE AMOUNT.




$$
