000
CDUS41 KALY 010625
CLIDDH


CLIMATE REPORT
NATIONAL WEATHER SERVICE ALBANY NY
121 AM EST THU FEB 1 2018


...................................

...THE BENNINGTON VT CLIMATE SUMMARY FOR JANUARY 31 2018...

CLIMATE NORMAL PERIOD 1981 TO 2010
CLIMATE RECORD PERIOD 9999 TO 9999


WEATHER ITEM   OBSERVED TIME   NORMAL DEPARTURE LAST
                VALUE   (LST)  VALUE  FROM      YEAR
                                      NORMAL
......................................................
TEMPERATURE (F)
 YESTERDAY
  MAXIMUM         30   1103 PM  32     -2       25
  MINIMUM         10    749 AM  13     -3       10
  AVERAGE         20            22     -2       18

PRECIPITATION (IN)
  YESTERDAY        T             0.08  -0.08      T
  MONTH TO DATE    3.05          2.75   0.30     1.71
  SINCE DEC 1      5.19          5.54  -0.35     3.80
  SINCE JAN 1      3.05          2.75   0.30     1.71

DEGREE DAYS
 HEATING
  YESTERDAY       45            43      2       47
  MONTH TO DATE 1345          1356    -11     1101
  SINCE DEC 1   2605          2518     87     2224
  SINCE JUL 1   3905          4131   -226     3594

 COOLING
  YESTERDAY        0             0      0        0
  MONTH TO DATE    0             0      0        0
  SINCE DEC 1      0             0      0        0
  SINCE JAN 1      0             0      0        0
......................................................


WIND (MPH)
  HIGHEST WIND SPEED    16   HIGHEST WIND DIRECTION     S (190)
  HIGHEST GUST SPEED    22   HIGHEST GUST DIRECTION     S (180)
  AVERAGE WIND SPEED     5.4


SKY COVER
  AVERAGE SKY COVER 0.5



RELATIVE HUMIDITY (PERCENT)
 HIGHEST    73           500 AM
 LOWEST     28           900 PM
 AVERAGE    51

..........................................................


THE BENNINGTON VT CLIMATE NORMALS FOR TODAY
                         NORMAL
 MAXIMUM TEMPERATURE (F)   32
 MINIMUM TEMPERATURE (F)   13


SUNRISE AND SUNSET
FEBRUARY  1 2018......SUNRISE   708 AM EST   SUNSET   506 PM EST
FEBRUARY  2 2018......SUNRISE   707 AM EST   SUNSET   507 PM EST


-  INDICATES NEGATIVE NUMBERS.
R  INDICATES RECORD WAS SET OR TIED.
MM INDICATES DATA IS MISSING.
T  INDICATES TRACE AMOUNT.




$$
