000
CDUS41 KALY 170622
CLIDDH


CLIMATE REPORT
NATIONAL WEATHER SERVICE ALBANY NY
222 AM EDT SUN AUG 17 2014


...................................

...THE BENNINGTON VT CLIMATE SUMMARY FOR AUGUST 16 2014...

CLIMATE NORMAL PERIOD 1981 TO 2010
CLIMATE RECORD PERIOD 9999 TO 9999


WEATHER ITEM   OBSERVED TIME   NORMAL DEPARTURE LAST
                VALUE   (LST)  VALUE  FROM      YEAR
                                      NORMAL
......................................................
TEMPERATURE (F)
 YESTERDAY
  MAXIMUM         71    238 PM  78     -7       75
  MINIMUM         46    508 AM  56    -10       46
  AVERAGE         59            67     -8       61

PRECIPITATION (IN)
  YESTERDAY        0.02          0.13  -0.11     0.00
  MONTH TO DATE    0.96          2.22  -1.26     2.64
  SINCE JUN 1     12.24         10.69   1.55    15.53
  SINCE JAN 1     25.07         25.76  -0.69    30.00

DEGREE DAYS
 HEATING
  YESTERDAY        6             1      5        4
  MONTH TO DATE   25            16      9       35
  SINCE JUN 1     83           137    -54      145
  SINCE JUL 1     36            40     -4       45

 COOLING
  YESTERDAY        0             3     -3        0
  MONTH TO DATE   28            60    -32       33
  SINCE JUN 1    214           241    -27      379
  SINCE JAN 1    230           255    -25      411
......................................................


WIND (MPH)
  HIGHEST WIND SPEED    12   HIGHEST WIND DIRECTION     W (250)
  HIGHEST GUST SPEED    15   HIGHEST GUST DIRECTION     S (190)
  AVERAGE WIND SPEED     2.6


SKY COVER
  AVERAGE SKY COVER 0.3



RELATIVE HUMIDITY (PERCENT)
 HIGHEST    96           100 AM
 LOWEST     53           100 PM
 AVERAGE    75

..........................................................


THE BENNINGTON VT CLIMATE NORMALS FOR TODAY
                         NORMAL
 MAXIMUM TEMPERATURE (F)   78
 MINIMUM TEMPERATURE (F)   55


SUNRISE AND SUNSET
AUGUST 17 2014........SUNRISE   601 AM EDT   SUNSET   752 PM EDT
AUGUST 18 2014........SUNRISE   602 AM EDT   SUNSET   751 PM EDT


-  INDICATES NEGATIVE NUMBERS.
R  INDICATES RECORD WAS SET OR TIED.
MM INDICATES DATA IS MISSING.
T  INDICATES TRACE AMOUNT.




$$
