000
CDUS41 KALY 192045
CLIDDH


CLIMATE REPORT
NATIONAL WEATHER SERVICE ALBANY NY
444 PM EDT FRI AUG 19 2016


...................................

...THE BENNINGTON VT CLIMATE SUMMARY FOR AUGUST 19 2016...
VALID TODAY AS OF 0400 PM LOCAL TIME.

CLIMATE NORMAL PERIOD 1981 TO 2010
CLIMATE RECORD PERIOD 9999 TO 9999


WEATHER ITEM   OBSERVED TIME   NORMAL DEPARTURE LAST
                VALUE   (LST)  VALUE  FROM      YEAR
                                      NORMAL
......................................................
TEMPERATURE (F)
 TODAY
  MAXIMUM         81    308 PM  78      3       87
  MINIMUM         62    242 AM  55      7       62
  AVERAGE         72            66      6       75

PRECIPITATION (IN)
  TODAY            0.00          0.12  -0.12     0.00
  MONTH TO DATE    2.98          2.59   0.39     1.18
  SINCE JUN 1      7.11         11.06  -3.95     6.12
  SINCE JAN 1     20.16         26.13  -5.97    13.68

DEGREE DAYS
 HEATING
  TODAY            0             1     -1        0
  MONTH TO DATE    0            19    -19        4
  SINCE JUN 1     79           140    -61      126
  SINCE JUL 1     10            43    -33       31

 COOLING
  TODAY            7             3      4       10
  MONTH TO DATE  136            69     67       81
  SINCE JUN 1    360           250    110      265
  SINCE JAN 1    402           264    138      329
......................................................


WIND (MPH)
  HIGHEST WIND SPEED     8   HIGHEST WIND DIRECTION     N (360)
  HIGHEST GUST SPEED    MM   HIGHEST GUST DIRECTION    MM
  AVERAGE WIND SPEED     2.0


SKY COVER
  AVERAGE SKY COVER 0.6



RELATIVE HUMIDITY (PERCENT)
 HIGHEST   100
 LOWEST     42
 AVERAGE    71

..........................................................


THE BENNINGTON VT CLIMATE NORMALS FOR TOMORROW
                         NORMAL
 MAXIMUM TEMPERATURE (F)   77
 MINIMUM TEMPERATURE (F)   55


SUNRISE AND SUNSET
AUGUST 19 2016........SUNRISE   604 AM EDT   SUNSET   748 PM EDT
AUGUST 20 2016........SUNRISE   605 AM EDT   SUNSET   747 PM EDT


-  INDICATES NEGATIVE NUMBERS.
R  INDICATES RECORD WAS SET OR TIED.
MM INDICATES DATA IS MISSING.
T  INDICATES TRACE AMOUNT.




$$
