000
CDUS41 KALY 250626
CLIDDH


CLIMATE REPORT
NATIONAL WEATHER SERVICE ALBANY NY
226 AM EDT MON SEP 25 2017


...................................

...THE BENNINGTON VT CLIMATE SUMMARY FOR SEPTEMBER 24 2017...

CLIMATE NORMAL PERIOD 1981 TO 2010
CLIMATE RECORD PERIOD 9999 TO 9999


WEATHER ITEM   OBSERVED TIME   NORMAL DEPARTURE LAST
                VALUE   (LST)  VALUE  FROM      YEAR
                                      NORMAL
......................................................
TEMPERATURE (F)
 YESTERDAY
  MAXIMUM         86    347 PM  67     19       64
  MINIMUM         54    608 AM  44     10       38
  AVERAGE         70            56     14       51

PRECIPITATION (IN)
  YESTERDAY        0.00          0.14  -0.14     0.00
  MONTH TO DATE    3.37          2.76   0.61     2.47
  SINCE SEP 1      3.37          2.76   0.61     2.47
  SINCE JAN 1     35.72         30.30   5.42    23.78

DEGREE DAYS
 HEATING
  YESTERDAY        0            10    -10       14
  MONTH TO DATE   97           140    -43       64
  SINCE SEP 1     97           140    -43       64
  SINCE JUL 1    164           212    -48       86

 COOLING
  YESTERDAY        5             0      5        0
  MONTH TO DATE   48            22     26       45
  SINCE SEP 1     48            22     26       45
  SINCE JAN 1    355           310     45      484
......................................................


WIND (MPH)
  HIGHEST WIND SPEED     7   HIGHEST WIND DIRECTION     W (270)
  HIGHEST GUST SPEED    11   HIGHEST GUST DIRECTION     W (270)
  AVERAGE WIND SPEED     1.2


SKY COVER
  AVERAGE SKY COVER 0.0



RELATIVE HUMIDITY (PERCENT)
 HIGHEST    93           100 AM
 LOWEST     51           100 PM
 AVERAGE    72

..........................................................


THE BENNINGTON VT CLIMATE NORMALS FOR TODAY
                         NORMAL
 MAXIMUM TEMPERATURE (F)   67
 MINIMUM TEMPERATURE (F)   44


SUNRISE AND SUNSET
SEPTEMBER 25 2017.....SUNRISE   644 AM EDT   SUNSET   645 PM EDT
SEPTEMBER 26 2017.....SUNRISE   645 AM EDT   SUNSET   643 PM EDT


-  INDICATES NEGATIVE NUMBERS.
R  INDICATES RECORD WAS SET OR TIED.
MM INDICATES DATA IS MISSING.
T  INDICATES TRACE AMOUNT.




$$
