000
CDUS41 KALY 150624
CLIDDH


CLIMATE REPORT
NATIONAL WEATHER SERVICE ALBANY NY
124 AM EST SUN FEB 15 2015


...................................

...THE BENNINGTON VT CLIMATE SUMMARY FOR FEBRUARY 14 2015...

CLIMATE NORMAL PERIOD 1981 TO 2010
CLIMATE RECORD PERIOD 9999 TO 9999


WEATHER ITEM   OBSERVED TIME   NORMAL DEPARTURE LAST
                VALUE   (LST)  VALUE  FROM      YEAR
                                      NORMAL
......................................................
TEMPERATURE (F)
 YESTERDAY
  MAXIMUM         20    737 PM  34    -14       33
  MINIMUM         -9    158 AM  15    -24       21
  AVERAGE          6            25    -19       27

PRECIPITATION (IN)
  YESTERDAY        0.03          0.08  -0.05     0.71
  MONTH TO DATE    0.77          1.01  -0.24     1.56
  SINCE DEC 1      7.08          6.55   0.53     7.36
  SINCE JAN 1      3.17          3.76  -0.59     4.48

DEGREE DAYS
 HEATING
  YESTERDAY       59            40     19       38
  MONTH TO DATE  732           581    151      587
  SINCE DEC 1   3219          3099    120     3126
  SINCE JUL 1   4712          4712      0     4657

 COOLING
  YESTERDAY        0             0      0        0
  MONTH TO DATE    0             0      0        0
  SINCE DEC 1      0             0      0        0
  SINCE JAN 1      0             0      0        0
......................................................


WIND (MPH)
  HIGHEST WIND SPEED    20   HIGHEST WIND DIRECTION     S (180)
  HIGHEST GUST SPEED    28   HIGHEST GUST DIRECTION     S (170)
  AVERAGE WIND SPEED     4.8


SKY COVER
  AVERAGE SKY COVER 0.9



RELATIVE HUMIDITY (PERCENT)
 HIGHEST    84           700 PM
 LOWEST     59          1100 AM
 AVERAGE    72

..........................................................


THE BENNINGTON VT CLIMATE NORMALS FOR TODAY
                         NORMAL
 MAXIMUM TEMPERATURE (F)   35
 MINIMUM TEMPERATURE (F)   15


SUNRISE AND SUNSET
FEBRUARY 15 2015......SUNRISE   651 AM EST   SUNSET   524 PM EST
FEBRUARY 16 2015......SUNRISE   649 AM EST   SUNSET   525 PM EST


-  INDICATES NEGATIVE NUMBERS.
R  INDICATES RECORD WAS SET OR TIED.
MM INDICATES DATA IS MISSING.
T  INDICATES TRACE AMOUNT.




$$
