348
CDUS41 KALY 150622
CLIDDH


CLIMATE REPORT
NATIONAL WEATHER SERVICE ALBANY NY
221 AM EDT THU SEP 15 2016


...................................

...THE BENNINGTON VT CLIMATE SUMMARY FOR SEPTEMBER 14 2016...

CLIMATE NORMAL PERIOD 1981 TO 2010
CLIMATE RECORD PERIOD 9999 TO 9999


WEATHER ITEM   OBSERVED TIME   NORMAL DEPARTURE LAST
                VALUE   (LST)  VALUE  FROM      YEAR
                                      NORMAL
......................................................
TEMPERATURE (F)
 YESTERDAY
  MAXIMUM         75    323 PM  71      4       66
  MINIMUM         47   1159 PM  48     -1       49
  AVERAGE         61            60      1       58

PRECIPITATION (IN)
  YESTERDAY        0.00          0.12  -0.12      T
  MONTH TO DATE    0.73          1.51  -0.78     3.34
  SINCE SEP 1      0.73          1.51  -0.78     3.34
  SINCE JAN 1     22.04         29.05  -7.01    17.57

DEGREE DAYS
 HEATING
  YESTERDAY        4             6     -2        7
  MONTH TO DATE   25            61    -36        8
  SINCE SEP 1     25            61    -36        8
  SINCE JUL 1     47           133    -86       47

 COOLING
  YESTERDAY        0             1     -1        0
  MONTH TO DATE   33            18     15       66
  SINCE SEP 1     33            18     15       66
  SINCE JAN 1    472           306    166      434
......................................................


WIND (MPH)
  HIGHEST WIND SPEED    17   HIGHEST WIND DIRECTION     W (280)
  HIGHEST GUST SPEED    25   HIGHEST GUST DIRECTION     W (280)
  AVERAGE WIND SPEED     3.7


SKY COVER
  AVERAGE SKY COVER 0.5



RELATIVE HUMIDITY (PERCENT)
 HIGHEST    93           200 AM
 LOWEST     58           600 PM
 AVERAGE    76

..........................................................


THE BENNINGTON VT CLIMATE NORMALS FOR TODAY
                         NORMAL
 MAXIMUM TEMPERATURE (F)   71
 MINIMUM TEMPERATURE (F)   48


SUNRISE AND SUNSET
SEPTEMBER 15 2016.....SUNRISE   633 AM EDT   SUNSET   702 PM EDT
SEPTEMBER 16 2016.....SUNRISE   634 AM EDT   SUNSET   700 PM EDT


-  INDICATES NEGATIVE NUMBERS.
R  INDICATES RECORD WAS SET OR TIED.
MM INDICATES DATA IS MISSING.
T  INDICATES TRACE AMOUNT.




$$
