000
CDUS41 KALY 190625
CLIDDH


CLIMATE REPORT
NATIONAL WEATHER SERVICE ALBANY NY
225 AM EDT TUE AUG 19 2014


...................................

...THE BENNINGTON VT CLIMATE SUMMARY FOR AUGUST 18 2014...

CLIMATE NORMAL PERIOD 1981 TO 2010
CLIMATE RECORD PERIOD 9999 TO 9999


WEATHER ITEM   OBSERVED TIME   NORMAL DEPARTURE LAST
                VALUE   (LST)  VALUE  FROM      YEAR
                                      NORMAL
......................................................
TEMPERATURE (F)
 YESTERDAY
  MAXIMUM         73    345 PM  78     -5       74
  MINIMUM         49   1159 PM  55     -6       52
  AVERAGE         61            66     -5       63

PRECIPITATION (IN)
  YESTERDAY        T             0.13  -0.13     0.00
  MONTH TO DATE    0.96          2.47  -1.51     2.64
  SINCE JUN 1     12.24         10.94   1.30    15.53
  SINCE JAN 1     25.07         26.01  -0.94    30.00

DEGREE DAYS
 HEATING
  YESTERDAY        4             1      3        2
  MONTH TO DATE   32            18     14       39
  SINCE JUN 1     90           139    -49      149
  SINCE JUL 1     43            42      1       49

 COOLING
  YESTERDAY        0             3     -3        0
  MONTH TO DATE   28            66    -38       33
  SINCE JUN 1    214           247    -33      379
  SINCE JAN 1    230           261    -31      411
......................................................


WIND (MPH)
  HIGHEST WIND SPEED    10   HIGHEST WIND DIRECTION    NW (320)
  HIGHEST GUST SPEED    16   HIGHEST GUST DIRECTION     N (340)
  AVERAGE WIND SPEED     3.1


SKY COVER
  AVERAGE SKY COVER 0.4



RELATIVE HUMIDITY (PERCENT)
 HIGHEST   100           200 AM
 LOWEST     41           300 PM
 AVERAGE    71

..........................................................


THE BENNINGTON VT CLIMATE NORMALS FOR TODAY
                         NORMAL
 MAXIMUM TEMPERATURE (F)   78
 MINIMUM TEMPERATURE (F)   55


SUNRISE AND SUNSET
AUGUST 19 2014........SUNRISE   603 AM EDT   SUNSET   749 PM EDT
AUGUST 20 2014........SUNRISE   604 AM EDT   SUNSET   747 PM EDT


-  INDICATES NEGATIVE NUMBERS.
R  INDICATES RECORD WAS SET OR TIED.
MM INDICATES DATA IS MISSING.
T  INDICATES TRACE AMOUNT.




$$
