000
CDUS41 KALY 160628
CLIDDH


CLIMATE REPORT
NATIONAL WEATHER SERVICE ALBANY NY
227 AM EDT SAT MAY 16 2015


...................................

...THE BENNINGTON VT CLIMATE SUMMARY FOR MAY 15 2015...

CLIMATE NORMAL PERIOD 1981 TO 2010
CLIMATE RECORD PERIOD 9999 TO 9999


WEATHER ITEM   OBSERVED TIME   NORMAL DEPARTURE LAST
                VALUE   (LST)  VALUE  FROM      YEAR
                                      NORMAL
......................................................
TEMPERATURE (F)
 YESTERDAY
  MAXIMUM         72    358 PM  67      5       74
  MINIMUM         35    457 AM  43     -8       64
  AVERAGE         54            55     -1       69

PRECIPITATION (IN)
  YESTERDAY        0.00          0.12  -0.12      T
  MONTH TO DATE    0.06          1.56  -1.50     0.49
  SINCE MAR 1      3.24          7.98  -4.74     5.10
  SINCE JAN 1      6.65         12.97  -6.32    10.96

DEGREE DAYS
 HEATING
  YESTERDAY       11            10      1        0
  MONTH TO DATE   88           184    -96      125
  SINCE MAR 1   1868          1756    112     1870
  SINCE JUL 1   7370          7007    363     7118

 COOLING
  YESTERDAY        0             0      0        4
  MONTH TO DATE   26             0     26        9
  SINCE MAR 1     26             3     23       13
  SINCE JAN 1     26             3     23       13
......................................................


WIND (MPH)
  HIGHEST WIND SPEED     9   HIGHEST WIND DIRECTION     S (170)
  HIGHEST GUST SPEED    13   HIGHEST GUST DIRECTION    SW (210)
  AVERAGE WIND SPEED     1.9


SKY COVER
  AVERAGE SKY COVER 0.1



RELATIVE HUMIDITY (PERCENT)
 HIGHEST    92           300 AM
 LOWEST     26           200 PM
 AVERAGE    59

..........................................................


THE BENNINGTON VT CLIMATE NORMALS FOR TODAY
                         NORMAL
 MAXIMUM TEMPERATURE (F)   67
 MINIMUM TEMPERATURE (F)   43


SUNRISE AND SUNSET
MAY 16 2015...........SUNRISE   529 AM EDT   SUNSET   810 PM EDT
MAY 17 2015...........SUNRISE   528 AM EDT   SUNSET   811 PM EDT


-  INDICATES NEGATIVE NUMBERS.
R  INDICATES RECORD WAS SET OR TIED.
MM INDICATES DATA IS MISSING.
T  INDICATES TRACE AMOUNT.




$$
