000
CDUS41 KALY 142143
CLIDDH


CLIMATE REPORT
NATIONAL WEATHER SERVICE ALBANY NY
443 PM EST MON NOV 14 2016


...................................

...THE BENNINGTON VT CLIMATE SUMMARY FOR NOVEMBER 14 2016...
VALID TODAY AS OF 0400 PM LOCAL TIME.

CLIMATE NORMAL PERIOD 1981 TO 2010
CLIMATE RECORD PERIOD 9999 TO 9999


WEATHER ITEM   OBSERVED TIME   NORMAL DEPARTURE LAST
                VALUE   (LST)  VALUE  FROM      YEAR
                                      NORMAL
......................................................
TEMPERATURE (F)
 TODAY
  MAXIMUM         58    214 PM  48     10       41
  MINIMUM         23    715 AM  30     -7       34
  AVERAGE         41            39      2       38

PRECIPITATION (IN)
  TODAY            T             0.09  -0.09      T
  MONTH TO DATE    0.58          1.46  -0.88     0.72
  SINCE SEP 1      7.18          8.72  -1.54    10.44
  SINCE JAN 1     28.49         36.26  -7.77    24.67

DEGREE DAYS
 HEATING
  TODAY           24            26     -2       27
  MONTH TO DATE  324           336    -12      227
  SINCE SEP 1    901          1085   -184      878
  SINCE JUL 1    923          1157   -234      917

 COOLING
  TODAY            0             0      0        0
  MONTH TO DATE    0             0      0        0
  SINCE SEP 1     49            25     24       76
  SINCE JAN 1    488           313    175      444
......................................................


WIND (MPH)
  HIGHEST WIND SPEED     7   HIGHEST WIND DIRECTION    SW (230)
  HIGHEST GUST SPEED    MM   HIGHEST GUST DIRECTION    MM
  AVERAGE WIND SPEED     1.4


SKY COVER
  AVERAGE SKY COVER 0.0



RELATIVE HUMIDITY (PERCENT)
 HIGHEST    92
 LOWEST     30
 AVERAGE    61

..........................................................


THE BENNINGTON VT CLIMATE NORMALS FOR TOMORROW
                         NORMAL
 MAXIMUM TEMPERATURE (F)   48
 MINIMUM TEMPERATURE (F)   30


SUNRISE AND SUNSET
NOVEMBER 14 2016......SUNRISE   644 AM EST   SUNSET   430 PM EST
NOVEMBER 15 2016......SUNRISE   646 AM EST   SUNSET   429 PM EST


-  INDICATES NEGATIVE NUMBERS.
R  INDICATES RECORD WAS SET OR TIED.
MM INDICATES DATA IS MISSING.
T  INDICATES TRACE AMOUNT.




$$
