000
CDUS41 KALY 290625
CLIDDH


CLIMATE REPORT
NATIONAL WEATHER SERVICE ALBANY NY
225 AM EDT SAT MAR 29 2014


...................................

...THE BENNINGTON VT CLIMATE SUMMARY FOR MARCH 28 2014...

CLIMATE NORMAL PERIOD 1981 TO 2010
CLIMATE RECORD PERIOD 9999 TO 9999


WEATHER ITEM   OBSERVED TIME   NORMAL DEPARTURE LAST
                VALUE   (LST)  VALUE  FROM      YEAR
                                      NORMAL
......................................................
TEMPERATURE (F)
 YESTERDAY
  MAXIMUM         49    914 PM  49      0       47
  MINIMUM         32    244 AM  27      5       34
  AVERAGE         41            38      3       41

PRECIPITATION (IN)
  YESTERDAY        0.88          0.10   0.78     0.01
  MONTH TO DATE    2.15          2.84  -0.69     1.06
  SINCE MAR 1      2.15          2.84  -0.69     1.06
  SINCE JAN 1      8.01          7.83   0.18     3.72

DEGREE DAYS
 HEATING
  YESTERDAY       24            27     -3       24
  MONTH TO DATE 1138           905    233      940
  SINCE MAR 1   1138           905    233      940
  SINCE JUL 1   6386          6156    230     5724

 COOLING
  YESTERDAY        0             0      0        0
  MONTH TO DATE    0             0      0        0
  SINCE MAR 1      0             0      0        0
  SINCE JAN 1      0             0      0        0
......................................................


WIND (MPH)
  HIGHEST WIND SPEED    16   HIGHEST WIND DIRECTION     S (180)
  HIGHEST GUST SPEED    20   HIGHEST GUST DIRECTION     S (190)
  AVERAGE WIND SPEED     4.6


SKY COVER
  AVERAGE SKY COVER 1.0



RELATIVE HUMIDITY (PERCENT)
 HIGHEST    92           900 AM
 LOWEST     35          1200 AM
 AVERAGE    64

..........................................................


THE BENNINGTON VT CLIMATE NORMALS FOR TODAY
                         NORMAL
 MAXIMUM TEMPERATURE (F)   49
 MINIMUM TEMPERATURE (F)   27


SUNRISE AND SUNSET
MARCH 29 2014.........SUNRISE   641 AM EDT   SUNSET   716 PM EDT
MARCH 30 2014.........SUNRISE   639 AM EDT   SUNSET   717 PM EDT


-  INDICATES NEGATIVE NUMBERS.
R  INDICATES RECORD WAS SET OR TIED.
MM INDICATES DATA IS MISSING.
T  INDICATES TRACE AMOUNT.




$$
