000
CDUS41 KALY 032152
CLIDDH


CLIMATE REPORT
NATIONAL WEATHER SERVICE ALBANY NY
451 PM EST WED DEC 3 2014


...................................

...THE BENNINGTON VT CLIMATE SUMMARY FOR DECEMBER 3 2014...
VALID TODAY AS OF 0400 PM LOCAL TIME.

CLIMATE NORMAL PERIOD 1981 TO 2010
CLIMATE RECORD PERIOD 9999 TO 9999


WEATHER ITEM   OBSERVED TIME   NORMAL DEPARTURE LAST
                VALUE   (LST)  VALUE  FROM      YEAR
                                      NORMAL
......................................................
TEMPERATURE (F)
 TODAY
  MAXIMUM         47   1108 AM  40      7       41
  MINIMUM         35   1227 AM  25     10       26
  AVERAGE         41            33      8       34

PRECIPITATION (IN)
  TODAY            0.11          0.10   0.01     0.00
  MONTH TO DATE    0.20          0.28  -0.08     0.00
  SINCE DEC 1      0.20          0.28  -0.08     0.00
  SINCE JAN 1     33.25         38.19  -4.94    41.90

DEGREE DAYS
 HEATING
  TODAY           24            32     -8       31
  MONTH TO DATE   84            96    -12       92
  SINCE DEC 1     84            96    -12       92
  SINCE JUL 1   1577          1709   -132     1623

 COOLING
  TODAY            0             0      0        0
  MONTH TO DATE    0             0      0        0
  SINCE DEC 1      0             0      0        0
  SINCE JAN 1    308           313     -5      503
......................................................


WIND (MPH)
  HIGHEST WIND SPEED    15   HIGHEST WIND DIRECTION    SE (140)
  HIGHEST GUST SPEED    21   HIGHEST GUST DIRECTION    SE (130)
  AVERAGE WIND SPEED     6.6


SKY COVER
  AVERAGE SKY COVER 0.9



RELATIVE HUMIDITY (PERCENT)
 HIGHEST    85
 LOWEST     75
 AVERAGE    80

..........................................................


THE BENNINGTON VT CLIMATE NORMALS FOR TOMORROW
                         NORMAL
 MAXIMUM TEMPERATURE (F)   40
 MINIMUM TEMPERATURE (F)   25


SUNRISE AND SUNSET
DECEMBER  3 2014......SUNRISE   706 AM EST   SUNSET   419 PM EST
DECEMBER  4 2014......SUNRISE   707 AM EST   SUNSET   419 PM EST


-  INDICATES NEGATIVE NUMBERS.
R  INDICATES RECORD WAS SET OR TIED.
MM INDICATES DATA IS MISSING.
T  INDICATES TRACE AMOUNT.




$$
