000
CDUS41 KALY 080627
CLIDDH


CLIMATE REPORT
NATIONAL WEATHER SERVICE ALBANY NY
226 AM EDT FRI SEP 8 2017


...................................

...THE BENNINGTON VT CLIMATE SUMMARY FOR SEPTEMBER 7 2017...

CLIMATE NORMAL PERIOD 1981 TO 2010
CLIMATE RECORD PERIOD 9999 TO 9999


WEATHER ITEM   OBSERVED TIME   NORMAL DEPARTURE LAST
                VALUE   (LST)  VALUE  FROM      YEAR
                                      NORMAL
......................................................
TEMPERATURE (F)
 YESTERDAY
  MAXIMUM         68    213 PM  74     -6       80
  MINIMUM         46   1137 PM  51     -5       60
  AVERAGE         57            62     -5       70

PRECIPITATION (IN)
  YESTERDAY        0.39          0.11   0.28     0.00
  MONTH TO DATE    2.84          0.72   2.12     0.00
  SINCE SEP 1      2.84          0.72   2.12     0.00
  SINCE JAN 1     35.19         28.26   6.93    21.31

DEGREE DAYS
 HEATING
  YESTERDAY        8             4      4        0
  MONTH TO DATE   50            25     25        9
  SINCE SEP 1     50            25     25        9
  SINCE JUL 1    117            97     20       31

 COOLING
  YESTERDAY        0             1     -1        5
  MONTH TO DATE    6            11     -5       10
  SINCE SEP 1      6            11     -5       10
  SINCE JAN 1    313           299     14      449
......................................................


WIND (MPH)
  HIGHEST WIND SPEED    21   HIGHEST WIND DIRECTION     W (280)
  HIGHEST GUST SPEED    32   HIGHEST GUST DIRECTION     W (260)
  AVERAGE WIND SPEED     3.2


SKY COVER
  AVERAGE SKY COVER 0.8



RELATIVE HUMIDITY (PERCENT)
 HIGHEST   100          1100 PM
 LOWEST     63           200 PM
 AVERAGE    82

..........................................................


THE BENNINGTON VT CLIMATE NORMALS FOR TODAY
                         NORMAL
 MAXIMUM TEMPERATURE (F)   73
 MINIMUM TEMPERATURE (F)   50


SUNRISE AND SUNSET
SEPTEMBER  8 2017.....SUNRISE   625 AM EDT   SUNSET   715 PM EDT
SEPTEMBER  9 2017.....SUNRISE   626 AM EDT   SUNSET   713 PM EDT


-  INDICATES NEGATIVE NUMBERS.
R  INDICATES RECORD WAS SET OR TIED.
MM INDICATES DATA IS MISSING.
T  INDICATES TRACE AMOUNT.




$$
