000
CDUS41 KALY 240622
CLIDDH


CLIMATE REPORT
NATIONAL WEATHER SERVICE ALBANY NY
121 AM EST SUN JAN 24 2016


...................................

...THE BENNINGTON VT CLIMATE SUMMARY FOR JANUARY 23 2016...

CLIMATE NORMAL PERIOD 1981 TO 2010
CLIMATE RECORD PERIOD 9999 TO 9999


WEATHER ITEM   OBSERVED TIME   NORMAL DEPARTURE LAST
                VALUE   (LST)  VALUE  FROM      YEAR
                                      NORMAL
......................................................
TEMPERATURE (F)
 YESTERDAY
  MAXIMUM         28    224 PM  31     -3       30
  MINIMUM          7   1159 PM  11     -4       10
  AVERAGE         18            21     -3       20

PRECIPITATION (IN)
  YESTERDAY        0.00          0.07  -0.07      T
  MONTH TO DATE    0.97          2.14  -1.17     2.08
  SINCE DEC 1      4.72          4.93  -0.21     5.99
  SINCE JAN 1      0.97          2.14  -1.17     2.08

DEGREE DAYS
 HEATING
  YESTERDAY       47            44      3       45
  MONTH TO DATE  933          1008    -75     1061
  SINCE DEC 1   1678          2167   -489     2085
  SINCE JUL 1   3021          3780   -759     3578

 COOLING
  YESTERDAY        0             0      0        0
  MONTH TO DATE    0             0      0        0
  SINCE DEC 1      0             0      0        0
  SINCE JAN 1      0             0      0        0
......................................................


WIND (MPH)
  HIGHEST WIND SPEED    15   HIGHEST WIND DIRECTION     N (350)
  HIGHEST GUST SPEED    22   HIGHEST GUST DIRECTION     E (80)
  AVERAGE WIND SPEED     4.8


SKY COVER
  AVERAGE SKY COVER 0.1



RELATIVE HUMIDITY (PERCENT)
 HIGHEST    84           100 AM
 LOWEST     34           200 PM
 AVERAGE    59

..........................................................


THE BENNINGTON VT CLIMATE NORMALS FOR TODAY
                         NORMAL
 MAXIMUM TEMPERATURE (F)   31
 MINIMUM TEMPERATURE (F)   11


SUNRISE AND SUNSET
JANUARY 24 2016.......SUNRISE   716 AM EST   SUNSET   455 PM EST
JANUARY 25 2016.......SUNRISE   715 AM EST   SUNSET   456 PM EST


-  INDICATES NEGATIVE NUMBERS.
R  INDICATES RECORD WAS SET OR TIED.
MM INDICATES DATA IS MISSING.
T  INDICATES TRACE AMOUNT.




$$
