000
CDUS41 KALY 292045
CLIDDH


CLIMATE REPORT
NATIONAL WEATHER SERVICE ALBANY NY
443 PM EDT SUN MAY 29 2016


...................................

...THE BENNINGTON VT CLIMATE SUMMARY FOR MAY 29 2016...
VALID TODAY AS OF 0400 PM LOCAL TIME.

CLIMATE NORMAL PERIOD 1981 TO 2010
CLIMATE RECORD PERIOD 9999 TO 9999


WEATHER ITEM   OBSERVED TIME   NORMAL DEPARTURE LAST
                VALUE   (LST)  VALUE  FROM      YEAR
                                      NORMAL
......................................................
TEMPERATURE (F)
 TODAY
  MAXIMUM         88   1147 AM  70     18       82
  MINIMUM         60    451 AM  47     13       48
  AVERAGE         74            59     15       65

PRECIPITATION (IN)
  TODAY            0.01          0.14  -0.13     0.00
  MONTH TO DATE    2.88          3.36  -0.48     0.42
  SINCE MAR 1      7.97          9.78  -1.81     3.60
  SINCE JAN 1     13.01         14.77  -1.76     7.01

DEGREE DAYS
 HEATING
  TODAY            0             7     -7        0
  MONTH TO DATE  295           303     -8      155
  SINCE MAR 1   1703          1875   -172     1935
  SINCE JUL 1   6036          7126  -1090     7437

 COOLING
  TODAY            9             1      8        0
  MONTH TO DATE   32             2     30       57
  SINCE MAR 1     33             5     28       57
  SINCE JAN 1     33             5     28       57
......................................................


WIND (MPH)
  HIGHEST WIND SPEED     8   HIGHEST WIND DIRECTION    SE (130)
  HIGHEST GUST SPEED    MM   HIGHEST GUST DIRECTION    MM
  AVERAGE WIND SPEED     2.7


SKY COVER
  AVERAGE SKY COVER 0.0



RELATIVE HUMIDITY (PERCENT)
 HIGHEST    97
 LOWEST     58
 AVERAGE    78

..........................................................


THE BENNINGTON VT CLIMATE NORMALS FOR TOMORROW
                         NORMAL
 MAXIMUM TEMPERATURE (F)   71
 MINIMUM TEMPERATURE (F)   47


SUNRISE AND SUNSET
MAY 29 2016...........SUNRISE   518 AM EDT   SUNSET   823 PM EDT
MAY 30 2016...........SUNRISE   518 AM EDT   SUNSET   824 PM EDT


-  INDICATES NEGATIVE NUMBERS.
R  INDICATES RECORD WAS SET OR TIED.
MM INDICATES DATA IS MISSING.
T  INDICATES TRACE AMOUNT.




$$
