000
CDUS41 KALY 170622
CLIDDH


CLIMATE REPORT
NATIONAL WEATHER SERVICE ALBANY NY
122 AM EST SAT JAN 17 2015


...................................

...THE BENNINGTON VT CLIMATE SUMMARY FOR JANUARY 16 2015...

CLIMATE NORMAL PERIOD 1981 TO 2010
CLIMATE RECORD PERIOD 9999 TO 9999


WEATHER ITEM   OBSERVED TIME   NORMAL DEPARTURE LAST
                VALUE   (LST)  VALUE  FROM      YEAR
                                      NORMAL
......................................................
TEMPERATURE (F)
 YESTERDAY
  MAXIMUM         30   1026 AM  30      0       37
  MINIMUM          5   1159 PM  11     -6       29
  AVERAGE         18            21     -3       33

PRECIPITATION (IN)
  YESTERDAY        T             0.08  -0.08     0.04
  MONTH TO DATE    0.81          1.58  -0.77     2.72
  SINCE DEC 1      4.72          4.37   0.35     5.60
  SINCE JAN 1      0.81          1.58  -0.77     2.72

DEGREE DAYS
 HEATING
  YESTERDAY       47            44      3       32
  MONTH TO DATE  758           700     58      665
  SINCE DEC 1   1782          1859    -77     1797
  SINCE JUL 1   3275          3472   -197     3328

 COOLING
  YESTERDAY        0             0      0        0
  MONTH TO DATE    0             0      0        0
  SINCE DEC 1      0             0      0        0
  SINCE JAN 1      0             0      0        0
......................................................


WIND (MPH)
  HIGHEST WIND SPEED    25   HIGHEST WIND DIRECTION     W (270)
  HIGHEST GUST SPEED    38   HIGHEST GUST DIRECTION     W (280)
  AVERAGE WIND SPEED     7.9


SKY COVER
  AVERAGE SKY COVER 0.6



RELATIVE HUMIDITY (PERCENT)
 HIGHEST    92          1200 AM
 LOWEST     36           400 PM
 AVERAGE    64

..........................................................


THE BENNINGTON VT CLIMATE NORMALS FOR TODAY
                         NORMAL
 MAXIMUM TEMPERATURE (F)   30
 MINIMUM TEMPERATURE (F)   11


SUNRISE AND SUNSET
JANUARY 17 2015.......SUNRISE   720 AM EST   SUNSET   446 PM EST
JANUARY 18 2015.......SUNRISE   720 AM EST   SUNSET   447 PM EST


-  INDICATES NEGATIVE NUMBERS.
R  INDICATES RECORD WAS SET OR TIED.
MM INDICATES DATA IS MISSING.
T  INDICATES TRACE AMOUNT.




$$
