000
CDUS41 KALY 082152
CLIDDH


CLIMATE REPORT
NATIONAL WEATHER SERVICE ALBANY NY
452 PM EST TUE NOV 8 2016


...................................

...THE BENNINGTON VT CLIMATE SUMMARY FOR NOVEMBER 8 2016...
VALID TODAY AS OF 0400 PM LOCAL TIME.

CLIMATE NORMAL PERIOD 1981 TO 2010
CLIMATE RECORD PERIOD 9999 TO 9999


WEATHER ITEM   OBSERVED TIME   NORMAL DEPARTURE LAST
                VALUE   (LST)  VALUE  FROM      YEAR
                                      NORMAL
......................................................
TEMPERATURE (F)
 TODAY
  MAXIMUM         63    239 PM  51     12       52
  MINIMUM         25    645 AM  31     -6       29
  AVERAGE         44            41      3       41

PRECIPITATION (IN)
  TODAY            0.00          0.11  -0.11     0.00
  MONTH TO DATE    0.53          0.91  -0.38     0.08
  SINCE SEP 1      7.13          8.17  -1.04     9.80
  SINCE JAN 1     28.44         35.71  -7.27    24.03

DEGREE DAYS
 HEATING
  TODAY           21            24     -3       24
  MONTH TO DATE  172           186    -14      104
  SINCE SEP 1    749           935   -186      755
  SINCE JUL 1    771          1007   -236      794

 COOLING
  TODAY            0             0      0        0
  MONTH TO DATE    0             0      0        0
  SINCE SEP 1     49            25     24       76
  SINCE JAN 1    488           313    175      444
......................................................


WIND (MPH)
  HIGHEST WIND SPEED     5   HIGHEST WIND DIRECTION    SE (140)
  HIGHEST GUST SPEED     6   HIGHEST GUST DIRECTION     N (350)
  AVERAGE WIND SPEED     0.7


SKY COVER
  AVERAGE SKY COVER 0.0



RELATIVE HUMIDITY (PERCENT)
 HIGHEST    92
 LOWEST     30
 AVERAGE    61

..........................................................


THE BENNINGTON VT CLIMATE NORMALS FOR TOMORROW
                         NORMAL
 MAXIMUM TEMPERATURE (F)   50
 MINIMUM TEMPERATURE (F)   31


SUNRISE AND SUNSET
NOVEMBER  8 2016......SUNRISE   637 AM EST   SUNSET   436 PM EST
NOVEMBER  9 2016......SUNRISE   638 AM EST   SUNSET   435 PM EST


-  INDICATES NEGATIVE NUMBERS.
R  INDICATES RECORD WAS SET OR TIED.
MM INDICATES DATA IS MISSING.
T  INDICATES TRACE AMOUNT.




$$
