000
CDUS41 KALY 290623
CLIDDH


CLIMATE REPORT
NATIONAL WEATHER SERVICE ALBANY NY
222 AM EDT FRI MAY 29 2015


...................................

...THE BENNINGTON VT CLIMATE SUMMARY FOR MAY 28 2015...

CLIMATE NORMAL PERIOD 1981 TO 2010
CLIMATE RECORD PERIOD 9999 TO 9999


WEATHER ITEM   OBSERVED TIME   NORMAL DEPARTURE LAST
                VALUE   (LST)  VALUE  FROM      YEAR
                                      NORMAL
......................................................
TEMPERATURE (F)
 YESTERDAY
  MAXIMUM         79   1158 AM  70      9       56
  MINIMUM         56   1159 PM  47      9       49
  AVERAGE         68            58     10       53

PRECIPITATION (IN)
  YESTERDAY        0.14          0.14   0.00     0.11
  MONTH TO DATE    0.42          3.22  -2.80     2.35
  SINCE MAR 1      3.60          9.64  -6.04     6.96
  SINCE JAN 1      7.01         14.63  -7.62    12.82

DEGREE DAYS
 HEATING
  YESTERDAY        0             7     -7       12
  MONTH TO DATE  155           296   -141      232
  SINCE MAR 1   1935          1868     67     1977
  SINCE JUL 1   7437          7119    318     7225

 COOLING
  YESTERDAY        3             1      2        0
  MONTH TO DATE   57             1     56       12
  SINCE MAR 1     57             4     53       16
  SINCE JAN 1     57             4     53       16
......................................................


WIND (MPH)
  HIGHEST WIND SPEED    22   HIGHEST WIND DIRECTION     W (280)
  HIGHEST GUST SPEED    33   HIGHEST GUST DIRECTION     W (260)
  AVERAGE WIND SPEED     4.5


SKY COVER
  AVERAGE SKY COVER 0.4



RELATIVE HUMIDITY (PERCENT)
 HIGHEST   100           300 AM
 LOWEST     53           400 PM
 AVERAGE    77

..........................................................


THE BENNINGTON VT CLIMATE NORMALS FOR TODAY
                         NORMAL
 MAXIMUM TEMPERATURE (F)   70
 MINIMUM TEMPERATURE (F)   47


SUNRISE AND SUNSET
MAY 29 2015...........SUNRISE   519 AM EDT   SUNSET   822 PM EDT
MAY 30 2015...........SUNRISE   518 AM EDT   SUNSET   823 PM EDT


-  INDICATES NEGATIVE NUMBERS.
R  INDICATES RECORD WAS SET OR TIED.
MM INDICATES DATA IS MISSING.
T  INDICATES TRACE AMOUNT.




$$
