000
CDUS41 KALY 280622
CLIDDH


CLIMATE REPORT
NATIONAL WEATHER SERVICE ALBANY NY
222 AM EDT THU AUG 28 2014


...................................

...THE BENNINGTON VT CLIMATE SUMMARY FOR AUGUST 27 2014...

CLIMATE NORMAL PERIOD 1981 TO 2010
CLIMATE RECORD PERIOD 9999 TO 9999


WEATHER ITEM   OBSERVED TIME   NORMAL DEPARTURE LAST
                VALUE   (LST)  VALUE  FROM      YEAR
                                      NORMAL
......................................................
TEMPERATURE (F)
 YESTERDAY
  MAXIMUM         82   1209 PM  76      6       81
  MINIMUM         58    504 AM  54      4       63
  AVERAGE         70            65      5       72

PRECIPITATION (IN)
  YESTERDAY        0.00          0.12  -0.12     0.04
  MONTH TO DATE    1.84          3.54  -1.70     3.41
  SINCE JUN 1     13.12         12.01   1.11    16.30
  SINCE JAN 1     25.95         27.08  -1.13    30.77

DEGREE DAYS
 HEATING
  YESTERDAY        0             2     -2        0
  MONTH TO DATE   37            34      3       53
  SINCE JUN 1     95           155    -60      163
  SINCE JUL 1     48            58    -10       63

 COOLING
  YESTERDAY        5             2      3        7
  MONTH TO DATE   44            87    -43       56
  SINCE JUN 1    230           268    -38      402
  SINCE JAN 1    246           282    -36      434
......................................................


WIND (MPH)
  HIGHEST WIND SPEED    12   HIGHEST WIND DIRECTION     W (250)
  HIGHEST GUST SPEED    16   HIGHEST GUST DIRECTION     W (250)
  AVERAGE WIND SPEED     4.2


SKY COVER
  AVERAGE SKY COVER 0.3



RELATIVE HUMIDITY (PERCENT)
 HIGHEST    97           600 AM
 LOWEST     62          1100 AM
 AVERAGE    80

..........................................................


THE BENNINGTON VT CLIMATE NORMALS FOR TODAY
                         NORMAL
 MAXIMUM TEMPERATURE (F)   76
 MINIMUM TEMPERATURE (F)   53


SUNRISE AND SUNSET
AUGUST 28 2014........SUNRISE   613 AM EDT   SUNSET   734 PM EDT
AUGUST 29 2014........SUNRISE   614 AM EDT   SUNSET   733 PM EDT


-  INDICATES NEGATIVE NUMBERS.
R  INDICATES RECORD WAS SET OR TIED.
MM INDICATES DATA IS MISSING.
T  INDICATES TRACE AMOUNT.




$$
