000
CDUS41 KALY 130630
CLIDDH


CLIMATE REPORT
NATIONAL WEATHER SERVICE ALBANY NY
130 AM EST FRI JAN 13 2017


...................................

...THE BENNINGTON VT CLIMATE SUMMARY FOR JANUARY 12 2017...

CLIMATE NORMAL PERIOD 1981 TO 2010
CLIMATE RECORD PERIOD 9999 TO 9999


WEATHER ITEM   OBSERVED TIME   NORMAL DEPARTURE LAST
                VALUE   (LST)  VALUE  FROM      YEAR
                                      NORMAL
......................................................
TEMPERATURE (F)
 YESTERDAY
  MAXIMUM         57   1006 PM  30     27       32
  MINIMUM         44    224 AM  11     33       13
  AVERAGE         51            21     30       23

PRECIPITATION (IN)
  YESTERDAY        0.43          0.09   0.34     0.03
  MONTH TO DATE    1.14          1.24  -0.10     0.61
  SINCE DEC 1      3.23          4.03  -0.80     4.36
  SINCE JAN 1      1.14          1.24  -0.10     0.61

DEGREE DAYS
 HEATING
  YESTERDAY       14            44    -30       42
  MONTH TO DATE  459           524    -65      455
  SINCE DEC 1   1582          1683   -101     1200
  SINCE JUL 1   2952          3296   -344     2543

 COOLING
  YESTERDAY        0             0      0        0
  MONTH TO DATE    0             0      0        0
  SINCE DEC 1      0             0      0        0
  SINCE JAN 1      0             0      0        0
......................................................


WIND (MPH)
  HIGHEST WIND SPEED    26   HIGHEST WIND DIRECTION     S (180)
  HIGHEST GUST SPEED    34   HIGHEST GUST DIRECTION     S (190)
  AVERAGE WIND SPEED     7.7


SKY COVER
  AVERAGE SKY COVER 1.0



RELATIVE HUMIDITY (PERCENT)
 HIGHEST    89          1100 AM
 LOWEST     72          1000 PM
 AVERAGE    81

..........................................................


THE BENNINGTON VT CLIMATE NORMALS FOR TODAY
                         NORMAL
 MAXIMUM TEMPERATURE (F)   30
 MINIMUM TEMPERATURE (F)   11


SUNRISE AND SUNSET
JANUARY 13 2017.......SUNRISE   722 AM EST   SUNSET   442 PM EST
JANUARY 14 2017.......SUNRISE   721 AM EST   SUNSET   443 PM EST


-  INDICATES NEGATIVE NUMBERS.
R  INDICATES RECORD WAS SET OR TIED.
MM INDICATES DATA IS MISSING.
T  INDICATES TRACE AMOUNT.




$$
