000
CDUS41 KALY 140640
CLIDDH


CLIMATE REPORT
NATIONAL WEATHER SERVICE ALBANY NY
240 AM EDT MON APR 14 2014


...................................

...THE BENNINGTON VT CLIMATE SUMMARY FOR APRIL 13 2014...

CLIMATE NORMAL PERIOD 1981 TO 2010
CLIMATE RECORD PERIOD 9999 TO 9999


WEATHER ITEM   OBSERVED TIME   NORMAL DEPARTURE LAST
                VALUE   (LST)  VALUE  FROM      YEAR
                                      NORMAL
......................................................
TEMPERATURE (F)
 YESTERDAY
  MAXIMUM         75    550 PM  56     19       50
  MINIMUM         45    344 AM  34     11       34
  AVERAGE         60            45     15       42

PRECIPITATION (IN)
  YESTERDAY        0.08          0.11  -0.03     0.05
  MONTH TO DATE    0.38          1.58  -1.20     1.81
  SINCE MAR 1      2.53          4.73  -2.20     3.09
  SINCE JAN 1      8.39          9.72  -1.33     5.75

DEGREE DAYS
 HEATING
  YESTERDAY        5            20    -15       23
  MONTH TO DATE  263           297    -34      309
  SINCE MAR 1   1421          1281    140     1326
  SINCE JUL 1   6669          6532    137     6110

 COOLING
  YESTERDAY        0             0      0        0
  MONTH TO DATE    0             0      0        0
  SINCE MAR 1      0             0      0        0
  SINCE JAN 1      0             0      0        0
......................................................


WIND (MPH)
  HIGHEST WIND SPEED    24   HIGHEST WIND DIRECTION     S (160)
  HIGHEST GUST SPEED    34   HIGHEST GUST DIRECTION     S (170)
  AVERAGE WIND SPEED     9.2


SKY COVER
  AVERAGE SKY COVER 0.3



RELATIVE HUMIDITY (PERCENT)
 HIGHEST    71           600 AM
 LOWEST     38           400 PM
 AVERAGE    55

..........................................................


THE BENNINGTON VT CLIMATE NORMALS FOR TODAY
                         NORMAL
 MAXIMUM TEMPERATURE (F)   56
 MINIMUM TEMPERATURE (F)   34


SUNRISE AND SUNSET
APRIL 14 2014.........SUNRISE   613 AM EDT   SUNSET   734 PM EDT
APRIL 15 2014.........SUNRISE   611 AM EDT   SUNSET   735 PM EDT


-  INDICATES NEGATIVE NUMBERS.
R  INDICATES RECORD WAS SET OR TIED.
MM INDICATES DATA IS MISSING.
T  INDICATES TRACE AMOUNT.




$$
