000
CDUS41 KALY 280629
CLIDDH


CLIMATE REPORT
NATIONAL WEATHER SERVICE ALBANY NY
227 AM EDT SAT MAR 28 2015


...................................

...THE BENNINGTON VT CLIMATE SUMMARY FOR MARCH 27 2015...

CLIMATE NORMAL PERIOD 1981 TO 2010
CLIMATE RECORD PERIOD 9999 TO 9999


WEATHER ITEM   OBSERVED TIME   NORMAL DEPARTURE LAST
                VALUE   (LST)  VALUE  FROM      YEAR
                                      NORMAL
......................................................
TEMPERATURE (F)
 YESTERDAY
  MAXIMUM         40    340 PM  48     -8       40
  MINIMUM         31   1159 PM  27      4       14
  AVERAGE         36            37     -1       27

PRECIPITATION (IN)
  YESTERDAY        0.09          0.11  -0.02     0.00
  MONTH TO DATE    1.11          2.74  -1.63     1.27
  SINCE MAR 1      1.11          2.74  -1.63     1.27
  SINCE JAN 1      4.52          7.73  -3.21     7.13

DEGREE DAYS
 HEATING
  YESTERDAY       29            28      1       38
  MONTH TO DATE 1029           878    151     1114
  SINCE MAR 1   1029           878    151     1114
  SINCE JUL 1   6531          6129    402     6362

 COOLING
  YESTERDAY        0             0      0        0
  MONTH TO DATE    0             0      0        0
  SINCE MAR 1      0             0      0        0
  SINCE JAN 1      0             0      0        0
......................................................


WIND (MPH)
  HIGHEST WIND SPEED    10   HIGHEST WIND DIRECTION    NW (300)
  HIGHEST GUST SPEED    16   HIGHEST GUST DIRECTION    NW (310)
  AVERAGE WIND SPEED     2.8


SKY COVER
  AVERAGE SKY COVER 1.0



RELATIVE HUMIDITY (PERCENT)
 HIGHEST   100           400 AM
 LOWEST     70           700 PM
 AVERAGE    85

..........................................................


THE BENNINGTON VT CLIMATE NORMALS FOR TODAY
                         NORMAL
 MAXIMUM TEMPERATURE (F)   49
 MINIMUM TEMPERATURE (F)   27


SUNRISE AND SUNSET
MARCH 28 2015.........SUNRISE   643 AM EDT   SUNSET   714 PM EDT
MARCH 29 2015.........SUNRISE   641 AM EDT   SUNSET   715 PM EDT


-  INDICATES NEGATIVE NUMBERS.
R  INDICATES RECORD WAS SET OR TIED.
MM INDICATES DATA IS MISSING.
T  INDICATES TRACE AMOUNT.




$$
