000
CDUS41 KALY 310627
CLIDDH


CLIMATE REPORT
NATIONAL WEATHER SERVICE ALBANY NY
222 AM EDT FRI JUL 31 2015


...................................

...THE BENNINGTON VT CLIMATE SUMMARY FOR JULY 30 2015...

CLIMATE NORMAL PERIOD 1981 TO 2010
CLIMATE RECORD PERIOD 9999 TO 9999


WEATHER ITEM   OBSERVED TIME   NORMAL DEPARTURE LAST
                VALUE   (LST)  VALUE  FROM      YEAR
                                      NORMAL
......................................................
TEMPERATURE (F)
 YESTERDAY
  MAXIMUM         87   1136 AM  79      8       75
  MINIMUM         63   1101 PM  57      6       54
  AVERAGE         75            68      7       65

PRECIPITATION (IN)
  YESTERDAY        0.07          0.14  -0.07     0.00
  MONTH TO DATE    1.99          4.20  -2.21     7.57
  SINCE JUN 1      4.94          8.33  -3.39    10.90
  SINCE JAN 1     12.50         23.40 -10.90    23.73

DEGREE DAYS
 HEATING
  YESTERDAY        0             1     -1        0
  MONTH TO DATE   27            30     -3       11
  SINCE JUN 1    122           127     -5       58
  SINCE JUL 1     27            30     -3       11

 COOLING
  YESTERDAY       10             4      6        0
  MONTH TO DATE  132           119     13      124
  SINCE JUN 1    179           177      2      186
  SINCE JAN 1    243           191     52      202
......................................................


WIND (MPH)
  HIGHEST WIND SPEED    15   HIGHEST WIND DIRECTION     S (160)
  HIGHEST GUST SPEED    20   HIGHEST GUST DIRECTION    SE (150)
  AVERAGE WIND SPEED     4.8


SKY COVER
  AVERAGE SKY COVER 0.3



RELATIVE HUMIDITY (PERCENT)
 HIGHEST    93           300 AM
 LOWEST     54           600 PM
 AVERAGE    74

..........................................................


THE BENNINGTON VT CLIMATE NORMALS FOR TODAY
                         NORMAL
 MAXIMUM TEMPERATURE (F)   79
 MINIMUM TEMPERATURE (F)   57


SUNRISE AND SUNSET
JULY 31 2015..........SUNRISE   543 AM EDT   SUNSET   815 PM EDT
AUGUST  1 2015........SUNRISE   544 AM EDT   SUNSET   814 PM EDT


-  INDICATES NEGATIVE NUMBERS.
R  INDICATES RECORD WAS SET OR TIED.
MM INDICATES DATA IS MISSING.
T  INDICATES TRACE AMOUNT.




$$
