000
CDUS41 KALY 230624
CLIDDH


CLIMATE REPORT
NATIONAL WEATHER SERVICE ALBANY NY
123 AM EST TUE JAN 23 2018


...................................

...THE BENNINGTON VT CLIMATE SUMMARY FOR JANUARY 22 2018...

CLIMATE NORMAL PERIOD 1981 TO 2010
CLIMATE RECORD PERIOD 9999 TO 9999


WEATHER ITEM   OBSERVED TIME   NORMAL DEPARTURE LAST
                VALUE   (LST)  VALUE  FROM      YEAR
                                      NORMAL
......................................................
TEMPERATURE (F)
 YESTERDAY
  MAXIMUM         43   1250 PM  31     12       47
  MINIMUM         30   1209 AM  11     19       34
  AVERAGE         37            21     16       41

PRECIPITATION (IN)
  YESTERDAY        0.08          0.07   0.01     0.10
  MONTH TO DATE    2.05          2.07  -0.02     1.56
  SINCE DEC 1      4.19          4.86  -0.67     3.65
  SINCE JAN 1      2.05          2.07  -0.02     1.56

DEGREE DAYS
 HEATING
  YESTERDAY       28            44    -16       24
  MONTH TO DATE 1020           964     56      791
  SINCE DEC 1   2280          2123    157     1914
  SINCE JUL 1   3580          3736   -156     3284

 COOLING
  YESTERDAY        0             0      0        0
  MONTH TO DATE    0             0      0        0
  SINCE DEC 1      0             0      0        0
  SINCE JAN 1      0             0      0        0
......................................................


WIND (MPH)
  HIGHEST WIND SPEED    18   HIGHEST WIND DIRECTION     E (70)
  HIGHEST GUST SPEED    24   HIGHEST GUST DIRECTION     E (70)
  AVERAGE WIND SPEED     4.5


SKY COVER
  AVERAGE SKY COVER 1.0



RELATIVE HUMIDITY (PERCENT)
 HIGHEST    96           900 AM
 LOWEST     70           100 PM
 AVERAGE    83

..........................................................


THE BENNINGTON VT CLIMATE NORMALS FOR TODAY
                         NORMAL
 MAXIMUM TEMPERATURE (F)   31
 MINIMUM TEMPERATURE (F)   11


SUNRISE AND SUNSET
JANUARY 23 2018.......SUNRISE   716 AM EST   SUNSET   454 PM EST
JANUARY 24 2018.......SUNRISE   715 AM EST   SUNSET   455 PM EST


-  INDICATES NEGATIVE NUMBERS.
R  INDICATES RECORD WAS SET OR TIED.
MM INDICATES DATA IS MISSING.
T  INDICATES TRACE AMOUNT.




$$
