000
CDUS41 KALY 060626
CLIDDH


CLIMATE REPORT
NATIONAL WEATHER SERVICE ALBANY NY
226 AM EDT MON JUL 6 2015


...................................

...THE BENNINGTON VT CLIMATE SUMMARY FOR JULY 5 2015...

CLIMATE NORMAL PERIOD 1981 TO 2010
CLIMATE RECORD PERIOD 9999 TO 9999


WEATHER ITEM   OBSERVED TIME   NORMAL DEPARTURE LAST
                VALUE   (LST)  VALUE  FROM      YEAR
                                      NORMAL
......................................................
TEMPERATURE (F)
 YESTERDAY
  MAXIMUM         79    317 PM  79      0       78
  MINIMUM         50    338 AM  57     -7       54
  AVERAGE         65            68     -3       66

PRECIPITATION (IN)
  YESTERDAY        0.00          0.13  -0.13     0.00
  MONTH TO DATE    0.85          0.65   0.20     1.74
  SINCE JUN 1      3.80          4.78  -0.98     5.07
  SINCE JAN 1     11.36         19.85  -8.49    17.90

DEGREE DAYS
 HEATING
  YESTERDAY        0             1     -1        0
  MONTH TO DATE   14             5      9        1
  SINCE JUN 1    109           102      7       48
  SINCE JUL 1     14             5      9        1

 COOLING
  YESTERDAY        0             4     -4        1
  MONTH TO DATE    4            19    -15       36
  SINCE JUN 1     51            77    -26       98
  SINCE JAN 1    115            91     24      114
......................................................


WIND (MPH)
  HIGHEST WIND SPEED     9   HIGHEST WIND DIRECTION     W (260)
  HIGHEST GUST SPEED    14   HIGHEST GUST DIRECTION     W (270)
  AVERAGE WIND SPEED     2.1


SKY COVER
  AVERAGE SKY COVER 0.5



RELATIVE HUMIDITY (PERCENT)
 HIGHEST   100          1200 AM
 LOWEST     54           200 PM
 AVERAGE    77

..........................................................


THE BENNINGTON VT CLIMATE NORMALS FOR TODAY
                         NORMAL
 MAXIMUM TEMPERATURE (F)   79
 MINIMUM TEMPERATURE (F)   57


SUNRISE AND SUNSET
JULY  6 2015..........SUNRISE   521 AM EDT   SUNSET   834 PM EDT
JULY  7 2015..........SUNRISE   522 AM EDT   SUNSET   834 PM EDT


-  INDICATES NEGATIVE NUMBERS.
R  INDICATES RECORD WAS SET OR TIED.
MM INDICATES DATA IS MISSING.
T  INDICATES TRACE AMOUNT.




$$
