000
CDUS41 KALY 310626
CLIDDH


CLIMATE REPORT
NATIONAL WEATHER SERVICE ALBANY NY
225 AM EDT SUN AUG 31 2014


...................................

...THE BENNINGTON VT CLIMATE SUMMARY FOR AUGUST 30 2014...

CLIMATE NORMAL PERIOD 1981 TO 2010
CLIMATE RECORD PERIOD 9999 TO 9999


WEATHER ITEM   OBSERVED TIME   NORMAL DEPARTURE LAST
                VALUE   (LST)  VALUE  FROM      YEAR
                                      NORMAL
......................................................
TEMPERATURE (F)
 YESTERDAY
  MAXIMUM         78    327 PM  76      2       82
  MINIMUM         54   1236 AM  53      1       62
  AVERAGE         66            64      2       72

PRECIPITATION (IN)
  YESTERDAY        0.00          0.12  -0.12     0.00
  MONTH TO DATE    1.84          3.89  -2.05     3.42
  SINCE JUN 1     13.12         12.36   0.76    16.31
  SINCE JAN 1     25.95         27.43  -1.48    30.78

DEGREE DAYS
 HEATING
  YESTERDAY        0             3     -3        0
  MONTH TO DATE   42            41      1       53
  SINCE JUN 1    100           162    -62      163
  SINCE JUL 1     53            65    -12       63

 COOLING
  YESTERDAY        1             2     -1        7
  MONTH TO DATE   45            93    -48       74
  SINCE JUN 1    231           274    -43      420
  SINCE JAN 1    247           288    -41      452
......................................................


WIND (MPH)
  HIGHEST WIND SPEED    15   HIGHEST WIND DIRECTION     S (160)
  HIGHEST GUST SPEED    20   HIGHEST GUST DIRECTION     S (170)
  AVERAGE WIND SPEED     6.7


SKY COVER
  AVERAGE SKY COVER 0.1



RELATIVE HUMIDITY (PERCENT)
 HIGHEST    86           100 AM
 LOWEST     54           100 PM
 AVERAGE    70

..........................................................


THE BENNINGTON VT CLIMATE NORMALS FOR TODAY
                         NORMAL
 MAXIMUM TEMPERATURE (F)   75
 MINIMUM TEMPERATURE (F)   53


SUNRISE AND SUNSET
AUGUST 31 2014........SUNRISE   616 AM EDT   SUNSET   729 PM EDT
SEPTEMBER  1 2014.....SUNRISE   617 AM EDT   SUNSET   728 PM EDT


-  INDICATES NEGATIVE NUMBERS.
R  INDICATES RECORD WAS SET OR TIED.
MM INDICATES DATA IS MISSING.
T  INDICATES TRACE AMOUNT.




$$
