214
CDUS41 KALY 080625
CLIDDH


CLIMATE REPORT
NATIONAL WEATHER SERVICE ALBANY NY
125 AM EST MON FEB 8 2016


...................................

...THE BENNINGTON VT CLIMATE SUMMARY FOR FEBRUARY 7 2016...

CLIMATE NORMAL PERIOD 1981 TO 2010
CLIMATE RECORD PERIOD 9999 TO 9999


WEATHER ITEM   OBSERVED TIME   NORMAL DEPARTURE LAST
                VALUE   (LST)  VALUE  FROM      YEAR
                                      NORMAL
......................................................
TEMPERATURE (F)
 YESTERDAY
  MAXIMUM         44    403 PM  33     11       26
  MINIMUM         23    638 AM  14      9       20
  AVERAGE         34            23     11       23

PRECIPITATION (IN)
  YESTERDAY        0.00          0.07  -0.07     0.05
  MONTH TO DATE    0.72          0.46   0.26     0.42
  SINCE DEC 1      5.58          6.00  -0.42     6.73
  SINCE JAN 1      1.83          3.21  -1.38     2.82

DEGREE DAYS
 HEATING
  YESTERDAY       31            42    -11       42
  MONTH TO DATE  191           296   -105      377
  SINCE DEC 1   2153          2814   -661     2864
  SINCE JUL 1   3496          4427   -931     4357

 COOLING
  YESTERDAY        0             0      0        0
  MONTH TO DATE    0             0      0        0
  SINCE DEC 1      0             0      0        0
  SINCE JAN 1      0             0      0        0
......................................................


WIND (MPH)
  HIGHEST WIND SPEED    14   HIGHEST WIND DIRECTION     E (100)
  HIGHEST GUST SPEED    19   HIGHEST GUST DIRECTION    SE (130)
  AVERAGE WIND SPEED     5.7


SKY COVER
  AVERAGE SKY COVER 0.3



RELATIVE HUMIDITY (PERCENT)
 HIGHEST    75           700 AM
 LOWEST     39           100 PM
 AVERAGE    57

..........................................................


THE BENNINGTON VT CLIMATE NORMALS FOR TODAY
                         NORMAL
 MAXIMUM TEMPERATURE (F)   33
 MINIMUM TEMPERATURE (F)   14


SUNRISE AND SUNSET
FEBRUARY  8 2016......SUNRISE   700 AM EST   SUNSET   515 PM EST
FEBRUARY  9 2016......SUNRISE   659 AM EST   SUNSET   516 PM EST


-  INDICATES NEGATIVE NUMBERS.
R  INDICATES RECORD WAS SET OR TIED.
MM INDICATES DATA IS MISSING.
T  INDICATES TRACE AMOUNT.




$$
