840
CDUS41 KALY 090623
CLIDDH


CLIMATE REPORT
NATIONAL WEATHER SERVICE ALBANY NY
122 AM EST FRI DEC 9 2016


...................................

...THE BENNINGTON VT CLIMATE SUMMARY FOR DECEMBER 8 2016...

CLIMATE NORMAL PERIOD 1981 TO 2010
CLIMATE RECORD PERIOD 9999 TO 9999


WEATHER ITEM   OBSERVED TIME   NORMAL DEPARTURE LAST
                VALUE   (LST)  VALUE  FROM      YEAR
                                      NORMAL
......................................................
TEMPERATURE (F)
 YESTERDAY
  MAXIMUM         37   1252 PM  38     -1       44
  MINIMUM         26    709 AM  23      3       22
  AVERAGE         32            31      1       33

PRECIPITATION (IN)
  YESTERDAY        0.00          0.09  -0.09     0.00
  MONTH TO DATE    0.57          0.77  -0.20     0.87
  SINCE DEC 1      0.57          0.77  -0.20     0.87
  SINCE JAN 1     31.11         38.68  -7.57    26.08

DEGREE DAYS
 HEATING
  YESTERDAY       33            34     -1       32
  MONTH TO DATE  238           264    -26      226
  SINCE DEC 1    238           264    -26      226
  SINCE JUL 1   1608          1877   -269     1569

 COOLING
  YESTERDAY        0             0      0        0
  MONTH TO DATE    0             0      0        0
  SINCE DEC 1      0             0      0        0
  SINCE JAN 1    488           313    175      444
......................................................


WIND (MPH)
  HIGHEST WIND SPEED    15   HIGHEST WIND DIRECTION     W (260)
  HIGHEST GUST SPEED    24   HIGHEST GUST DIRECTION    NW (300)
  AVERAGE WIND SPEED     3.5


SKY COVER
  AVERAGE SKY COVER 0.6



RELATIVE HUMIDITY (PERCENT)
 HIGHEST   100           300 AM
 LOWEST     49          1100 PM
 AVERAGE    75

..........................................................


THE BENNINGTON VT CLIMATE NORMALS FOR TODAY
                         NORMAL
 MAXIMUM TEMPERATURE (F)   38
 MINIMUM TEMPERATURE (F)   23


SUNRISE AND SUNSET
DECEMBER  9 2016......SUNRISE   712 AM EST   SUNSET   419 PM EST
DECEMBER 10 2016......SUNRISE   713 AM EST   SUNSET   419 PM EST


-  INDICATES NEGATIVE NUMBERS.
R  INDICATES RECORD WAS SET OR TIED.
MM INDICATES DATA IS MISSING.
T  INDICATES TRACE AMOUNT.




$$
