000
CDUS41 KALY 220634
CLIDDH


CLIMATE REPORT
NATIONAL WEATHER SERVICE ALBANY NY
233 AM EDT MON AUG 22 2016


...................................

...THE BENNINGTON VT CLIMATE SUMMARY FOR AUGUST 21 2016...

CLIMATE NORMAL PERIOD 1981 TO 2010
CLIMATE RECORD PERIOD 9999 TO 9999


WEATHER ITEM   OBSERVED TIME   NORMAL DEPARTURE LAST
                VALUE   (LST)  VALUE  FROM      YEAR
                                      NORMAL
......................................................
TEMPERATURE (F)
 YESTERDAY
  MAXIMUM         83    215 PM  77      6       79
  MINIMUM         63   1159 PM  55      8       56
  AVERAGE         73            66      7       68

PRECIPITATION (IN)
  YESTERDAY        0.74          0.12   0.62     0.21
  MONTH TO DATE    3.72          2.84   0.88     1.39
  SINCE JUN 1      7.85         11.31  -3.46     6.33
  SINCE JAN 1     20.90         26.38  -5.48    13.89

DEGREE DAYS
 HEATING
  YESTERDAY        0             2     -2        0
  MONTH TO DATE    0            22    -22        4
  SINCE JUN 1     79           143    -64      126
  SINCE JUL 1     10            46    -36       31

 COOLING
  YESTERDAY        8             3      5        3
  MONTH TO DATE  144            75     69       96
  SINCE JUN 1    368           256    112      280
  SINCE JAN 1    410           270    140      344
......................................................


WIND (MPH)
  HIGHEST WIND SPEED    21   HIGHEST WIND DIRECTION     S (170)
  HIGHEST GUST SPEED    31   HIGHEST GUST DIRECTION     S (180)
  AVERAGE WIND SPEED     7.2


SKY COVER
  AVERAGE SKY COVER 0.6



RELATIVE HUMIDITY (PERCENT)
 HIGHEST    93           700 PM
 LOWEST     58          1000 AM
 AVERAGE    76

..........................................................


THE BENNINGTON VT CLIMATE NORMALS FOR TODAY
                         NORMAL
 MAXIMUM TEMPERATURE (F)   77
 MINIMUM TEMPERATURE (F)   55


SUNRISE AND SUNSET
AUGUST 22 2016........SUNRISE   607 AM EDT   SUNSET   743 PM EDT
AUGUST 23 2016........SUNRISE   608 AM EDT   SUNSET   742 PM EDT


-  INDICATES NEGATIVE NUMBERS.
R  INDICATES RECORD WAS SET OR TIED.
MM INDICATES DATA IS MISSING.
T  INDICATES TRACE AMOUNT.




$$
