000
CDUS41 KALY 300625
CLIDDH


CLIMATE REPORT
NATIONAL WEATHER SERVICE ALBANY NY
124 AM EST FRI JAN 30 2015


...................................

...THE BENNINGTON VT CLIMATE SUMMARY FOR JANUARY 29 2015...

CLIMATE NORMAL PERIOD 1981 TO 2010
CLIMATE RECORD PERIOD 9999 TO 9999


WEATHER ITEM   OBSERVED TIME   NORMAL DEPARTURE LAST
                VALUE   (LST)  VALUE  FROM      YEAR
                                      NORMAL
......................................................
TEMPERATURE (F)
 YESTERDAY
  MAXIMUM         36    400 PM  31      5       18
  MINIMUM         -9    638 AM  12    -21       -8
  AVERAGE         14            22     -8        5

PRECIPITATION (IN)
  YESTERDAY        0.01          0.07  -0.06     0.00
  MONTH TO DATE    2.22          2.60  -0.38     2.92
  SINCE DEC 1      6.13          5.39   0.74     5.80
  SINCE JAN 1      2.22          2.60  -0.38     2.92

DEGREE DAYS
 HEATING
  YESTERDAY       51            43      8       60
  MONTH TO DATE 1353          1270     83     1314
  SINCE DEC 1   2377          2429    -52     2446
  SINCE JUL 1   3870          4042   -172     3977

 COOLING
  YESTERDAY        0             0      0        0
  MONTH TO DATE    0             0      0        0
  SINCE DEC 1      0             0      0        0
  SINCE JAN 1      0             0      0        0
......................................................


WIND (MPH)
  HIGHEST WIND SPEED    14   HIGHEST WIND DIRECTION     S (170)
  HIGHEST GUST SPEED    19   HIGHEST GUST DIRECTION     E (110)
  AVERAGE WIND SPEED     1.5


SKY COVER
  AVERAGE SKY COVER 0.3



RELATIVE HUMIDITY (PERCENT)
 HIGHEST    91           300 AM
 LOWEST     22           600 PM
 AVERAGE    57

..........................................................


THE BENNINGTON VT CLIMATE NORMALS FOR TODAY
                         NORMAL
 MAXIMUM TEMPERATURE (F)   32
 MINIMUM TEMPERATURE (F)   12


SUNRISE AND SUNSET
JANUARY 30 2015.......SUNRISE   710 AM EST   SUNSET   503 PM EST
JANUARY 31 2015.......SUNRISE   709 AM EST   SUNSET   504 PM EST


-  INDICATES NEGATIVE NUMBERS.
R  INDICATES RECORD WAS SET OR TIED.
MM INDICATES DATA IS MISSING.
T  INDICATES TRACE AMOUNT.




$$
