000
CDUS41 KALY 160629
CLIDDH


CLIMATE REPORT
NATIONAL WEATHER SERVICE ALBANY NY
128 AM EST THU NOV 16 2017


...................................

...THE BENNINGTON VT CLIMATE SUMMARY FOR NOVEMBER 15 2017...

CLIMATE NORMAL PERIOD 1981 TO 2010
CLIMATE RECORD PERIOD 9999 TO 9999


WEATHER ITEM   OBSERVED TIME   NORMAL DEPARTURE LAST
                VALUE   (LST)  VALUE  FROM      YEAR
                                      NORMAL
......................................................
TEMPERATURE (F)
 YESTERDAY
  MAXIMUM         47    246 PM  48     -1       49
  MINIMUM         30    806 AM  30      0       30
  AVERAGE         39            39      0       40

PRECIPITATION (IN)
  YESTERDAY        0.00          0.09  -0.09     0.28
  MONTH TO DATE    0.59          1.55  -0.96     0.86
  SINCE SEP 1      6.35          8.81  -2.46     7.46
  SINCE JAN 1     38.70         36.35   2.35    28.77

DEGREE DAYS
 HEATING
  YESTERDAY       26            26      0       25
  MONTH TO DATE  375           362     13      349
  SINCE SEP 1    809          1111   -302      926
  SINCE JUL 1    876          1183   -307      948

 COOLING
  YESTERDAY        0             0      0        0
  MONTH TO DATE    0             0      0        0
  SINCE SEP 1     88            25     63       49
  SINCE JAN 1    395           313     82      488
......................................................


WIND (MPH)
  HIGHEST WIND SPEED    15   HIGHEST WIND DIRECTION    SE (140)
  HIGHEST GUST SPEED    23   HIGHEST GUST DIRECTION    SE (130)
  AVERAGE WIND SPEED     4.5


SKY COVER
  AVERAGE SKY COVER 0.5



RELATIVE HUMIDITY (PERCENT)
 HIGHEST    92           100 AM
 LOWEST     42           200 PM
 AVERAGE    67

..........................................................


THE BENNINGTON VT CLIMATE NORMALS FOR TODAY
                         NORMAL
 MAXIMUM TEMPERATURE (F)   47
 MINIMUM TEMPERATURE (F)   30


SUNRISE AND SUNSET
NOVEMBER 16 2017......SUNRISE   647 AM EST   SUNSET   429 PM EST
NOVEMBER 17 2017......SUNRISE   648 AM EST   SUNSET   428 PM EST


-  INDICATES NEGATIVE NUMBERS.
R  INDICATES RECORD WAS SET OR TIED.
MM INDICATES DATA IS MISSING.
T  INDICATES TRACE AMOUNT.




$$
