490
CDUS41 KALY 190624
CLIDDH


CLIMATE REPORT
NATIONAL WEATHER SERVICE ALBANY NY
123 AM EST SUN FEB 19 2017


...................................

...THE BENNINGTON VT CLIMATE SUMMARY FOR FEBRUARY 18 2017...

CLIMATE NORMAL PERIOD 1981 TO 2010
CLIMATE RECORD PERIOD 9999 TO 9999


WEATHER ITEM   OBSERVED TIME   NORMAL DEPARTURE LAST
                VALUE   (LST)  VALUE  FROM      YEAR
                                      NORMAL
......................................................
TEMPERATURE (F)
 YESTERDAY
  MAXIMUM         54    301 PM  35     19       29
  MINIMUM         12    331 AM  16     -4       11
  AVERAGE         33            26      7       20

PRECIPITATION (IN)
  YESTERDAY        0.00          0.08  -0.08     0.00
  MONTH TO DATE    1.25          1.32  -0.07     1.81
  SINCE DEC 1      5.05          6.86  -1.81     6.67
  SINCE JAN 1      2.96          4.07  -1.11     2.92

DEGREE DAYS
 HEATING
  YESTERDAY       32            39     -7       45
  MONTH TO DATE  716           740    -24      703
  SINCE DEC 1   2940          3258   -318     2665
  SINCE JUL 1   4310          4871   -561     4008

 COOLING
  YESTERDAY        0             0      0        0
  MONTH TO DATE    0             0      0        0
  SINCE DEC 1      0             0      0        0
  SINCE JAN 1      0             0      0        0
......................................................


WIND (MPH)
  HIGHEST WIND SPEED    10   HIGHEST WIND DIRECTION    SW (230)
  HIGHEST GUST SPEED    16   HIGHEST GUST DIRECTION    SW (230)
  AVERAGE WIND SPEED     1.6


SKY COVER
  AVERAGE SKY COVER 0.0



RELATIVE HUMIDITY (PERCENT)
 HIGHEST    88          1200 AM
 LOWEST     32           300 PM
 AVERAGE    60

..........................................................


THE BENNINGTON VT CLIMATE NORMALS FOR TODAY
                         NORMAL
 MAXIMUM TEMPERATURE (F)   36
 MINIMUM TEMPERATURE (F)   16


SUNRISE AND SUNSET
FEBRUARY 19 2017......SUNRISE   644 AM EST   SUNSET   530 PM EST
FEBRUARY 20 2017......SUNRISE   643 AM EST   SUNSET   531 PM EST


-  INDICATES NEGATIVE NUMBERS.
R  INDICATES RECORD WAS SET OR TIED.
MM INDICATES DATA IS MISSING.
T  INDICATES TRACE AMOUNT.




$$
