000
CDUS41 KALY 110622
CLIDDH


CLIMATE REPORT
NATIONAL WEATHER SERVICE ALBANY NY
221 AM EDT FRI APR 11 2014


...................................

...THE BENNINGTON VT CLIMATE SUMMARY FOR APRIL 10 2014...

CLIMATE NORMAL PERIOD 1981 TO 2010
CLIMATE RECORD PERIOD 9999 TO 9999


WEATHER ITEM   OBSERVED TIME   NORMAL DEPARTURE LAST
                VALUE   (LST)  VALUE  FROM      YEAR
                                      NORMAL
......................................................
TEMPERATURE (F)
 YESTERDAY
  MAXIMUM         64    346 PM  54     10       56
  MINIMUM         24    555 AM  33     -9       46
  AVERAGE         44            44      0       51

PRECIPITATION (IN)
  YESTERDAY        0.00          0.12  -0.12     0.93
  MONTH TO DATE    0.24          1.24  -1.00     1.20
  SINCE MAR 1      2.39          4.39  -2.00     2.48
  SINCE JAN 1      8.25          9.38  -1.13     5.14

DEGREE DAYS
 HEATING
  YESTERDAY       21            22     -1       14
  MONTH TO DATE  227           235     -8      233
  SINCE MAR 1   1385          1219    166     1250
  SINCE JUL 1   6633          6470    163     6034

 COOLING
  YESTERDAY        0             0      0        0
  MONTH TO DATE    0             0      0        0
  SINCE MAR 1      0             0      0        0
  SINCE JAN 1      0             0      0        0
......................................................


WIND (MPH)
  HIGHEST WIND SPEED    28   HIGHEST WIND DIRECTION     S (190)
  HIGHEST GUST SPEED    35   HIGHEST GUST DIRECTION     S (200)
  AVERAGE WIND SPEED     9.5


SKY COVER
  AVERAGE SKY COVER 0.1



RELATIVE HUMIDITY (PERCENT)
 HIGHEST    74           300 AM
 LOWEST     22          1100 AM
 AVERAGE    48

..........................................................


THE BENNINGTON VT CLIMATE NORMALS FOR TODAY
                         NORMAL
 MAXIMUM TEMPERATURE (F)   55
 MINIMUM TEMPERATURE (F)   33


SUNRISE AND SUNSET
APRIL 11 2014.........SUNRISE   618 AM EDT   SUNSET   731 PM EDT
APRIL 12 2014.........SUNRISE   616 AM EDT   SUNSET   732 PM EDT


-  INDICATES NEGATIVE NUMBERS.
R  INDICATES RECORD WAS SET OR TIED.
MM INDICATES DATA IS MISSING.
T  INDICATES TRACE AMOUNT.




$$
