000
CDUS41 KALY 130631
CLIDDH


CLIMATE REPORT
NATIONAL WEATHER SERVICE ALBANY NY
130 AM EST SAT JAN 13 2018


...................................

...THE BENNINGTON VT CLIMATE SUMMARY FOR JANUARY 12 2018...

CLIMATE NORMAL PERIOD 1981 TO 2010
CLIMATE RECORD PERIOD 9999 TO 9999


WEATHER ITEM   OBSERVED TIME   NORMAL DEPARTURE LAST
                VALUE   (LST)  VALUE  FROM      YEAR
                                      NORMAL
......................................................
TEMPERATURE (F)
 YESTERDAY
  MAXIMUM         65    635 PM  30     35       57
  MINIMUM         43   1159 PM  11     32       44
  AVERAGE         54            21     33       51

PRECIPITATION (IN)
  YESTERDAY        0.79          0.09   0.70     0.43
  MONTH TO DATE    1.10          1.24  -0.14     1.14
  SINCE DEC 1      3.24          4.03  -0.79     3.23
  SINCE JAN 1      1.10          1.24  -0.14     1.14

DEGREE DAYS
 HEATING
  YESTERDAY       11            44    -33       14
  MONTH TO DATE  581           524     57      459
  SINCE DEC 1   1841          1683    158     1582
  SINCE JUL 1   3141          3296   -155     2952

 COOLING
  YESTERDAY        0             0      0        0
  MONTH TO DATE    0             0      0        0
  SINCE DEC 1      0             0      0        0
  SINCE JAN 1      0             0      0        0
......................................................


WIND (MPH)
  HIGHEST WIND SPEED    31   HIGHEST WIND DIRECTION     S (160)
  HIGHEST GUST SPEED    41   HIGHEST GUST DIRECTION     S (160)
  AVERAGE WIND SPEED    15.2


SKY COVER
  AVERAGE SKY COVER 1.0



RELATIVE HUMIDITY (PERCENT)
 HIGHEST    93          1100 PM
 LOWEST     77          1200 AM
 AVERAGE    85

..........................................................


THE BENNINGTON VT CLIMATE NORMALS FOR TODAY
                         NORMAL
 MAXIMUM TEMPERATURE (F)   30
 MINIMUM TEMPERATURE (F)   11


SUNRISE AND SUNSET
JANUARY 13 2018.......SUNRISE   722 AM EST   SUNSET   442 PM EST
JANUARY 14 2018.......SUNRISE   722 AM EST   SUNSET   443 PM EST


-  INDICATES NEGATIVE NUMBERS.
R  INDICATES RECORD WAS SET OR TIED.
MM INDICATES DATA IS MISSING.
T  INDICATES TRACE AMOUNT.




$$
