930
CDUS41 KALY 270625
CLIDDH


CLIMATE REPORT
NATIONAL WEATHER SERVICE ALBANY NY
225 AM EDT THU APR 27 2017


...................................

...THE BENNINGTON VT CLIMATE SUMMARY FOR APRIL 26 2017...

CLIMATE NORMAL PERIOD 1981 TO 2010
CLIMATE RECORD PERIOD 9999 TO 9999


WEATHER ITEM   OBSERVED TIME   NORMAL DEPARTURE LAST
                VALUE   (LST)  VALUE  FROM      YEAR
                                      NORMAL
......................................................
TEMPERATURE (F)
 YESTERDAY
  MAXIMUM         70    403 PM  61      9       47
  MINIMUM         50    553 AM  38     12       33
  AVERAGE         60            50     10       40

PRECIPITATION (IN)
  YESTERDAY        0.02          0.10  -0.08     0.43
  MONTH TO DATE    2.35          2.83  -0.48     2.63
  SINCE MAR 1      5.46          5.98  -0.52     5.09
  SINCE JAN 1      9.09         10.97  -1.88    10.13

DEGREE DAYS
 HEATING
  YESTERDAY        5            16    -11       25
  MONTH TO DATE  415           528   -113      573
  SINCE MAR 1   1521          1512      9     1337
  SINCE JUL 1   6056          6763   -707     5670

 COOLING
  YESTERDAY        0             0      0        0
  MONTH TO DATE    3             0      3        1
  SINCE MAR 1      3             0      3        1
  SINCE JAN 1      3             0      3        1
......................................................


WIND (MPH)
  HIGHEST WIND SPEED    15   HIGHEST WIND DIRECTION     E (110)
  HIGHEST GUST SPEED    23   HIGHEST GUST DIRECTION     E (100)
  AVERAGE WIND SPEED     8.1


SKY COVER
  AVERAGE SKY COVER 0.8



RELATIVE HUMIDITY (PERCENT)
 HIGHEST    86           500 AM
 LOWEST     59           300 PM
 AVERAGE    73

..........................................................


THE BENNINGTON VT CLIMATE NORMALS FOR TODAY
                         NORMAL
 MAXIMUM TEMPERATURE (F)   61
 MINIMUM TEMPERATURE (F)   38


SUNRISE AND SUNSET
APRIL 27 2017.........SUNRISE   552 AM EDT   SUNSET   749 PM EDT
APRIL 28 2017.........SUNRISE   551 AM EDT   SUNSET   751 PM EDT


-  INDICATES NEGATIVE NUMBERS.
R  INDICATES RECORD WAS SET OR TIED.
MM INDICATES DATA IS MISSING.
T  INDICATES TRACE AMOUNT.




$$
