000
CDUS41 KALY 220624
CLIDDH


CLIMATE REPORT
NATIONAL WEATHER SERVICE ALBANY NY
222 AM EDT FRI MAY 22 2015


...................................

...THE BENNINGTON VT CLIMATE SUMMARY FOR MAY 21 2015...

CLIMATE NORMAL PERIOD 1981 TO 2010
CLIMATE RECORD PERIOD 9999 TO 9999


WEATHER ITEM   OBSERVED TIME   NORMAL DEPARTURE LAST
                VALUE   (LST)  VALUE  FROM      YEAR
                                      NORMAL
......................................................
TEMPERATURE (F)
 YESTERDAY
  MAXIMUM         66    339 PM  68     -2       77
  MINIMUM         38    423 AM  45     -7       38
  AVERAGE         52            56     -4       58

PRECIPITATION (IN)
  YESTERDAY        T             0.12  -0.12     0.00
  MONTH TO DATE    0.27          2.26  -1.99     1.52
  SINCE MAR 1      3.45          8.68  -5.23     6.13
  SINCE JAN 1      6.86         13.67  -6.81    11.99

DEGREE DAYS
 HEATING
  YESTERDAY       13             9      4        7
  MONTH TO DATE  118           241   -123      195
  SINCE MAR 1   1898          1813     85     1940
  SINCE JUL 1   7400          7064    336     7188

 COOLING
  YESTERDAY        0             0      0        0
  MONTH TO DATE   33             0     33        9
  SINCE MAR 1     33             3     30       13
  SINCE JAN 1     33             3     30       13
......................................................


WIND (MPH)
  HIGHEST WIND SPEED    13   HIGHEST WIND DIRECTION     W (260)
  HIGHEST GUST SPEED    18   HIGHEST GUST DIRECTION     W (270)
  AVERAGE WIND SPEED     3.5


SKY COVER
  AVERAGE SKY COVER 0.4



RELATIVE HUMIDITY (PERCENT)
 HIGHEST    92           100 AM
 LOWEST     28           100 PM
 AVERAGE    60

..........................................................


THE BENNINGTON VT CLIMATE NORMALS FOR TODAY
                         NORMAL
 MAXIMUM TEMPERATURE (F)   69
 MINIMUM TEMPERATURE (F)   45


SUNRISE AND SUNSET
MAY 22 2015...........SUNRISE   524 AM EDT   SUNSET   816 PM EDT
MAY 23 2015...........SUNRISE   523 AM EDT   SUNSET   817 PM EDT


-  INDICATES NEGATIVE NUMBERS.
R  INDICATES RECORD WAS SET OR TIED.
MM INDICATES DATA IS MISSING.
T  INDICATES TRACE AMOUNT.




$$
