000
CDUS41 KALY 190644
CLIDDH


CLIMATE REPORT
NATIONAL WEATHER SERVICE ALBANY NY
140 AM EST WED NOV 19 2014


...................................

...THE BENNINGTON VT CLIMATE SUMMARY FOR NOVEMBER 18 2014...

CLIMATE NORMAL PERIOD 1981 TO 2010
CLIMATE RECORD PERIOD 9999 TO 9999


WEATHER ITEM   OBSERVED TIME   NORMAL DEPARTURE LAST
                VALUE   (LST)  VALUE  FROM      YEAR
                                      NORMAL
......................................................
TEMPERATURE (F)
 YESTERDAY
  MAXIMUM         37   1209 AM  47    -10       63
  MINIMUM         20   1159 PM  30    -10       39
  AVERAGE         29            38     -9       51

PRECIPITATION (IN)
  YESTERDAY        0.00          0.11  -0.11     0.23
  MONTH TO DATE    1.30          1.86  -0.56     1.25
  SINCE SEP 1      6.15          9.12  -2.97     8.82
  SINCE JAN 1     32.11         36.66  -4.55    40.54

DEGREE DAYS
 HEATING
  YESTERDAY       36            27      9       14
  MONTH TO DATE  472           442     30      435
  SINCE SEP 1   1069          1191   -122     1126
  SINCE JUL 1   1122          1263   -141     1189

 COOLING
  YESTERDAY        0             0      0        0
  MONTH TO DATE    0             0      0        0
  SINCE SEP 1     55            25     30       44
  SINCE JAN 1    308           313     -5      503
......................................................


WIND (MPH)
  HIGHEST WIND SPEED    21   HIGHEST WIND DIRECTION    NW (300)
  HIGHEST GUST SPEED    33   HIGHEST GUST DIRECTION    SW (240)
  AVERAGE WIND SPEED    11.0


SKY COVER
  AVERAGE SKY COVER 0.6



RELATIVE HUMIDITY (PERCENT)
 HIGHEST    82          1200 AM
 LOWEST     35           400 PM
 AVERAGE    59

..........................................................


THE BENNINGTON VT CLIMATE NORMALS FOR TODAY
                         NORMAL
 MAXIMUM TEMPERATURE (F)   46
 MINIMUM TEMPERATURE (F)   29


SUNRISE AND SUNSET
NOVEMBER 19 2014......SUNRISE   650 AM EST   SUNSET   426 PM EST
NOVEMBER 20 2014......SUNRISE   651 AM EST   SUNSET   426 PM EST


-  INDICATES NEGATIVE NUMBERS.
R  INDICATES RECORD WAS SET OR TIED.
MM INDICATES DATA IS MISSING.
T  INDICATES TRACE AMOUNT.




$$
