000
CDUS41 KALY 160625
CLIDDH


CLIMATE REPORT
NATIONAL WEATHER SERVICE ALBANY NY
122 AM EST TUE JAN 16 2018


...................................

...THE BENNINGTON VT CLIMATE SUMMARY FOR JANUARY 15 2018...

CLIMATE NORMAL PERIOD 1981 TO 2010
CLIMATE RECORD PERIOD 9999 TO 9999


WEATHER ITEM   OBSERVED TIME   NORMAL DEPARTURE LAST
                VALUE   (LST)  VALUE  FROM      YEAR
                                      NORMAL
......................................................
TEMPERATURE (F)
 YESTERDAY
  MAXIMUM         23    314 PM  30     -7       33
  MINIMUM         -1   1215 AM  11    -12       15
  AVERAGE         11            21    -10       24

PRECIPITATION (IN)
  YESTERDAY        0.00          0.09  -0.09     0.00
  MONTH TO DATE    1.60          1.50   0.10     1.14
  SINCE DEC 1      3.74          4.29  -0.55     3.23
  SINCE JAN 1      1.60          1.50   0.10     1.14

DEGREE DAYS
 HEATING
  YESTERDAY       54            44     10       41
  MONTH TO DATE  733           656     77      580
  SINCE DEC 1   1993          1815    178     1703
  SINCE JUL 1   3293          3428   -135     3073

 COOLING
  YESTERDAY        0             0      0        0
  MONTH TO DATE    0             0      0        0
  SINCE DEC 1      0             0      0        0
  SINCE JAN 1      0             0      0        0
......................................................


WIND (MPH)
  HIGHEST WIND SPEED     7   HIGHEST WIND DIRECTION     W (280)
  HIGHEST GUST SPEED     9   HIGHEST GUST DIRECTION    SE (140)
  AVERAGE WIND SPEED     0.8


SKY COVER
  AVERAGE SKY COVER 0.3



RELATIVE HUMIDITY (PERCENT)
 HIGHEST    87           200 AM
 LOWEST     39           200 PM
 AVERAGE    63

..........................................................


THE BENNINGTON VT CLIMATE NORMALS FOR TODAY
                         NORMAL
 MAXIMUM TEMPERATURE (F)   30
 MINIMUM TEMPERATURE (F)   11


SUNRISE AND SUNSET
JANUARY 16 2018.......SUNRISE   721 AM EST   SUNSET   445 PM EST
JANUARY 17 2018.......SUNRISE   720 AM EST   SUNSET   447 PM EST


-  INDICATES NEGATIVE NUMBERS.
R  INDICATES RECORD WAS SET OR TIED.
MM INDICATES DATA IS MISSING.
T  INDICATES TRACE AMOUNT.




$$
