000
CDUS41 KALY 190623
CLIDDH


CLIMATE REPORT
NATIONAL WEATHER SERVICE ALBANY NY
223 AM EDT SUN OCT 19 2014


...................................

...THE BENNINGTON VT CLIMATE SUMMARY FOR OCTOBER 18 2014...

CLIMATE NORMAL PERIOD 1981 TO 2010
CLIMATE RECORD PERIOD 9999 TO 9999


WEATHER ITEM   OBSERVED TIME   NORMAL DEPARTURE LAST
                VALUE   (LST)  VALUE  FROM      YEAR
                                      NORMAL
......................................................
TEMPERATURE (F)
 YESTERDAY
  MAXIMUM         62    106 AM  58      4       64
  MINIMUM         49   1124 PM  36     13       38
  AVERAGE         56            47      9       51

PRECIPITATION (IN)
  YESTERDAY        0.17          0.12   0.05     0.12
  MONTH TO DATE    2.03          2.25  -0.22     2.62
  SINCE SEP 1      3.05          5.82  -2.77     6.65
  SINCE JAN 1     29.01         33.36  -4.35    38.37

DEGREE DAYS
 HEATING
  YESTERDAY        9            18     -9       14
  MONTH TO DATE  169           277   -108      159
  SINCE SEP 1    363           483   -120      418
  SINCE JUL 1    416           555   -139      481

 COOLING
  YESTERDAY        0             0      0        0
  MONTH TO DATE   11             0     11        0
  SINCE SEP 1     55            23     32       44
  SINCE JAN 1    308           311     -3      503
......................................................


WIND (MPH)
  HIGHEST WIND SPEED    15   HIGHEST WIND DIRECTION     W (280)
  HIGHEST GUST SPEED    21   HIGHEST GUST DIRECTION     W (280)
  AVERAGE WIND SPEED     4.2


SKY COVER
  AVERAGE SKY COVER 0.9



RELATIVE HUMIDITY (PERCENT)
 HIGHEST    89           500 PM
 LOWEST     60          1200 AM
 AVERAGE    75

..........................................................


THE BENNINGTON VT CLIMATE NORMALS FOR TODAY
                         NORMAL
 MAXIMUM TEMPERATURE (F)   58
 MINIMUM TEMPERATURE (F)   35


SUNRISE AND SUNSET
OCTOBER 19 2014.......SUNRISE   711 AM EDT   SUNSET   604 PM EDT
OCTOBER 20 2014.......SUNRISE   712 AM EDT   SUNSET   603 PM EDT


-  INDICATES NEGATIVE NUMBERS.
R  INDICATES RECORD WAS SET OR TIED.
MM INDICATES DATA IS MISSING.
T  INDICATES TRACE AMOUNT.




$$
