530
CDUS41 KALY 200626
CLIDDH


CLIMATE REPORT
NATIONAL WEATHER SERVICE ALBANY NY
226 AM EDT THU APR 20 2017


...................................

...THE BENNINGTON VT CLIMATE SUMMARY FOR APRIL 19 2017...

CLIMATE NORMAL PERIOD 1981 TO 2010
CLIMATE RECORD PERIOD 9999 TO 9999


WEATHER ITEM   OBSERVED TIME   NORMAL DEPARTURE LAST
                VALUE   (LST)  VALUE  FROM      YEAR
                                      NORMAL
......................................................
TEMPERATURE (F)
 YESTERDAY
  MAXIMUM         56    100 PM  58     -2       61
  MINIMUM         41    404 AM  36      5       44
  AVERAGE         49            47      2       53

PRECIPITATION (IN)
  YESTERDAY        0.09          0.09   0.00     0.03
  MONTH TO DATE    1.75          2.16  -0.41     2.20
  SINCE MAR 1      4.86          5.31  -0.45     4.66
  SINCE JAN 1      8.49         10.30  -1.81     9.70

DEGREE DAYS
 HEATING
  YESTERDAY       16            18     -2       12
  MONTH TO DATE  324           411    -87      465
  SINCE MAR 1   1430          1395     35     1229
  SINCE JUL 1   5965          6646   -681     5562

 COOLING
  YESTERDAY        0             0      0        0
  MONTH TO DATE    3             0      3        0
  SINCE MAR 1      3             0      3        0
  SINCE JAN 1      3             0      3        0
......................................................


WIND (MPH)
  HIGHEST WIND SPEED    25   HIGHEST WIND DIRECTION     S (180)
  HIGHEST GUST SPEED    35   HIGHEST GUST DIRECTION    SE (140)
  AVERAGE WIND SPEED     9.8


SKY COVER
  AVERAGE SKY COVER 0.7



RELATIVE HUMIDITY (PERCENT)
 HIGHEST    76           400 PM
 LOWEST     43           100 PM
 AVERAGE    60

..........................................................


THE BENNINGTON VT CLIMATE NORMALS FOR TODAY
                         NORMAL
 MAXIMUM TEMPERATURE (F)   59
 MINIMUM TEMPERATURE (F)   36


SUNRISE AND SUNSET
APRIL 20 2017.........SUNRISE   603 AM EDT   SUNSET   741 PM EDT
APRIL 21 2017.........SUNRISE   601 AM EDT   SUNSET   743 PM EDT


-  INDICATES NEGATIVE NUMBERS.
R  INDICATES RECORD WAS SET OR TIED.
MM INDICATES DATA IS MISSING.
T  INDICATES TRACE AMOUNT.




$$
