000
CDUS41 KALY 230623
CLIDDH


CLIMATE REPORT
NATIONAL WEATHER SERVICE ALBANY NY
122 AM EST SUN NOV 23 2014


...................................

...THE BENNINGTON VT CLIMATE SUMMARY FOR NOVEMBER 22 2014...

CLIMATE NORMAL PERIOD 1981 TO 2010
CLIMATE RECORD PERIOD 9999 TO 9999


WEATHER ITEM   OBSERVED TIME   NORMAL DEPARTURE LAST
                VALUE   (LST)  VALUE  FROM      YEAR
                                      NORMAL
......................................................
TEMPERATURE (F)
 YESTERDAY
  MAXIMUM         40    953 PM  45     -5       MM
  MINIMUM         15    728 AM  29    -14       MM
  AVERAGE         28            37     -9       MM

PRECIPITATION (IN)
  YESTERDAY        T             0.10  -0.10     0.06
  MONTH TO DATE    1.30          2.26  -0.96     1.31
  SINCE SEP 1      6.15          9.52  -3.37     8.88
  SINCE JAN 1     32.11         37.06  -4.95    40.60

DEGREE DAYS
 HEATING
  YESTERDAY       37            28      9       MM
  MONTH TO DATE  623           553     70      467
  SINCE SEP 1   1220          1302    -82     1158
  SINCE JUL 1   1273          1374   -101     1221

 COOLING
  YESTERDAY        0             0      0       MM
  MONTH TO DATE    0             0      0        0
  SINCE SEP 1     55            25     30       44
  SINCE JAN 1    308           313     -5      503
......................................................


WIND (MPH)
  HIGHEST WIND SPEED    12   HIGHEST WIND DIRECTION     S (170)
  HIGHEST GUST SPEED    15   HIGHEST GUST DIRECTION     S (160)
  AVERAGE WIND SPEED     2.9


SKY COVER
  AVERAGE SKY COVER 0.6



RELATIVE HUMIDITY (PERCENT)
 HIGHEST    80           800 AM
 LOWEST     25           300 PM
 AVERAGE    53

..........................................................


THE BENNINGTON VT CLIMATE NORMALS FOR TODAY
                         NORMAL
 MAXIMUM TEMPERATURE (F)   45
 MINIMUM TEMPERATURE (F)   28


SUNRISE AND SUNSET
NOVEMBER 23 2014......SUNRISE   655 AM EST   SUNSET   424 PM EST
NOVEMBER 24 2014......SUNRISE   656 AM EST   SUNSET   423 PM EST


-  INDICATES NEGATIVE NUMBERS.
R  INDICATES RECORD WAS SET OR TIED.
MM INDICATES DATA IS MISSING.
T  INDICATES TRACE AMOUNT.




$$
