000
CDUS41 KALY 120623
CLIDDH


CLIMATE REPORT
NATIONAL WEATHER SERVICE ALBANY NY
222 AM EDT THU OCT 12 2017


...................................

...THE BENNINGTON VT CLIMATE SUMMARY FOR OCTOBER 11 2017...

CLIMATE NORMAL PERIOD 1981 TO 2010
CLIMATE RECORD PERIOD 9999 TO 9999


WEATHER ITEM   OBSERVED TIME   NORMAL DEPARTURE LAST
                VALUE   (LST)  VALUE  FROM      YEAR
                                      NORMAL
......................................................
TEMPERATURE (F)
 YESTERDAY
  MAXIMUM         63    150 PM  60      3       65
  MINIMUM         48   1159 PM  38     10       29
  AVERAGE         56            49      7       47

PRECIPITATION (IN)
  YESTERDAY        T             0.13  -0.13     0.00
  MONTH TO DATE    0.45          1.36  -0.91     0.42
  SINCE SEP 1      3.95          4.93  -0.98     3.45
  SINCE JAN 1     36.30         32.47   3.83    24.76

DEGREE DAYS
 HEATING
  YESTERDAY        9            16     -7       18
  MONTH TO DATE   73           156    -83      119
  SINCE SEP 1    209           362   -153      242
  SINCE JUL 1    276           434   -158      264

 COOLING
  YESTERDAY        0             0      0        0
  MONTH TO DATE    8             0      8        0
  SINCE SEP 1     84            23     61       45
  SINCE JAN 1    391           311     80      484
......................................................


WIND (MPH)
  HIGHEST WIND SPEED    10   HIGHEST WIND DIRECTION     N (10)
  HIGHEST GUST SPEED    15   HIGHEST GUST DIRECTION     N (350)
  AVERAGE WIND SPEED     2.3


SKY COVER
  AVERAGE SKY COVER 0.6



RELATIVE HUMIDITY (PERCENT)
 HIGHEST   100          1200 AM
 LOWEST     67           200 PM
 AVERAGE    84

..........................................................


THE BENNINGTON VT CLIMATE NORMALS FOR TODAY
                         NORMAL
 MAXIMUM TEMPERATURE (F)   60
 MINIMUM TEMPERATURE (F)   37


SUNRISE AND SUNSET
OCTOBER 12 2017.......SUNRISE   703 AM EDT   SUNSET   615 PM EDT
OCTOBER 13 2017.......SUNRISE   704 AM EDT   SUNSET   613 PM EDT


-  INDICATES NEGATIVE NUMBERS.
R  INDICATES RECORD WAS SET OR TIED.
MM INDICATES DATA IS MISSING.
T  INDICATES TRACE AMOUNT.




$$
