000
CDUS41 KALY 140624
CLIDDH


CLIMATE REPORT
NATIONAL WEATHER SERVICE ALBANY NY
123 AM EST SUN DEC 14 2014


...................................

...THE BENNINGTON VT CLIMATE SUMMARY FOR DECEMBER 13 2014...

CLIMATE NORMAL PERIOD 1981 TO 2010
CLIMATE RECORD PERIOD 9999 TO 9999


WEATHER ITEM   OBSERVED TIME   NORMAL DEPARTURE LAST
                VALUE   (LST)  VALUE  FROM      YEAR
                                      NORMAL
......................................................
TEMPERATURE (F)
 YESTERDAY
  MAXIMUM         31    609 PM  36     -5       24
  MINIMUM         25    841 AM  21      4        9
  AVERAGE         28            29     -1       17

PRECIPITATION (IN)
  YESTERDAY        0.01          0.09  -0.08      T
  MONTH TO DATE    2.14          1.25   0.89     0.38
  SINCE DEC 1      2.14          1.25   0.89     0.38
  SINCE JAN 1     35.19         39.16  -3.97    42.28

DEGREE DAYS
 HEATING
  YESTERDAY       37            36      1       48
  MONTH TO DATE  449           442      7      450
  SINCE DEC 1    449           442      7      450
  SINCE JUL 1   1942          2055   -113     1981

 COOLING
  YESTERDAY        0             0      0        0
  MONTH TO DATE    0             0      0        0
  SINCE DEC 1      0             0      0        0
  SINCE JAN 1    308           313     -5      503
......................................................


WIND (MPH)
  HIGHEST WIND SPEED     9   HIGHEST WIND DIRECTION     W (270)
  HIGHEST GUST SPEED    12   HIGHEST GUST DIRECTION     W (280)
  AVERAGE WIND SPEED     2.8


SKY COVER
  AVERAGE SKY COVER 0.9



RELATIVE HUMIDITY (PERCENT)
 HIGHEST    92          1100 PM
 LOWEST     75          1100 AM
 AVERAGE    84

..........................................................


THE BENNINGTON VT CLIMATE NORMALS FOR TODAY
                         NORMAL
 MAXIMUM TEMPERATURE (F)   36
 MINIMUM TEMPERATURE (F)   20


SUNRISE AND SUNSET
DECEMBER 14 2014......SUNRISE   716 AM EST   SUNSET   419 PM EST
DECEMBER 15 2014......SUNRISE   717 AM EST   SUNSET   419 PM EST


-  INDICATES NEGATIVE NUMBERS.
R  INDICATES RECORD WAS SET OR TIED.
MM INDICATES DATA IS MISSING.
T  INDICATES TRACE AMOUNT.




$$
