000
CDUS41 KALY 240624
CLIDDH


CLIMATE REPORT
NATIONAL WEATHER SERVICE ALBANY NY
223 AM EDT SUN JUL 24 2016


...................................

...THE BENNINGTON VT CLIMATE SUMMARY FOR JULY 23 2016...

CLIMATE NORMAL PERIOD 1981 TO 2010
CLIMATE RECORD PERIOD 9999 TO 9999


WEATHER ITEM   OBSERVED TIME   NORMAL DEPARTURE LAST
                VALUE   (LST)  VALUE  FROM      YEAR
                                      NORMAL
......................................................
TEMPERATURE (F)
 YESTERDAY
  MAXIMUM         88   1258 PM  80      8       76
  MINIMUM         56   1159 PM  57     -1       54
  AVERAGE         72            68      4       65

PRECIPITATION (IN)
  YESTERDAY        0.04          0.15  -0.11     0.07
  MONTH TO DATE    1.34          3.21  -1.87     1.92
  SINCE JUN 1      3.08          7.34  -4.26     4.87
  SINCE JAN 1     16.13         22.41  -6.28    12.43

DEGREE DAYS
 HEATING
  YESTERDAY        0             1     -1        0
  MONTH TO DATE   10            23    -13       25
  SINCE JUN 1     79           120    -41      120
  SINCE JUL 1     10            23    -13       25

 COOLING
  YESTERDAY        7             4      3        0
  MONTH TO DATE  113            91     22       83
  SINCE JUN 1    171           149     22      130
  SINCE JAN 1    213           163     50      194
......................................................


WIND (MPH)
  HIGHEST WIND SPEED    16   HIGHEST WIND DIRECTION     W (280)
  HIGHEST GUST SPEED    24   HIGHEST GUST DIRECTION     W (270)
  AVERAGE WIND SPEED     3.5


SKY COVER
  AVERAGE SKY COVER 0.2



RELATIVE HUMIDITY (PERCENT)
 HIGHEST    97           900 PM
 LOWEST     39           100 PM
 AVERAGE    68

..........................................................


THE BENNINGTON VT CLIMATE NORMALS FOR TODAY
                         NORMAL
 MAXIMUM TEMPERATURE (F)   80
 MINIMUM TEMPERATURE (F)   57


SUNRISE AND SUNSET
JULY 24 2016..........SUNRISE   537 AM EDT   SUNSET   822 PM EDT
JULY 25 2016..........SUNRISE   538 AM EDT   SUNSET   821 PM EDT


-  INDICATES NEGATIVE NUMBERS.
R  INDICATES RECORD WAS SET OR TIED.
MM INDICATES DATA IS MISSING.
T  INDICATES TRACE AMOUNT.




$$
