000
CDUS41 KALY 070622
CLIDDH


CLIMATE REPORT
NATIONAL WEATHER SERVICE ALBANY NY
121 AM EST THU DEC 7 2017


...................................

...THE BENNINGTON VT CLIMATE SUMMARY FOR DECEMBER 6 2017...

CLIMATE NORMAL PERIOD 1981 TO 2010
CLIMATE RECORD PERIOD 9999 TO 9999


WEATHER ITEM   OBSERVED TIME   NORMAL DEPARTURE LAST
                VALUE   (LST)  VALUE  FROM      YEAR
                                      NORMAL
......................................................
TEMPERATURE (F)
 YESTERDAY
  MAXIMUM         55   1253 AM  39     16       42
  MINIMUM         26    807 PM  24      2       27
  AVERAGE         41            32      9       35

PRECIPITATION (IN)
  YESTERDAY        0.08          0.11  -0.03     0.00
  MONTH TO DATE    0.51          0.59  -0.08     0.50
  SINCE DEC 1      0.51          0.59  -0.08     0.50
  SINCE JAN 1     40.07         38.50   1.57    31.04

DEGREE DAYS
 HEATING
  YESTERDAY       24            34    -10       30
  MONTH TO DATE  151           196    -45      175
  SINCE DEC 1    151           196    -45      175
  SINCE JUL 1   1451          1809   -358     1545

 COOLING
  YESTERDAY        0             0      0        0
  MONTH TO DATE    0             0      0        0
  SINCE DEC 1      0             0      0        0
  SINCE JAN 1    395           313     82      488
......................................................


WIND (MPH)
  HIGHEST WIND SPEED    25   HIGHEST WIND DIRECTION     W (270)
  HIGHEST GUST SPEED    36   HIGHEST GUST DIRECTION     W (270)
  AVERAGE WIND SPEED     8.0


SKY COVER
  AVERAGE SKY COVER 0.5



RELATIVE HUMIDITY (PERCENT)
 HIGHEST    86           200 AM
 LOWEST     37           200 PM
 AVERAGE    62

..........................................................


THE BENNINGTON VT CLIMATE NORMALS FOR TODAY
                         NORMAL
 MAXIMUM TEMPERATURE (F)   39
 MINIMUM TEMPERATURE (F)   24


SUNRISE AND SUNSET
DECEMBER  7 2017......SUNRISE   710 AM EST   SUNSET   419 PM EST
DECEMBER  8 2017......SUNRISE   711 AM EST   SUNSET   419 PM EST


-  INDICATES NEGATIVE NUMBERS.
R  INDICATES RECORD WAS SET OR TIED.
MM INDICATES DATA IS MISSING.
T  INDICATES TRACE AMOUNT.




$$
