000
CDUS41 KALY 040624
CLIDDH


CLIMATE REPORT
NATIONAL WEATHER SERVICE ALBANY NY
224 AM EDT WED MAY 4 2016


...................................

...THE BENNINGTON VT CLIMATE SUMMARY FOR MAY 3 2016...

CLIMATE NORMAL PERIOD 1981 TO 2010
CLIMATE RECORD PERIOD 9999 TO 9999


WEATHER ITEM   OBSERVED TIME   NORMAL DEPARTURE LAST
                VALUE   (LST)  VALUE  FROM      YEAR
                                      NORMAL
......................................................
TEMPERATURE (F)
 YESTERDAY
  MAXIMUM         54    504 PM  63     -9       76
  MINIMUM         45    603 AM  40      5       40
  AVERAGE         50            52     -2       58

PRECIPITATION (IN)
  YESTERDAY        0.06          0.10  -0.04     0.00
  MONTH TO DATE    0.65          0.29   0.36     0.00
  SINCE MAR 1      5.74          6.71  -0.97     3.18
  SINCE JAN 1     10.78         11.70  -0.92     6.59

DEGREE DAYS
 HEATING
  YESTERDAY       15            14      1        7
  MONTH TO DATE   51            42      9       31
  SINCE MAR 1   1459          1614   -155     1811
  SINCE JUL 1   5792          6865  -1073     7313

 COOLING
  YESTERDAY        0             0      0        0
  MONTH TO DATE    0             0      0        0
  SINCE MAR 1      1             3     -2        0
  SINCE JAN 1      1             3     -2        0
......................................................


WIND (MPH)
  HIGHEST WIND SPEED     8   HIGHEST WIND DIRECTION    NW (320)
  HIGHEST GUST SPEED     9   HIGHEST GUST DIRECTION     W (290)
  AVERAGE WIND SPEED     2.0


SKY COVER
  AVERAGE SKY COVER 1.0



RELATIVE HUMIDITY (PERCENT)
 HIGHEST   100           100 AM
 LOWEST     66           200 PM
 AVERAGE    83

..........................................................


THE BENNINGTON VT CLIMATE NORMALS FOR TODAY
                         NORMAL
 MAXIMUM TEMPERATURE (F)   64
 MINIMUM TEMPERATURE (F)   40


SUNRISE AND SUNSET
MAY  4 2016...........SUNRISE   542 AM EDT   SUNSET   758 PM EDT
MAY  5 2016...........SUNRISE   541 AM EDT   SUNSET   759 PM EDT


-  INDICATES NEGATIVE NUMBERS.
R  INDICATES RECORD WAS SET OR TIED.
MM INDICATES DATA IS MISSING.
T  INDICATES TRACE AMOUNT.




$$
