000
CDUS41 KALY 290623
CLIDDH


CLIMATE REPORT
NATIONAL WEATHER SERVICE ALBANY NY
122 AM EST SAT NOV 29 2014


...................................

...THE BENNINGTON VT CLIMATE SUMMARY FOR NOVEMBER 28 2014...

CLIMATE NORMAL PERIOD 1981 TO 2010
CLIMATE RECORD PERIOD 9999 TO 9999


WEATHER ITEM   OBSERVED TIME   NORMAL DEPARTURE LAST
                VALUE   (LST)  VALUE  FROM      YEAR
                                      NORMAL
......................................................
TEMPERATURE (F)
 YESTERDAY
  MAXIMUM         28    146 PM  42    -14       31
  MINIMUM         21   1159 PM  27     -6       13
  AVERAGE         25            35    -10       22

PRECIPITATION (IN)
  YESTERDAY        T             0.12  -0.12     0.01
  MONTH TO DATE    2.24          2.89  -0.65     2.61
  SINCE SEP 1      7.09         10.15  -3.06    10.18
  SINCE JAN 1     33.05         37.69  -4.64    41.90

DEGREE DAYS
 HEATING
  YESTERDAY       40            30     10       43
  MONTH TO DATE  777           730     47      685
  SINCE SEP 1   1374          1479   -105     1376
  SINCE JUL 1   1427          1551   -124     1439

 COOLING
  YESTERDAY        0             0      0        0
  MONTH TO DATE    0             0      0        0
  SINCE SEP 1     55            25     30       44
  SINCE JAN 1    308           313     -5      503
......................................................


WIND (MPH)
  HIGHEST WIND SPEED    14   HIGHEST WIND DIRECTION     W (270)
  HIGHEST GUST SPEED    19   HIGHEST GUST DIRECTION     W (280)
  AVERAGE WIND SPEED     5.4


SKY COVER
  AVERAGE SKY COVER 0.9



RELATIVE HUMIDITY (PERCENT)
 HIGHEST    92           200 AM
 LOWEST     68          1200 PM
 AVERAGE    80

..........................................................


THE BENNINGTON VT CLIMATE NORMALS FOR TODAY
                         NORMAL
 MAXIMUM TEMPERATURE (F)   42
 MINIMUM TEMPERATURE (F)   27


SUNRISE AND SUNSET
NOVEMBER 29 2014......SUNRISE   702 AM EST   SUNSET   420 PM EST
NOVEMBER 30 2014......SUNRISE   703 AM EST   SUNSET   420 PM EST


-  INDICATES NEGATIVE NUMBERS.
R  INDICATES RECORD WAS SET OR TIED.
MM INDICATES DATA IS MISSING.
T  INDICATES TRACE AMOUNT.




$$
