000
CDUS41 KALY 260624
CLIDDH


CLIMATE REPORT
NATIONAL WEATHER SERVICE ALBANY NY
224 AM EDT WED JUL 26 2017


...................................

...THE BENNINGTON VT CLIMATE SUMMARY FOR JULY 25 2017...

CLIMATE NORMAL PERIOD 1981 TO 2010
CLIMATE RECORD PERIOD 9999 TO 9999


WEATHER ITEM   OBSERVED TIME   NORMAL DEPARTURE LAST
                VALUE   (LST)  VALUE  FROM      YEAR
                                      NORMAL
......................................................
TEMPERATURE (F)
 YESTERDAY
  MAXIMUM         64    336 PM  80    -16       89
  MINIMUM         56   1149 PM  57     -1       60
  AVERAGE         60            68     -8       75

PRECIPITATION (IN)
  YESTERDAY        0.02          0.15  -0.13      T
  MONTH TO DATE    6.09          3.50   2.59     1.34
  SINCE JUN 1     13.17          7.63   5.54     3.08
  SINCE JAN 1     29.41         22.70   6.71    16.13

DEGREE DAYS
 HEATING
  YESTERDAY        5             1      4        0
  MONTH TO DATE    8            25    -17       10
  SINCE JUN 1    103           122    -19       79
  SINCE JUL 1      8            25    -17       10

 COOLING
  YESTERDAY        0             4     -4       10
  MONTH TO DATE  115            99     16      127
  SINCE JUN 1    202           157     45      185
  SINCE JAN 1    217           171     46      227
......................................................


WIND (MPH)
  HIGHEST WIND SPEED    12   HIGHEST WIND DIRECTION    SE (130)
  HIGHEST GUST SPEED    17   HIGHEST GUST DIRECTION     E (110)
  AVERAGE WIND SPEED     2.1


SKY COVER
  AVERAGE SKY COVER 0.9



RELATIVE HUMIDITY (PERCENT)
 HIGHEST    90           700 PM
 LOWEST     73           300 PM
 AVERAGE    82

..........................................................


THE BENNINGTON VT CLIMATE NORMALS FOR TODAY
                         NORMAL
 MAXIMUM TEMPERATURE (F)   80
 MINIMUM TEMPERATURE (F)   57


SUNRISE AND SUNSET
JULY 26 2017..........SUNRISE   538 AM EDT   SUNSET   820 PM EDT
JULY 27 2017..........SUNRISE   539 AM EDT   SUNSET   819 PM EDT


-  INDICATES NEGATIVE NUMBERS.
R  INDICATES RECORD WAS SET OR TIED.
MM INDICATES DATA IS MISSING.
T  INDICATES TRACE AMOUNT.




$$
