000
CDUS41 KALY 030624
CLIDDH


CLIMATE REPORT
NATIONAL WEATHER SERVICE ALBANY NY
223 AM EDT THU SEP 3 2015


...................................

...THE BENNINGTON VT CLIMATE SUMMARY FOR SEPTEMBER 2 2015...

CLIMATE NORMAL PERIOD 1981 TO 2010
CLIMATE RECORD PERIOD 9999 TO 9999


WEATHER ITEM   OBSERVED TIME   NORMAL DEPARTURE LAST
                VALUE   (LST)  VALUE  FROM      YEAR
                                      NORMAL
......................................................
TEMPERATURE (F)
 YESTERDAY
  MAXIMUM         85    425 PM  75     10       85
  MINIMUM         54    547 AM  52      2       65
  AVERAGE         70            64      6       75

PRECIPITATION (IN)
  YESTERDAY        0.00          0.09  -0.09     0.23
  MONTH TO DATE    0.00          0.19  -0.19     0.23
  SINCE SEP 1      0.00          0.19  -0.19     0.23
  SINCE JAN 1     14.23         27.73 -13.50    26.19

DEGREE DAYS
 HEATING
  YESTERDAY        0             3     -3        0
  MONTH TO DATE    0             6     -6        0
  SINCE SEP 1      0             6     -6        0
  SINCE JUL 1     39            78    -39       53

 COOLING
  YESTERDAY        5             2      3       10
  MONTH TO DATE   11             4      7       19
  SINCE SEP 1     11             4      7       19
  SINCE JAN 1    379           292     87      272
......................................................


WIND (MPH)
  HIGHEST WIND SPEED     9   HIGHEST WIND DIRECTION    NW (330)
  HIGHEST GUST SPEED    13   HIGHEST GUST DIRECTION     N (350)
  AVERAGE WIND SPEED     2.1


SKY COVER
  AVERAGE SKY COVER 0.2



RELATIVE HUMIDITY (PERCENT)
 HIGHEST   100           300 AM
 LOWEST     44           200 PM
 AVERAGE    72

..........................................................


THE BENNINGTON VT CLIMATE NORMALS FOR TODAY
                         NORMAL
 MAXIMUM TEMPERATURE (F)   75
 MINIMUM TEMPERATURE (F)   52


SUNRISE AND SUNSET
SEPTEMBER  3 2015.....SUNRISE   619 AM EDT   SUNSET   725 PM EDT
SEPTEMBER  4 2015.....SUNRISE   620 AM EDT   SUNSET   723 PM EDT


-  INDICATES NEGATIVE NUMBERS.
R  INDICATES RECORD WAS SET OR TIED.
MM INDICATES DATA IS MISSING.
T  INDICATES TRACE AMOUNT.




$$
