000
CDUS41 KALY 160631
CLIDDH


CLIMATE REPORT
NATIONAL WEATHER SERVICE ALBANY NY
231 AM EDT FRI SEP 16 2016


...................................

...THE BENNINGTON VT CLIMATE SUMMARY FOR SEPTEMBER 15 2016...

CLIMATE NORMAL PERIOD 1981 TO 2010
CLIMATE RECORD PERIOD 9999 TO 9999


WEATHER ITEM   OBSERVED TIME   NORMAL DEPARTURE LAST
                VALUE   (LST)  VALUE  FROM      YEAR
                                      NORMAL
......................................................
TEMPERATURE (F)
 YESTERDAY
  MAXIMUM         68    347 PM  71     -3       77
  MINIMUM         39    549 AM  48     -9       45
  AVERAGE         54            59     -5       61

PRECIPITATION (IN)
  YESTERDAY        0.00          0.11  -0.11     0.00
  MONTH TO DATE    0.73          1.62  -0.89     3.34
  SINCE SEP 1      0.73          1.62  -0.89     3.34
  SINCE JAN 1     22.04         29.16  -7.12    17.57

DEGREE DAYS
 HEATING
  YESTERDAY       11             6      5        4
  MONTH TO DATE   36            67    -31       12
  SINCE SEP 1     36            67    -31       12
  SINCE JUL 1     58           139    -81       51

 COOLING
  YESTERDAY        0             1     -1        0
  MONTH TO DATE   33            19     14       66
  SINCE SEP 1     33            19     14       66
  SINCE JAN 1    472           307    165      434
......................................................


WIND (MPH)
  HIGHEST WIND SPEED     9   HIGHEST WIND DIRECTION     W (260)
  HIGHEST GUST SPEED    12   HIGHEST GUST DIRECTION     W (270)
  AVERAGE WIND SPEED     1.8


SKY COVER
  AVERAGE SKY COVER 0.0



RELATIVE HUMIDITY (PERCENT)
 HIGHEST   100           300 AM
 LOWEST     45           300 PM
 AVERAGE    73

..........................................................


THE BENNINGTON VT CLIMATE NORMALS FOR TODAY
                         NORMAL
 MAXIMUM TEMPERATURE (F)   71
 MINIMUM TEMPERATURE (F)   47


SUNRISE AND SUNSET
SEPTEMBER 16 2016.....SUNRISE   634 AM EDT   SUNSET   700 PM EDT
SEPTEMBER 17 2016.....SUNRISE   635 AM EDT   SUNSET   658 PM EDT


-  INDICATES NEGATIVE NUMBERS.
R  INDICATES RECORD WAS SET OR TIED.
MM INDICATES DATA IS MISSING.
T  INDICATES TRACE AMOUNT.




$$
