000
CDUS41 KALY 112059
CLIDDH


CLIMATE REPORT
NATIONAL WEATHER SERVICE ALBANY NY
459 PM EDT FRI AUG 11 2017


...................................

...THE BENNINGTON VT CLIMATE SUMMARY FOR AUGUST 11 2017...
VALID TODAY AS OF 0400 PM LOCAL TIME.

CLIMATE NORMAL PERIOD 1981 TO 2010
CLIMATE RECORD PERIOD 9999 TO 9999


WEATHER ITEM   OBSERVED TIME   NORMAL DEPARTURE LAST
                VALUE   (LST)  VALUE  FROM      YEAR
                                      NORMAL
......................................................
TEMPERATURE (F)
 TODAY
  MAXIMUM         77    112 PM  78     -1       91
  MINIMUM         58    517 AM  56      2       64
  AVERAGE         68            67      1       78

PRECIPITATION (IN)
  TODAY            0.00          0.13  -0.13      T
  MONTH TO DATE    0.87          1.58  -0.71     2.56
  SINCE JUN 1     14.15         10.05   4.10     6.69
  SINCE JAN 1     30.39         25.12   5.27    19.74

DEGREE DAYS
 HEATING
  TODAY            0             1     -1        0
  MONTH TO DATE    6            11     -5        0
  SINCE JUN 1    114           132    -18       79
  SINCE JUL 1     19            35    -16       10

 COOLING
  TODAY            3             4     -1       13
  MONTH TO DATE   36            44     -8       64
  SINCE JUN 1    242           225     17      288
  SINCE JAN 1    257           239     18      330
......................................................


WIND (MPH)
  HIGHEST WIND SPEED     6   HIGHEST WIND DIRECTION     S (190)
  HIGHEST GUST SPEED    MM   HIGHEST GUST DIRECTION    MM
  AVERAGE WIND SPEED     0.9


SKY COVER
  AVERAGE SKY COVER 0.5



RELATIVE HUMIDITY (PERCENT)
 HIGHEST    93
 LOWEST     54
 AVERAGE    74

..........................................................


THE BENNINGTON VT CLIMATE NORMALS FOR TOMORROW
                         NORMAL
 MAXIMUM TEMPERATURE (F)   78
 MINIMUM TEMPERATURE (F)   56


SUNRISE AND SUNSET
AUGUST 11 2017........SUNRISE   555 AM EDT   SUNSET   801 PM EDT
AUGUST 12 2017........SUNRISE   556 AM EDT   SUNSET   759 PM EDT


-  INDICATES NEGATIVE NUMBERS.
R  INDICATES RECORD WAS SET OR TIED.
MM INDICATES DATA IS MISSING.
T  INDICATES TRACE AMOUNT.




$$
