592
CDUS41 KALY 230621
CLIDDH


CLIMATE REPORT
NATIONAL WEATHER SERVICE ALBANY NY
221 AM EDT SAT JUL 23 2016


...................................

...THE BENNINGTON VT CLIMATE SUMMARY FOR JULY 22 2016...

CLIMATE NORMAL PERIOD 1981 TO 2010
CLIMATE RECORD PERIOD 9999 TO 9999


WEATHER ITEM   OBSERVED TIME   NORMAL DEPARTURE LAST
                VALUE   (LST)  VALUE  FROM      YEAR
                                      NORMAL
......................................................
TEMPERATURE (F)
 YESTERDAY
  MAXIMUM         91    323 PM  80     11       77
  MINIMUM         57    205 AM  57      0       54
  AVERAGE         74            68      6       66

PRECIPITATION (IN)
  YESTERDAY        T             0.15  -0.15     0.00
  MONTH TO DATE    1.30          3.06  -1.76     1.85
  SINCE JUN 1      3.04          7.19  -4.15     4.80
  SINCE JAN 1     16.09         22.26  -6.17    12.36

DEGREE DAYS
 HEATING
  YESTERDAY        0             1     -1        0
  MONTH TO DATE   10            22    -12       25
  SINCE JUN 1     79           119    -40      120
  SINCE JUL 1     10            22    -12       25

 COOLING
  YESTERDAY        9             4      5        1
  MONTH TO DATE  106            87     19       83
  SINCE JUN 1    164           145     19      130
  SINCE JAN 1    206           159     47      194
......................................................


WIND (MPH)
  HIGHEST WIND SPEED    16   HIGHEST WIND DIRECTION     W (250)
  HIGHEST GUST SPEED    26   HIGHEST GUST DIRECTION     W (260)
  AVERAGE WIND SPEED     5.3


SKY COVER
  AVERAGE SKY COVER 0.4



RELATIVE HUMIDITY (PERCENT)
 HIGHEST    93           100 AM
 LOWEST     41           300 PM
 AVERAGE    67

..........................................................


THE BENNINGTON VT CLIMATE NORMALS FOR TODAY
                         NORMAL
 MAXIMUM TEMPERATURE (F)   80
 MINIMUM TEMPERATURE (F)   57


SUNRISE AND SUNSET
JULY 23 2016..........SUNRISE   536 AM EDT   SUNSET   823 PM EDT
JULY 24 2016..........SUNRISE   537 AM EDT   SUNSET   822 PM EDT


-  INDICATES NEGATIVE NUMBERS.
R  INDICATES RECORD WAS SET OR TIED.
MM INDICATES DATA IS MISSING.
T  INDICATES TRACE AMOUNT.




$$
