000
CDUS41 KALY 260644
CLIDDH


CLIMATE REPORT
NATIONAL WEATHER SERVICE ALBANY NY
241 AM EDT WED AUG 26 2015


...................................

...THE BENNINGTON VT CLIMATE SUMMARY FOR AUGUST 25 2015...

CLIMATE NORMAL PERIOD 1981 TO 2010
CLIMATE RECORD PERIOD 9999 TO 9999


WEATHER ITEM   OBSERVED TIME   NORMAL DEPARTURE LAST
                VALUE   (LST)  VALUE  FROM      YEAR
                                      NORMAL
......................................................
TEMPERATURE (F)
 YESTERDAY
  MAXIMUM         83    349 PM  77      6       83
  MINIMUM         58   1156 PM  54      4       50
  AVERAGE         71            65      6       67

PRECIPITATION (IN)
  YESTERDAY        0.34          0.11   0.23     0.00
  MONTH TO DATE    1.73          3.30  -1.57     1.84
  SINCE JUN 1      6.67         11.77  -5.10    13.12
  SINCE JAN 1     14.23         26.84 -12.61    25.95

DEGREE DAYS
 HEATING
  YESTERDAY        0             2     -2        0
  MONTH TO DATE    4            30    -26       37
  SINCE JUN 1    126           151    -25       95
  SINCE JUL 1     31            54    -23       48

 COOLING
  YESTERDAY        6             2      4        2
  MONTH TO DATE  112            83     29       36
  SINCE JUN 1    296           264     32      222
  SINCE JAN 1    360           278     82      238
......................................................


WIND (MPH)
  HIGHEST WIND SPEED    12   HIGHEST WIND DIRECTION    NW (320)
  HIGHEST GUST SPEED    17   HIGHEST GUST DIRECTION     W (290)
  AVERAGE WIND SPEED     2.3


SKY COVER
  AVERAGE SKY COVER 0.5



RELATIVE HUMIDITY (PERCENT)
 HIGHEST    97          1000 PM
 LOWEST     47           400 PM
 AVERAGE    72

..........................................................


THE BENNINGTON VT CLIMATE NORMALS FOR TODAY
                         NORMAL
 MAXIMUM TEMPERATURE (F)   76
 MINIMUM TEMPERATURE (F)   54


SUNRISE AND SUNSET
AUGUST 26 2015........SUNRISE   611 AM EDT   SUNSET   738 PM EDT
AUGUST 27 2015........SUNRISE   612 AM EDT   SUNSET   737 PM EDT


-  INDICATES NEGATIVE NUMBERS.
R  INDICATES RECORD WAS SET OR TIED.
MM INDICATES DATA IS MISSING.
T  INDICATES TRACE AMOUNT.




$$
