673
CDUS41 KALY 180628
CLIDDH


CLIMATE REPORT
NATIONAL WEATHER SERVICE ALBANY NY
227 AM EDT SUN JUN 18 2017


...................................

...THE BENNINGTON VT CLIMATE SUMMARY FOR JUNE 17 2017...

CLIMATE NORMAL PERIOD 1981 TO 2010
CLIMATE RECORD PERIOD 9999 TO 9999


WEATHER ITEM   OBSERVED TIME   NORMAL DEPARTURE LAST
                VALUE   (LST)  VALUE  FROM      YEAR
                                      NORMAL
......................................................
TEMPERATURE (F)
 YESTERDAY
  MAXIMUM         80    536 PM  76      4       79
  MINIMUM         62    512 AM  53      9       50
  AVERAGE         71            64      7       65

PRECIPITATION (IN)
  YESTERDAY        0.00          0.16  -0.16     0.00
  MONTH TO DATE    2.78          2.41   0.37     1.39
  SINCE JUN 1      2.78          2.41   0.37     1.39
  SINCE JAN 1     19.02         17.48   1.54    14.44

DEGREE DAYS
 HEATING
  YESTERDAY        0             3     -3        0
  MONTH TO DATE   77            76      1       55
  SINCE JUN 1     77            76      1       55
  SINCE JUL 1   6476          7215   -739     6091

 COOLING
  YESTERDAY        6             2      4        0
  MONTH TO DATE   35            25     10       20
  SINCE JUN 1     35            25     10       20
  SINCE JAN 1     50            39     11       62
......................................................


WIND (MPH)
  HIGHEST WIND SPEED    10   HIGHEST WIND DIRECTION    SW (210)
  HIGHEST GUST SPEED    15   HIGHEST GUST DIRECTION     S (190)
  AVERAGE WIND SPEED     3.6


SKY COVER
  AVERAGE SKY COVER 0.7



RELATIVE HUMIDITY (PERCENT)
 HIGHEST    90          1200 AM
 LOWEST     62           500 PM
 AVERAGE    76

..........................................................


THE BENNINGTON VT CLIMATE NORMALS FOR TODAY
                         NORMAL
 MAXIMUM TEMPERATURE (F)   76
 MINIMUM TEMPERATURE (F)   53


SUNRISE AND SUNSET
JUNE 18 2017..........SUNRISE   514 AM EDT   SUNSET   835 PM EDT
JUNE 19 2017..........SUNRISE   514 AM EDT   SUNSET   835 PM EDT


-  INDICATES NEGATIVE NUMBERS.
R  INDICATES RECORD WAS SET OR TIED.
MM INDICATES DATA IS MISSING.
T  INDICATES TRACE AMOUNT.




$$
