000
CDUS41 KALY 120637
CLIDDH


CLIMATE REPORT
NATIONAL WEATHER SERVICE ALBANY NY
137 AM EST SUN NOV 12 2017


...................................

...THE BENNINGTON VT CLIMATE SUMMARY FOR NOVEMBER 11 2017...

CLIMATE NORMAL PERIOD 1981 TO 2010
CLIMATE RECORD PERIOD 9999 TO 9999


WEATHER ITEM   OBSERVED TIME   NORMAL DEPARTURE LAST
                VALUE   (LST)  VALUE  FROM      YEAR
                                      NORMAL
......................................................
TEMPERATURE (F)
 YESTERDAY
  MAXIMUM         30    254 PM  49    -19       52
  MINIMUM         14    410 AM  31    -17       30
  AVERAGE         22            40    -18       41

PRECIPITATION (IN)
  YESTERDAY        0.00          0.09  -0.09      T
  MONTH TO DATE    0.59          1.20  -0.61     0.58
  SINCE SEP 1      6.35          8.46  -2.11     7.18
  SINCE JAN 1     38.70         36.00   2.70    28.49

DEGREE DAYS
 HEATING
  YESTERDAY       43            25     18       24
  MONTH TO DATE  252           260     -8      245
  SINCE SEP 1    686          1009   -323      822
  SINCE JUL 1    753          1081   -328      844

 COOLING
  YESTERDAY        0             0      0        0
  MONTH TO DATE    0             0      0        0
  SINCE SEP 1     88            25     63       49
  SINCE JAN 1    395           313     82      488
......................................................


WIND (MPH)
  HIGHEST WIND SPEED    10   HIGHEST WIND DIRECTION     N (350)
  HIGHEST GUST SPEED    17   HIGHEST GUST DIRECTION     N (350)
  AVERAGE WIND SPEED     5.5


SKY COVER
  AVERAGE SKY COVER 0.0



RELATIVE HUMIDITY (PERCENT)
 HIGHEST    67           600 AM
 LOWEST     39           300 PM
 AVERAGE    53

..........................................................


THE BENNINGTON VT CLIMATE NORMALS FOR TODAY
                         NORMAL
 MAXIMUM TEMPERATURE (F)   49
 MINIMUM TEMPERATURE (F)   31


SUNRISE AND SUNSET
NOVEMBER 12 2017......SUNRISE   642 AM EST   SUNSET   432 PM EST
NOVEMBER 13 2017......SUNRISE   643 AM EST   SUNSET   431 PM EST


-  INDICATES NEGATIVE NUMBERS.
R  INDICATES RECORD WAS SET OR TIED.
MM INDICATES DATA IS MISSING.
T  INDICATES TRACE AMOUNT.




$$
