000
CDUS41 KALY 040622
CLIDDH


CLIMATE REPORT
NATIONAL WEATHER SERVICE ALBANY NY
222 AM EDT FRI JUL 4 2014


...................................

...THE BENNINGTON VT CLIMATE SUMMARY FOR JULY 3 2014...

CLIMATE NORMAL PERIOD 1981 TO 2010
CLIMATE RECORD PERIOD 9999 TO 9999


WEATHER ITEM   OBSERVED TIME   NORMAL DEPARTURE LAST
                VALUE   (LST)  VALUE  FROM      YEAR
                                      NORMAL
......................................................
TEMPERATURE (F)
 YESTERDAY
  MAXIMUM         88    210 PM  79      9       85
  MINIMUM         62    405 AM  56      6       71
  AVERAGE         75            68      7       78

PRECIPITATION (IN)
  YESTERDAY        1.21          0.13   1.08     0.01
  MONTH TO DATE    1.40          0.39   1.01     0.63
  SINCE JUN 1      4.73          4.52   0.21     7.92
  SINCE JAN 1     17.56         19.59  -2.03    22.39

DEGREE DAYS
 HEATING
  YESTERDAY        0             1     -1        0
  MONTH TO DATE    0             3     -3        0
  SINCE JUN 1     47           100    -53      100
  SINCE JUL 1      0             3     -3        0

 COOLING
  YESTERDAY       10             4      6       13
  MONTH TO DATE   35            11     24       33
  SINCE JUN 1     97            69     28      131
  SINCE JAN 1    113            83     30      163
......................................................


WIND (MPH)
  HIGHEST WIND SPEED    20   HIGHEST WIND DIRECTION    NW (310)
  HIGHEST GUST SPEED    34   HIGHEST GUST DIRECTION    NW (320)
  AVERAGE WIND SPEED     3.2


SKY COVER
  AVERAGE SKY COVER 0.5



RELATIVE HUMIDITY (PERCENT)
 HIGHEST   100           400 AM
 LOWEST     51           100 PM
 AVERAGE    76

..........................................................


THE BENNINGTON VT CLIMATE NORMALS FOR TODAY
                         NORMAL
 MAXIMUM TEMPERATURE (F)   79
 MINIMUM TEMPERATURE (F)   57


SUNRISE AND SUNSET
JULY  4 2014..........SUNRISE   520 AM EDT   SUNSET   835 PM EDT
JULY  5 2014..........SUNRISE   520 AM EDT   SUNSET   835 PM EDT


-  INDICATES NEGATIVE NUMBERS.
R  INDICATES RECORD WAS SET OR TIED.
MM INDICATES DATA IS MISSING.
T  INDICATES TRACE AMOUNT.




$$
