000
CDUS41 KALY 220648
CLIDDH


CLIMATE REPORT
NATIONAL WEATHER SERVICE ALBANY NY
240 AM EDT SUN MAR 22 2015


...................................

...THE BENNINGTON VT CLIMATE SUMMARY FOR MARCH 21 2015...

CLIMATE NORMAL PERIOD 1981 TO 2010
CLIMATE RECORD PERIOD 9999 TO 9999


WEATHER ITEM   OBSERVED TIME   NORMAL DEPARTURE LAST
                VALUE   (LST)  VALUE  FROM      YEAR
                                      NORMAL
......................................................
TEMPERATURE (F)
 YESTERDAY
  MAXIMUM         43    132 PM  46     -3       34
  MINIMUM         26    217 AM  24      2       20
  AVERAGE         35            35      0       27

PRECIPITATION (IN)
  YESTERDAY        T             0.12  -0.12      T
  MONTH TO DATE    0.49          2.07  -1.58     1.27
  SINCE MAR 1      0.49          2.07  -1.58     1.27
  SINCE JAN 1      3.90          7.06  -3.16     7.13

DEGREE DAYS
 HEATING
  YESTERDAY       30            30      0       38
  MONTH TO DATE  813           706    107      874
  SINCE MAR 1    813           706    107      874
  SINCE JUL 1   6315          5957    358     6122

 COOLING
  YESTERDAY        0             0      0        0
  MONTH TO DATE    0             0      0        0
  SINCE MAR 1      0             0      0        0
  SINCE JAN 1      0             0      0        0
......................................................


WIND (MPH)
  HIGHEST WIND SPEED    16   HIGHEST WIND DIRECTION     W (260)
  HIGHEST GUST SPEED    28   HIGHEST GUST DIRECTION    SW (220)
  AVERAGE WIND SPEED     4.1


SKY COVER
  AVERAGE SKY COVER 0.9



RELATIVE HUMIDITY (PERCENT)
 HIGHEST    81           100 AM
 LOWEST     57           100 PM
 AVERAGE    69

..........................................................


THE BENNINGTON VT CLIMATE NORMALS FOR TODAY
                         NORMAL
 MAXIMUM TEMPERATURE (F)   46
 MINIMUM TEMPERATURE (F)   25


SUNRISE AND SUNSET
MARCH 22 2015.........SUNRISE   653 AM EDT   SUNSET   707 PM EDT
MARCH 23 2015.........SUNRISE   652 AM EDT   SUNSET   708 PM EDT


-  INDICATES NEGATIVE NUMBERS.
R  INDICATES RECORD WAS SET OR TIED.
MM INDICATES DATA IS MISSING.
T  INDICATES TRACE AMOUNT.




$$
