000
CDUS41 KALY 150622
CLIDDH


CLIMATE REPORT
NATIONAL WEATHER SERVICE ALBANY NY
222 AM EDT MON AUG 15 2016


...................................

...THE BENNINGTON VT CLIMATE SUMMARY FOR AUGUST 14 2016...

CLIMATE NORMAL PERIOD 1981 TO 2010
CLIMATE RECORD PERIOD 9999 TO 9999


WEATHER ITEM   OBSERVED TIME   NORMAL DEPARTURE LAST
                VALUE   (LST)  VALUE  FROM      YEAR
                                      NORMAL
......................................................
TEMPERATURE (F)
 YESTERDAY
  MAXIMUM         92   1259 PM  78     14       84
  MINIMUM         68    533 AM  56     12       51
  AVERAGE         80            67     13       68

PRECIPITATION (IN)
  YESTERDAY        0.01          0.13  -0.12     0.17
  MONTH TO DATE    2.85          1.96   0.89     1.16
  SINCE JUN 1      6.98         10.43  -3.45     6.10
  SINCE JAN 1     20.03         25.50  -5.47    13.66

DEGREE DAYS
 HEATING
  YESTERDAY        0             1     -1        0
  MONTH TO DATE    0            14    -14        4
  SINCE JUN 1     79           135    -56      126
  SINCE JUL 1     10            38    -28       31

 COOLING
  YESTERDAY       15             3     12        3
  MONTH TO DATE  107            54     53       37
  SINCE JUN 1    331           235     96      221
  SINCE JAN 1    373           249    124      285
......................................................


WIND (MPH)
  HIGHEST WIND SPEED    25   HIGHEST WIND DIRECTION     N (350)
  HIGHEST GUST SPEED    36   HIGHEST GUST DIRECTION    NW (320)
  AVERAGE WIND SPEED     4.5


SKY COVER
  AVERAGE SKY COVER 0.6



RELATIVE HUMIDITY (PERCENT)
 HIGHEST    97           300 AM
 LOWEST     65           100 PM
 AVERAGE    81

..........................................................


THE BENNINGTON VT CLIMATE NORMALS FOR TODAY
                         NORMAL
 MAXIMUM TEMPERATURE (F)   78
 MINIMUM TEMPERATURE (F)   56


SUNRISE AND SUNSET
AUGUST 15 2016........SUNRISE   600 AM EDT   SUNSET   754 PM EDT
AUGUST 16 2016........SUNRISE   601 AM EDT   SUNSET   753 PM EDT


-  INDICATES NEGATIVE NUMBERS.
R  INDICATES RECORD WAS SET OR TIED.
MM INDICATES DATA IS MISSING.
T  INDICATES TRACE AMOUNT.




$$
