000
CDUS41 KALY 180622
CLIDDH


CLIMATE REPORT
NATIONAL WEATHER SERVICE ALBANY NY
222 AM EDT TUE JUL 18 2017


...................................

...THE BENNINGTON VT CLIMATE SUMMARY FOR JULY 17 2017...

CLIMATE NORMAL PERIOD 1981 TO 2010
CLIMATE RECORD PERIOD 9999 TO 9999


WEATHER ITEM   OBSERVED TIME   NORMAL DEPARTURE LAST
                VALUE   (LST)  VALUE  FROM      YEAR
                                      NORMAL
......................................................
TEMPERATURE (F)
 YESTERDAY
  MAXIMUM         85    345 PM  80      5       83
  MINIMUM         59    514 AM  57      2       63
  AVERAGE         72            68      4       73

PRECIPITATION (IN)
  YESTERDAY        1.40          0.12   1.28     0.04
  MONTH TO DATE    5.79          2.32   3.47     1.26
  SINCE JUN 1     12.87          6.45   6.42     3.00
  SINCE JAN 1     29.11         21.52   7.59    16.05

DEGREE DAYS
 HEATING
  YESTERDAY        0             1     -1        0
  MONTH TO DATE    0            17    -17        4
  SINCE JUN 1     95           114    -19       73
  SINCE JUL 1      0            17    -17        4

 COOLING
  YESTERDAY        7             4      3        8
  MONTH TO DATE   81            67     14       88
  SINCE JUN 1    168           125     43      146
  SINCE JAN 1    183           139     44      188
......................................................


WIND (MPH)
  HIGHEST WIND SPEED    22   HIGHEST WIND DIRECTION     W (270)
  HIGHEST GUST SPEED    36   HIGHEST GUST DIRECTION     W (280)
  AVERAGE WIND SPEED     4.2


SKY COVER
  AVERAGE SKY COVER 0.4



RELATIVE HUMIDITY (PERCENT)
 HIGHEST    90           100 AM
 LOWEST     47           300 PM
 AVERAGE    69

..........................................................


THE BENNINGTON VT CLIMATE NORMALS FOR TODAY
                         NORMAL
 MAXIMUM TEMPERATURE (F)   80
 MINIMUM TEMPERATURE (F)   57


SUNRISE AND SUNSET
JULY 18 2017..........SUNRISE   531 AM EDT   SUNSET   827 PM EDT
JULY 19 2017..........SUNRISE   532 AM EDT   SUNSET   827 PM EDT


-  INDICATES NEGATIVE NUMBERS.
R  INDICATES RECORD WAS SET OR TIED.
MM INDICATES DATA IS MISSING.
T  INDICATES TRACE AMOUNT.




$$
