000
CDUS41 KALY 162152
CLIDDH


CLIMATE REPORT
NATIONAL WEATHER SERVICE ALBANY NY
452 PM EST SUN NOV 16 2014


...................................

...THE BENNINGTON VT CLIMATE SUMMARY FOR NOVEMBER 16 2014...
VALID TODAY AS OF 0400 PM LOCAL TIME.

CLIMATE NORMAL PERIOD 1981 TO 2010
CLIMATE RECORD PERIOD 9999 TO 9999


WEATHER ITEM   OBSERVED TIME   NORMAL DEPARTURE LAST
                VALUE   (LST)  VALUE  FROM      YEAR
                                      NORMAL
......................................................
TEMPERATURE (F)
 TODAY
  MAXIMUM         39    102 PM  47     -8       59
  MINIMUM         19    431 AM  30    -11       33
  AVERAGE         29            39    -10       46

PRECIPITATION (IN)
  TODAY            0.00          0.10  -0.10     0.00
  MONTH TO DATE    0.39          1.65  -1.26     1.00
  SINCE SEP 1      5.24          8.91  -3.67     8.57
  SINCE JAN 1     31.20         36.45  -5.25    40.29

DEGREE DAYS
 HEATING
  TODAY           36            26     10       19
  MONTH TO DATE  409           388     21      406
  SINCE SEP 1   1006          1137   -131     1097
  SINCE JUL 1   1059          1209   -150     1160

 COOLING
  TODAY            0             0      0        0
  MONTH TO DATE    0             0      0        0
  SINCE SEP 1     55            25     30       44
  SINCE JAN 1    308           313     -5      503
......................................................


WIND (MPH)
  HIGHEST WIND SPEED    17   HIGHEST WIND DIRECTION     S (180)
  HIGHEST GUST SPEED    24   HIGHEST GUST DIRECTION    SE (150)
  AVERAGE WIND SPEED     3.6


SKY COVER
  AVERAGE SKY COVER 0.5



RELATIVE HUMIDITY (PERCENT)
 HIGHEST    91
 LOWEST     47
 AVERAGE    69

..........................................................


THE BENNINGTON VT CLIMATE NORMALS FOR TOMORROW
                         NORMAL
 MAXIMUM TEMPERATURE (F)   47
 MINIMUM TEMPERATURE (F)   30


SUNRISE AND SUNSET
NOVEMBER 16 2014......SUNRISE   646 AM EST   SUNSET   429 PM EST
NOVEMBER 17 2014......SUNRISE   648 AM EST   SUNSET   428 PM EST


-  INDICATES NEGATIVE NUMBERS.
R  INDICATES RECORD WAS SET OR TIED.
MM INDICATES DATA IS MISSING.
T  INDICATES TRACE AMOUNT.




$$
