659
CDUS41 KALY 040630
CLIDDH


CLIMATE REPORT
NATIONAL WEATHER SERVICE ALBANY NY
129 AM EST THU FEB 4 2016


...................................

...THE BENNINGTON VT CLIMATE SUMMARY FOR FEBRUARY 3 2016...

CLIMATE NORMAL PERIOD 1981 TO 2010
CLIMATE RECORD PERIOD 9999 TO 9999


WEATHER ITEM   OBSERVED TIME   NORMAL DEPARTURE LAST
                VALUE   (LST)  VALUE  FROM      YEAR
                                      NORMAL
......................................................
TEMPERATURE (F)
 YESTERDAY
  MAXIMUM         60    819 PM  32     28       19
  MINIMUM         38    736 AM  13     25      -16
  AVERAGE         49            23     26        2

PRECIPITATION (IN)
  YESTERDAY        0.72          0.07   0.65     0.00
  MONTH TO DATE    0.72          0.20   0.52     0.22
  SINCE DEC 1      5.58          5.74  -0.16     6.53
  SINCE JAN 1      1.83          2.95  -1.12     2.62

DEGREE DAYS
 HEATING
  YESTERDAY       16            42    -26       63
  MONTH TO DATE   67           128    -61      172
  SINCE DEC 1   2029          2646   -617     2659
  SINCE JUL 1   3372          4259   -887     4152

 COOLING
  YESTERDAY        0             0      0        0
  MONTH TO DATE    0             0      0        0
  SINCE DEC 1      0             0      0        0
  SINCE JAN 1      0             0      0        0
......................................................


WIND (MPH)
  HIGHEST WIND SPEED    39   HIGHEST WIND DIRECTION     S (170)
  HIGHEST GUST SPEED    55   HIGHEST GUST DIRECTION     S (170)
  AVERAGE WIND SPEED    13.0


SKY COVER
  AVERAGE SKY COVER 0.6



RELATIVE HUMIDITY (PERCENT)
 HIGHEST    86           200 PM
 LOWEST     45           100 AM
 AVERAGE    66

..........................................................


THE BENNINGTON VT CLIMATE NORMALS FOR TODAY
                         NORMAL
 MAXIMUM TEMPERATURE (F)   32
 MINIMUM TEMPERATURE (F)   13


SUNRISE AND SUNSET
FEBRUARY  4 2016......SUNRISE   705 AM EST   SUNSET   509 PM EST
FEBRUARY  5 2016......SUNRISE   704 AM EST   SUNSET   511 PM EST


-  INDICATES NEGATIVE NUMBERS.
R  INDICATES RECORD WAS SET OR TIED.
MM INDICATES DATA IS MISSING.
T  INDICATES TRACE AMOUNT.




$$
