000
CDUS41 KALY 232043
CLIDDH


CLIMATE REPORT
NATIONAL WEATHER SERVICE ALBANY NY
443 PM EDT SUN AUG 23 2015


...................................

...THE BENNINGTON VT CLIMATE SUMMARY FOR AUGUST 23 2015...
VALID TODAY AS OF 0400 PM LOCAL TIME.

CLIMATE NORMAL PERIOD 1981 TO 2010
CLIMATE RECORD PERIOD 9999 TO 9999


WEATHER ITEM   OBSERVED TIME   NORMAL DEPARTURE LAST
                VALUE   (LST)  VALUE  FROM      YEAR
                                      NORMAL
......................................................
TEMPERATURE (F)
 TODAY
  MAXIMUM         81   1228 PM  77      4       74
  MINIMUM         53    524 AM  54     -1       53
  AVERAGE         67            66      1       64

PRECIPITATION (IN)
  TODAY            T             0.11  -0.11     0.01
  MONTH TO DATE    1.39          3.07  -1.68     1.84
  SINCE JUN 1      6.33         11.54  -5.21    13.12
  SINCE JAN 1     13.89         26.61 -12.72    25.95

DEGREE DAYS
 HEATING
  TODAY            0             2     -2        1
  MONTH TO DATE    4            26    -22       37
  SINCE JUN 1    126           147    -21       95
  SINCE JUL 1     31            50    -19       48

 COOLING
  TODAY            2             2      0        0
  MONTH TO DATE   98            79     19       33
  SINCE JUN 1    282           260     22      219
  SINCE JAN 1    346           274     72      235
......................................................


WIND (MPH)
  HIGHEST WIND SPEED    10   HIGHEST WIND DIRECTION     E (110)
  HIGHEST GUST SPEED    16   HIGHEST GUST DIRECTION     E (110)
  AVERAGE WIND SPEED     1.8


SKY COVER
  AVERAGE SKY COVER 0.3



RELATIVE HUMIDITY (PERCENT)
 HIGHEST   100
 LOWEST     54
 AVERAGE    77

..........................................................


THE BENNINGTON VT CLIMATE NORMALS FOR TOMORROW
                         NORMAL
 MAXIMUM TEMPERATURE (F)   77
 MINIMUM TEMPERATURE (F)   54


SUNRISE AND SUNSET
AUGUST 23 2015........SUNRISE   607 AM EDT   SUNSET   743 PM EDT
AUGUST 24 2015........SUNRISE   609 AM EDT   SUNSET   741 PM EDT


-  INDICATES NEGATIVE NUMBERS.
R  INDICATES RECORD WAS SET OR TIED.
MM INDICATES DATA IS MISSING.
T  INDICATES TRACE AMOUNT.




$$
