000
CDUS41 KALY 110623
CLIDDH


CLIMATE REPORT
NATIONAL WEATHER SERVICE ALBANY NY
222 AM EDT THU MAY 11 2017


...................................

...THE BENNINGTON VT CLIMATE SUMMARY FOR MAY 10 2017...

CLIMATE NORMAL PERIOD 1981 TO 2010
CLIMATE RECORD PERIOD 9999 TO 9999


WEATHER ITEM   OBSERVED TIME   NORMAL DEPARTURE LAST
                VALUE   (LST)  VALUE  FROM      YEAR
                                      NORMAL
......................................................
TEMPERATURE (F)
 YESTERDAY
  MAXIMUM         55    444 PM  66    -11       66
  MINIMUM         34   1251 AM  42     -8       28
  AVERAGE         45            54     -9       47

PRECIPITATION (IN)
  YESTERDAY        0.00          0.10  -0.10     0.00
  MONTH TO DATE    3.43          1.01   2.42     1.25
  SINCE MAR 1      8.91          7.43   1.48     6.34
  SINCE JAN 1     12.54         12.42   0.12    11.38

DEGREE DAYS
 HEATING
  YESTERDAY       20            12      8       18
  MONTH TO DATE  155           130     25      154
  SINCE MAR 1   1699          1702     -3     1562
  SINCE JUL 1   6234          6953   -719     5895

 COOLING
  YESTERDAY        0             0      0        0
  MONTH TO DATE    0             0      0        0
  SINCE MAR 1      3             3      0        1
  SINCE JAN 1      3             3      0        1
......................................................


WIND (MPH)
  HIGHEST WIND SPEED    12   HIGHEST WIND DIRECTION     N (360)
  HIGHEST GUST SPEED    15   HIGHEST GUST DIRECTION     N (360)
  AVERAGE WIND SPEED     3.3


SKY COVER
  AVERAGE SKY COVER 1.0



RELATIVE HUMIDITY (PERCENT)
 HIGHEST    92          1200 AM
 LOWEST     41           500 PM
 AVERAGE    67

..........................................................


THE BENNINGTON VT CLIMATE NORMALS FOR TODAY
                         NORMAL
 MAXIMUM TEMPERATURE (F)   66
 MINIMUM TEMPERATURE (F)   42


SUNRISE AND SUNSET
MAY 11 2017...........SUNRISE   534 AM EDT   SUNSET   805 PM EDT
MAY 12 2017...........SUNRISE   533 AM EDT   SUNSET   806 PM EDT


-  INDICATES NEGATIVE NUMBERS.
R  INDICATES RECORD WAS SET OR TIED.
MM INDICATES DATA IS MISSING.
T  INDICATES TRACE AMOUNT.




$$
