000
CDUS41 KALY 160635
CLIDDH


CLIMATE REPORT
NATIONAL WEATHER SERVICE ALBANY NY
234 AM EDT TUE MAY 16 2017


...................................

...THE BENNINGTON VT CLIMATE SUMMARY FOR MAY 15 2017...

CLIMATE NORMAL PERIOD 1981 TO 2010
CLIMATE RECORD PERIOD 9999 TO 9999


WEATHER ITEM   OBSERVED TIME   NORMAL DEPARTURE LAST
                VALUE   (LST)  VALUE  FROM      YEAR
                                      NORMAL
......................................................
TEMPERATURE (F)
 YESTERDAY
  MAXIMUM         64    336 PM  67     -3       51
  MINIMUM         46    306 AM  43      3       38
  AVERAGE         55            55      0       45

PRECIPITATION (IN)
  YESTERDAY        0.31          0.12   0.19     0.01
  MONTH TO DATE    5.00          1.56   3.44     2.21
  SINCE MAR 1     10.48          7.98   2.50     7.30
  SINCE JAN 1     14.11         12.97   1.14    12.34

DEGREE DAYS
 HEATING
  YESTERDAY       10            10      0       20
  MONTH TO DATE  223           184     39      206
  SINCE MAR 1   1767          1756     11     1614
  SINCE JUL 1   6302          7007   -705     5947

 COOLING
  YESTERDAY        0             0      0        0
  MONTH TO DATE    0             0      0        0
  SINCE MAR 1      3             3      0        1
  SINCE JAN 1      3             3      0        1
......................................................


WIND (MPH)
  HIGHEST WIND SPEED    20   HIGHEST WIND DIRECTION     N (340)
  HIGHEST GUST SPEED    31   HIGHEST GUST DIRECTION    NW (320)
  AVERAGE WIND SPEED     6.9


SKY COVER
  AVERAGE SKY COVER 0.8



RELATIVE HUMIDITY (PERCENT)
 HIGHEST    93           200 AM
 LOWEST     51           200 PM
 AVERAGE    72

..........................................................


THE BENNINGTON VT CLIMATE NORMALS FOR TODAY
                         NORMAL
 MAXIMUM TEMPERATURE (F)   67
 MINIMUM TEMPERATURE (F)   43


SUNRISE AND SUNSET
MAY 16 2017...........SUNRISE   529 AM EDT   SUNSET   810 PM EDT
MAY 17 2017...........SUNRISE   528 AM EDT   SUNSET   812 PM EDT


-  INDICATES NEGATIVE NUMBERS.
R  INDICATES RECORD WAS SET OR TIED.
MM INDICATES DATA IS MISSING.
T  INDICATES TRACE AMOUNT.




$$
