045
CDUS41 KALY 020624
CLIDDH


CLIMATE REPORT
NATIONAL WEATHER SERVICE ALBANY NY
124 AM EST FRI DEC 2 2016


...................................

...THE BENNINGTON VT CLIMATE SUMMARY FOR DECEMBER 1 2016...

CLIMATE NORMAL PERIOD 1981 TO 2010
CLIMATE RECORD PERIOD 9999 TO 9999


WEATHER ITEM   OBSERVED TIME   NORMAL DEPARTURE LAST
                VALUE   (LST)  VALUE  FROM      YEAR
                                      NORMAL
......................................................
TEMPERATURE (F)
 YESTERDAY
  MAXIMUM         49    202 AM  41      8       41
  MINIMUM         40   1159 PM  26     14       21
  AVERAGE         45            34     11       31

PRECIPITATION (IN)
  YESTERDAY        0.41          0.09   0.32     0.15
  MONTH TO DATE    0.41          0.09   0.32     0.15
  SINCE DEC 1      0.41          0.09   0.32     0.15
  SINCE JAN 1     30.95         38.00  -7.05    25.36

DEGREE DAYS
 HEATING
  YESTERDAY       20            32    -12       34
  MONTH TO DATE   20            32    -12       34
  SINCE DEC 1     20            32    -12       34
  SINCE JUL 1   1390          1645   -255     1377

 COOLING
  YESTERDAY        0             0      0        0
  MONTH TO DATE    0             0      0        0
  SINCE DEC 1      0             0      0        0
  SINCE JAN 1    488           313    175      444
......................................................


WIND (MPH)
  HIGHEST WIND SPEED    28   HIGHEST WIND DIRECTION    SE (120)
  HIGHEST GUST SPEED    42   HIGHEST GUST DIRECTION    SE (130)
  AVERAGE WIND SPEED     8.8


SKY COVER
  AVERAGE SKY COVER 1.0



RELATIVE HUMIDITY (PERCENT)
 HIGHEST    86           400 AM
 LOWEST     58          1200 PM
 AVERAGE    72

..........................................................


THE BENNINGTON VT CLIMATE NORMALS FOR TODAY
                         NORMAL
 MAXIMUM TEMPERATURE (F)   41
 MINIMUM TEMPERATURE (F)   26


SUNRISE AND SUNSET
DECEMBER  2 2016......SUNRISE   706 AM EST   SUNSET   419 PM EST
DECEMBER  3 2016......SUNRISE   707 AM EST   SUNSET   419 PM EST


-  INDICATES NEGATIVE NUMBERS.
R  INDICATES RECORD WAS SET OR TIED.
MM INDICATES DATA IS MISSING.
T  INDICATES TRACE AMOUNT.




$$
