000
CDUS41 KALY 200624
CLIDDH


CLIMATE REPORT
NATIONAL WEATHER SERVICE ALBANY NY
223 AM EDT THU JUL 20 2017


...................................

...THE BENNINGTON VT CLIMATE SUMMARY FOR JULY 19 2017...

CLIMATE NORMAL PERIOD 1981 TO 2010
CLIMATE RECORD PERIOD 9999 TO 9999


WEATHER ITEM   OBSERVED TIME   NORMAL DEPARTURE LAST
                VALUE   (LST)  VALUE  FROM      YEAR
                                      NORMAL
......................................................
TEMPERATURE (F)
 YESTERDAY
  MAXIMUM         83    426 PM  80      3       76
  MINIMUM         61    347 AM  57      4       50
  AVERAGE         72            68      4       63

PRECIPITATION (IN)
  YESTERDAY        0.00          0.15  -0.15     0.00
  MONTH TO DATE    5.79          2.61   3.18     1.30
  SINCE JUN 1     12.87          6.74   6.13     3.04
  SINCE JAN 1     29.11         21.81   7.30    16.09

DEGREE DAYS
 HEATING
  YESTERDAY        0             1     -1        2
  MONTH TO DATE    0            19    -19        6
  SINCE JUN 1     95           116    -21       75
  SINCE JUL 1      0            19    -19        6

 COOLING
  YESTERDAY        7             4      3        0
  MONTH TO DATE   96            75     21       95
  SINCE JUN 1    183           133     50      153
  SINCE JAN 1    198           147     51      195
......................................................


WIND (MPH)
  HIGHEST WIND SPEED    13   HIGHEST WIND DIRECTION     W (260)
  HIGHEST GUST SPEED    18   HIGHEST GUST DIRECTION     W (280)
  AVERAGE WIND SPEED     3.2


SKY COVER
  AVERAGE SKY COVER 0.4



RELATIVE HUMIDITY (PERCENT)
 HIGHEST   100           500 AM
 LOWEST     47           400 PM
 AVERAGE    74

..........................................................


THE BENNINGTON VT CLIMATE NORMALS FOR TODAY
                         NORMAL
 MAXIMUM TEMPERATURE (F)   80
 MINIMUM TEMPERATURE (F)   57


SUNRISE AND SUNSET
JULY 20 2017..........SUNRISE   532 AM EDT   SUNSET   826 PM EDT
JULY 21 2017..........SUNRISE   533 AM EDT   SUNSET   825 PM EDT


-  INDICATES NEGATIVE NUMBERS.
R  INDICATES RECORD WAS SET OR TIED.
MM INDICATES DATA IS MISSING.
T  INDICATES TRACE AMOUNT.




$$
