000
CDUS41 KALY 060624
CLIDDH


CLIMATE REPORT
NATIONAL WEATHER SERVICE ALBANY NY
122 AM EST SAT JAN 6 2018


...................................

...THE BENNINGTON VT CLIMATE SUMMARY FOR JANUARY 5 2018...

CLIMATE NORMAL PERIOD 1981 TO 2010
CLIMATE RECORD PERIOD 9999 TO 9999


WEATHER ITEM   OBSERVED TIME   NORMAL DEPARTURE LAST
                VALUE   (LST)  VALUE  FROM      YEAR
                                      NORMAL
......................................................
TEMPERATURE (F)
 YESTERDAY
  MAXIMUM         15   1233 AM  31    -16       26
  MINIMUM         -2   1136 PM  12    -14       19
  AVERAGE          7            21    -14       23

PRECIPITATION (IN)
  YESTERDAY        T             0.11  -0.11      T
  MONTH TO DATE    0.29          0.57  -0.28     0.42
  SINCE DEC 1      2.43          3.36  -0.93     2.51
  SINCE JAN 1      0.29          0.57  -0.28     0.42

DEGREE DAYS
 HEATING
  YESTERDAY       58            44     14       42
  MONTH TO DATE  292           216     76      174
  SINCE DEC 1   1552          1375    177     1297
  SINCE JUL 1   2852          2988   -136     2667

 COOLING
  YESTERDAY        0             0      0        0
  MONTH TO DATE    0             0      0        0
  SINCE DEC 1      0             0      0        0
  SINCE JAN 1      0             0      0        0
......................................................


WIND (MPH)
  HIGHEST WIND SPEED    24   HIGHEST WIND DIRECTION     W (280)
  HIGHEST GUST SPEED    36   HIGHEST GUST DIRECTION     W (260)
  AVERAGE WIND SPEED    12.1


SKY COVER
  AVERAGE SKY COVER 1.0



RELATIVE HUMIDITY (PERCENT)
 HIGHEST    73          1200 AM
 LOWEST     51           500 PM
 AVERAGE    62

..........................................................


THE BENNINGTON VT CLIMATE NORMALS FOR TODAY
                         NORMAL
 MAXIMUM TEMPERATURE (F)   31
 MINIMUM TEMPERATURE (F)   12


SUNRISE AND SUNSET
JANUARY  6 2018.......SUNRISE   724 AM EST   SUNSET   434 PM EST
JANUARY  7 2018.......SUNRISE   724 AM EST   SUNSET   435 PM EST


-  INDICATES NEGATIVE NUMBERS.
R  INDICATES RECORD WAS SET OR TIED.
MM INDICATES DATA IS MISSING.
T  INDICATES TRACE AMOUNT.




$$
