000
CDUS41 KALY 190622
CLIDDH


CLIMATE REPORT
NATIONAL WEATHER SERVICE ALBANY NY
221 AM EDT TUE MAY 19 2015


...................................

...THE BENNINGTON VT CLIMATE SUMMARY FOR MAY 18 2015...

CLIMATE NORMAL PERIOD 1981 TO 2010
CLIMATE RECORD PERIOD 9999 TO 9999


WEATHER ITEM   OBSERVED TIME   NORMAL DEPARTURE LAST
                VALUE   (LST)  VALUE  FROM      YEAR
                                      NORMAL
......................................................
TEMPERATURE (F)
 YESTERDAY
  MAXIMUM         81    306 PM  68     13       64
  MINIMUM         54    202 AM  44     10       32
  AVERAGE         68            56     12       48

PRECIPITATION (IN)
  YESTERDAY        0.00          0.12  -0.12      T
  MONTH TO DATE    0.07          1.90  -1.83     1.52
  SINCE MAR 1      3.25          8.32  -5.07     6.13
  SINCE JAN 1      6.66         13.31  -6.65    11.99

DEGREE DAYS
 HEATING
  YESTERDAY        0            10    -10       17
  MONTH TO DATE   88           214   -126      163
  SINCE MAR 1   1868          1786     82     1908
  SINCE JUL 1   7370          7037    333     7156

 COOLING
  YESTERDAY        3             0      3        0
  MONTH TO DATE   33             0     33        9
  SINCE MAR 1     33             3     30       13
  SINCE JAN 1     33             3     30       13
......................................................


WIND (MPH)
  HIGHEST WIND SPEED    16   HIGHEST WIND DIRECTION     S (160)
  HIGHEST GUST SPEED    22   HIGHEST GUST DIRECTION    SE (150)
  AVERAGE WIND SPEED     8.8


SKY COVER
  AVERAGE SKY COVER 0.3



RELATIVE HUMIDITY (PERCENT)
 HIGHEST    93          1200 AM
 LOWEST     45           200 PM
 AVERAGE    69

..........................................................


THE BENNINGTON VT CLIMATE NORMALS FOR TODAY
                         NORMAL
 MAXIMUM TEMPERATURE (F)   68
 MINIMUM TEMPERATURE (F)   44


SUNRISE AND SUNSET
MAY 19 2015...........SUNRISE   526 AM EDT   SUNSET   813 PM EDT
MAY 20 2015...........SUNRISE   526 AM EDT   SUNSET   814 PM EDT


-  INDICATES NEGATIVE NUMBERS.
R  INDICATES RECORD WAS SET OR TIED.
MM INDICATES DATA IS MISSING.
T  INDICATES TRACE AMOUNT.




$$
