000
CDUS41 KALY 240622
CLIDDH


CLIMATE REPORT
NATIONAL WEATHER SERVICE ALBANY NY
121 AM EST SAT JAN 24 2015


...................................

...THE BENNINGTON VT CLIMATE SUMMARY FOR JANUARY 23 2015...

CLIMATE NORMAL PERIOD 1981 TO 2010
CLIMATE RECORD PERIOD 9999 TO 9999


WEATHER ITEM   OBSERVED TIME   NORMAL DEPARTURE LAST
                VALUE   (LST)  VALUE  FROM      YEAR
                                      NORMAL
......................................................
TEMPERATURE (F)
 YESTERDAY
  MAXIMUM         30    403 PM  31     -1       13
  MINIMUM         10    444 AM  11     -1        5
  AVERAGE         20            21     -1        9

PRECIPITATION (IN)
  YESTERDAY        T             0.07  -0.07      T
  MONTH TO DATE    2.08          2.14  -0.06     2.83
  SINCE DEC 1      5.99          4.93   1.06     5.71
  SINCE JAN 1      2.08          2.14  -0.06     2.83

DEGREE DAYS
 HEATING
  YESTERDAY       45            44      1       56
  MONTH TO DATE 1061          1008     53      998
  SINCE DEC 1   2085          2167    -82     2130
  SINCE JUL 1   3578          3780   -202     3661

 COOLING
  YESTERDAY        0             0      0        0
  MONTH TO DATE    0             0      0        0
  SINCE DEC 1      0             0      0        0
  SINCE JAN 1      0             0      0        0
......................................................


WIND (MPH)
  HIGHEST WIND SPEED    13   HIGHEST WIND DIRECTION     W (250)
  HIGHEST GUST SPEED    18   HIGHEST GUST DIRECTION    SW (230)
  AVERAGE WIND SPEED     2.2


SKY COVER
  AVERAGE SKY COVER 0.4



RELATIVE HUMIDITY (PERCENT)
 HIGHEST    88          1100 PM
 LOWEST     49           400 PM
 AVERAGE    69

..........................................................


THE BENNINGTON VT CLIMATE NORMALS FOR TODAY
                         NORMAL
 MAXIMUM TEMPERATURE (F)   31
 MINIMUM TEMPERATURE (F)   11


SUNRISE AND SUNSET
JANUARY 24 2015.......SUNRISE   715 AM EST   SUNSET   455 PM EST
JANUARY 25 2015.......SUNRISE   715 AM EST   SUNSET   456 PM EST


-  INDICATES NEGATIVE NUMBERS.
R  INDICATES RECORD WAS SET OR TIED.
MM INDICATES DATA IS MISSING.
T  INDICATES TRACE AMOUNT.




$$
