000
CDUS41 KALY 300623
CLIDDH


CLIMATE REPORT
NATIONAL WEATHER SERVICE ALBANY NY
122 AM EST THU NOV 30 2017


...................................

...THE BENNINGTON VT CLIMATE SUMMARY FOR NOVEMBER 29 2017...

CLIMATE NORMAL PERIOD 1981 TO 2010
CLIMATE RECORD PERIOD 9999 TO 9999


WEATHER ITEM   OBSERVED TIME   NORMAL DEPARTURE LAST
                VALUE   (LST)  VALUE  FROM      YEAR
                                      NORMAL
......................................................
TEMPERATURE (F)
 YESTERDAY
  MAXIMUM         53   1213 PM  42     11       55
  MINIMUM         24   1156 PM  27     -3       30
  AVERAGE         39            34      5       43

PRECIPITATION (IN)
  YESTERDAY        0.00          0.11  -0.11     0.36
  MONTH TO DATE    1.31          3.00  -1.69     2.43
  SINCE SEP 1      7.07         10.26  -3.19     9.03
  SINCE JAN 1     39.42         37.80   1.62    30.34

DEGREE DAYS
 HEATING
  YESTERDAY       26            31     -5       22
  MONTH TO DATE  766           761      5      754
  SINCE SEP 1   1200          1510   -310     1331
  SINCE JUL 1   1267          1582   -315     1353

 COOLING
  YESTERDAY        0             0      0        0
  MONTH TO DATE    0             0      0        0
  SINCE SEP 1     88            25     63       49
  SINCE JAN 1    395           313     82      488
......................................................


WIND (MPH)
  HIGHEST WIND SPEED    23   HIGHEST WIND DIRECTION     W (270)
  HIGHEST GUST SPEED    36   HIGHEST GUST DIRECTION     W (280)
  AVERAGE WIND SPEED     8.0


SKY COVER
  AVERAGE SKY COVER 0.4



RELATIVE HUMIDITY (PERCENT)
 HIGHEST    70           400 AM
 LOWEST     39           200 PM
 AVERAGE    55

..........................................................


THE BENNINGTON VT CLIMATE NORMALS FOR TODAY
                         NORMAL
 MAXIMUM TEMPERATURE (F)   42
 MINIMUM TEMPERATURE (F)   26


SUNRISE AND SUNSET
NOVEMBER 30 2017......SUNRISE   703 AM EST   SUNSET   420 PM EST
DECEMBER  1 2017......SUNRISE   704 AM EST   SUNSET   420 PM EST


-  INDICATES NEGATIVE NUMBERS.
R  INDICATES RECORD WAS SET OR TIED.
MM INDICATES DATA IS MISSING.
T  INDICATES TRACE AMOUNT.




$$
