000
CDUS41 KALY 160621
CLIDDH


CLIMATE REPORT
NATIONAL WEATHER SERVICE ALBANY NY
221 AM EDT WED JUL 16 2014


...................................

...THE BENNINGTON VT CLIMATE SUMMARY FOR JULY 15 2014...

CLIMATE NORMAL PERIOD 1981 TO 2010
CLIMATE RECORD PERIOD 9999 TO 9999


WEATHER ITEM   OBSERVED TIME   NORMAL DEPARTURE LAST
                VALUE   (LST)  VALUE  FROM      YEAR
                                      NORMAL
......................................................
TEMPERATURE (F)
 YESTERDAY
  MAXIMUM         81    451 PM  80      1       89
  MINIMUM         65   1250 AM  57      8       64
  AVERAGE         73            68      5       77

PRECIPITATION (IN)
  YESTERDAY        0.43          0.14   0.29     0.00
  MONTH TO DATE    4.48          2.08   2.40     2.31
  SINCE JUN 1      7.81          6.21   1.60     9.60
  SINCE JAN 1     20.64         21.28  -0.64    24.07

DEGREE DAYS
 HEATING
  YESTERDAY        0             1     -1        0
  MONTH TO DATE    2            15    -13        0
  SINCE JUN 1     49           112    -63      100
  SINCE JUL 1      2            15    -13        0

 COOLING
  YESTERDAY        8             4      4       12
  MONTH TO DATE   84            59     25      161
  SINCE JUN 1    146           117     29      259
  SINCE JAN 1    162           131     31      291
......................................................


WIND (MPH)
  HIGHEST WIND SPEED    12   HIGHEST WIND DIRECTION     S (170)
  HIGHEST GUST SPEED    22   HIGHEST GUST DIRECTION    SE (150)
  AVERAGE WIND SPEED     2.3


SKY COVER
  AVERAGE SKY COVER 0.7



RELATIVE HUMIDITY (PERCENT)
 HIGHEST   100           800 PM
 LOWEST     62           400 PM
 AVERAGE    81

..........................................................


THE BENNINGTON VT CLIMATE NORMALS FOR TODAY
                         NORMAL
 MAXIMUM TEMPERATURE (F)   80
 MINIMUM TEMPERATURE (F)   57


SUNRISE AND SUNSET
JULY 16 2014..........SUNRISE   529 AM EDT   SUNSET   829 PM EDT
JULY 17 2014..........SUNRISE   530 AM EDT   SUNSET   828 PM EDT


-  INDICATES NEGATIVE NUMBERS.
R  INDICATES RECORD WAS SET OR TIED.
MM INDICATES DATA IS MISSING.
T  INDICATES TRACE AMOUNT.




$$
