000
CDUS41 KALY 262120
CLIDDH


CLIMATE REPORT
NATIONAL WEATHER SERVICE ALBANY NY
519 PM EDT FRI MAY 26 2017


...................................

...THE BENNINGTON VT CLIMATE SUMMARY FOR MAY 26 2017...
VALID TODAY AS OF 0400 PM LOCAL TIME.

CLIMATE NORMAL PERIOD 1981 TO 2010
CLIMATE RECORD PERIOD 9999 TO 9999


WEATHER ITEM   OBSERVED TIME   NORMAL DEPARTURE LAST
                VALUE   (LST)  VALUE  FROM      YEAR
                                      NORMAL
......................................................
TEMPERATURE (F)
 TODAY
  MAXIMUM         58    301 PM  70    -12       85
  MINIMUM         51    608 AM  46      5       51
  AVERAGE         55            58     -3       68

PRECIPITATION (IN)
  TODAY            0.76          0.14   0.62     0.00
  MONTH TO DATE    6.18          2.95   3.23     2.86
  SINCE MAR 1     11.66          9.37   2.29     7.95
  SINCE JAN 1     15.29         14.36   0.93    12.99

DEGREE DAYS
 HEATING
  TODAY           10             8      2        0
  MONTH TO DATE  295           282     13      295
  SINCE MAR 1   1839          1854    -15     1703
  SINCE JUL 1   6374          7105   -731     6036

 COOLING
  TODAY            0             0      0        3
  MONTH TO DATE   12             0     12        3
  SINCE MAR 1     15             3     12        4
  SINCE JAN 1     15             3     12        4
......................................................


WIND (MPH)
  HIGHEST WIND SPEED     6   HIGHEST WIND DIRECTION     N (20)
  HIGHEST GUST SPEED    MM   HIGHEST GUST DIRECTION    MM
  AVERAGE WIND SPEED     2.3


SKY COVER
  AVERAGE SKY COVER 1.0



RELATIVE HUMIDITY (PERCENT)
 HIGHEST    96
 LOWEST     77
 AVERAGE    87

..........................................................


THE BENNINGTON VT CLIMATE NORMALS FOR TOMORROW
                         NORMAL
 MAXIMUM TEMPERATURE (F)   70
 MINIMUM TEMPERATURE (F)   46


SUNRISE AND SUNSET
MAY 26 2017...........SUNRISE   520 AM EDT   SUNSET   820 PM EDT
MAY 27 2017...........SUNRISE   520 AM EDT   SUNSET   821 PM EDT


-  INDICATES NEGATIVE NUMBERS.
R  INDICATES RECORD WAS SET OR TIED.
MM INDICATES DATA IS MISSING.
T  INDICATES TRACE AMOUNT.




$$
