000
CDUS41 KALY 122039
CLIDDH


CLIMATE REPORT
NATIONAL WEATHER SERVICE ALBANY NY
438 PM EDT MON SEP 12 2016


...................................

...THE BENNINGTON VT CLIMATE SUMMARY FOR SEPTEMBER 12 2016...
VALID TODAY AS OF 0400 PM LOCAL TIME.

CLIMATE NORMAL PERIOD 1981 TO 2010
CLIMATE RECORD PERIOD 9999 TO 9999


WEATHER ITEM   OBSERVED TIME   NORMAL DEPARTURE LAST
                VALUE   (LST)  VALUE  FROM      YEAR
                                      NORMAL
......................................................
TEMPERATURE (F)
 TODAY
  MAXIMUM         72    300 PM  72      0       78
  MINIMUM         43        MM  49     -6       50
  AVERAGE         58            60     -2       64

PRECIPITATION (IN)
  TODAY            0.00          0.12  -0.12     0.40
  MONTH TO DATE    0.73          1.28  -0.55     3.08
  SINCE SEP 1      0.73          1.28  -0.55     3.08
  SINCE JAN 1     22.04         28.82  -6.78    17.31

DEGREE DAYS
 HEATING
  TODAY            7             5      2        1
  MONTH TO DATE   18            49    -31        1
  SINCE SEP 1     18            49    -31        1
  SINCE JUL 1     40           121    -81       40

 COOLING
  TODAY            0             1     -1        0
  MONTH TO DATE   33            16     17       65
  SINCE SEP 1     33            16     17       65
  SINCE JAN 1    472           304    168      433
......................................................


WIND (MPH)
  HIGHEST WIND SPEED     6   HIGHEST WIND DIRECTION     E (99)
  HIGHEST GUST SPEED    MM   HIGHEST GUST DIRECTION    MM
  AVERAGE WIND SPEED     1.7


SKY COVER
  AVERAGE SKY COVER 0.0



RELATIVE HUMIDITY (PERCENT)
 HIGHEST    93
 LOWEST     41
 AVERAGE    67

..........................................................


THE BENNINGTON VT CLIMATE NORMALS FOR TOMORROW
                         NORMAL
 MAXIMUM TEMPERATURE (F)   72
 MINIMUM TEMPERATURE (F)   49


SUNRISE AND SUNSET
SEPTEMBER 12 2016.....SUNRISE   630 AM EDT   SUNSET   707 PM EDT
SEPTEMBER 13 2016.....SUNRISE   631 AM EDT   SUNSET   706 PM EDT


-  INDICATES NEGATIVE NUMBERS.
R  INDICATES RECORD WAS SET OR TIED.
MM INDICATES DATA IS MISSING.
T  INDICATES TRACE AMOUNT.




$$
