000
CDUS41 KALY 120623
CLIDDH


CLIMATE REPORT
NATIONAL WEATHER SERVICE ALBANY NY
123 AM EST SUN MAR 12 2017


...................................

...THE BENNINGTON VT CLIMATE SUMMARY FOR MARCH 11 2017...

CLIMATE NORMAL PERIOD 1981 TO 2010
CLIMATE RECORD PERIOD 9999 TO 9999


WEATHER ITEM   OBSERVED TIME   NORMAL DEPARTURE LAST
                VALUE   (LST)  VALUE  FROM      YEAR
                                      NORMAL
......................................................
TEMPERATURE (F)
 YESTERDAY
  MAXIMUM         16    417 PM  42    -26       53
  MINIMUM          3    702 AM  21    -18       30
  AVERAGE         10            31    -21       42

PRECIPITATION (IN)
  YESTERDAY        0.00          0.09  -0.09     0.12
  MONTH TO DATE    0.47          1.00  -0.53     0.93
  SINCE MAR 1      0.47          1.00  -0.53     0.93
  SINCE JAN 1      4.10          5.99  -1.89     5.97

DEGREE DAYS
 HEATING
  YESTERDAY       55            34     21       23
  MONTH TO DATE  381           388     -7      310
  SINCE MAR 1    381           388     -7      310
  SINCE JUL 1   4916          5639   -723     4643

 COOLING
  YESTERDAY        0             0      0        0
  MONTH TO DATE    0             0      0        0
  SINCE MAR 1      0             0      0        0
  SINCE JAN 1      0             0      0        0
......................................................


WIND (MPH)
  HIGHEST WIND SPEED    29   HIGHEST WIND DIRECTION     W (270)
  HIGHEST GUST SPEED    39   HIGHEST GUST DIRECTION     W (270)
  AVERAGE WIND SPEED    12.9


SKY COVER
  AVERAGE SKY COVER 0.5



RELATIVE HUMIDITY (PERCENT)
 HIGHEST    51          1200 AM
 LOWEST     32          1000 AM
 AVERAGE    42

..........................................................


THE BENNINGTON VT CLIMATE NORMALS FOR TODAY
                         NORMAL
 MAXIMUM TEMPERATURE (F)   42
 MINIMUM TEMPERATURE (F)   21


SUNRISE AND SUNSET
MARCH 12 2017.........SUNRISE   710 AM EDT   SUNSET   656 PM EDT
MARCH 13 2017.........SUNRISE   708 AM EDT   SUNSET   657 PM EDT


-  INDICATES NEGATIVE NUMBERS.
R  INDICATES RECORD WAS SET OR TIED.
MM INDICATES DATA IS MISSING.
T  INDICATES TRACE AMOUNT.




$$
