000
CDUS41 KALY 200623
CLIDDH


CLIMATE REPORT
NATIONAL WEATHER SERVICE ALBANY NY
221 AM EDT FRI MAR 20 2015


...................................

...THE BENNINGTON VT CLIMATE SUMMARY FOR MARCH 19 2015...

CLIMATE NORMAL PERIOD 1981 TO 2010
CLIMATE RECORD PERIOD 9999 TO 9999


WEATHER ITEM   OBSERVED TIME   NORMAL DEPARTURE LAST
                VALUE   (LST)  VALUE  FROM      YEAR
                                      NORMAL
......................................................
TEMPERATURE (F)
 YESTERDAY
  MAXIMUM         32    453 PM  45    -13       40
  MINIMUM          9    614 AM  23    -14       21
  AVERAGE         21            34    -13       31

PRECIPITATION (IN)
  YESTERDAY        0.00          0.11  -0.11     0.35
  MONTH TO DATE    0.48          1.83  -1.35     1.21
  SINCE MAR 1      0.48          1.83  -1.35     1.21
  SINCE JAN 1      3.89          6.82  -2.93     7.07

DEGREE DAYS
 HEATING
  YESTERDAY       44            31     13       34
  MONTH TO DATE  743           645     98      808
  SINCE MAR 1    743           645     98      808
  SINCE JUL 1   6245          5896    349     6056

 COOLING
  YESTERDAY        0             0      0        0
  MONTH TO DATE    0             0      0        0
  SINCE MAR 1      0             0      0        0
  SINCE JAN 1      0             0      0        0
......................................................


WIND (MPH)
  HIGHEST WIND SPEED    21   HIGHEST WIND DIRECTION     N (360)
  HIGHEST GUST SPEED    32   HIGHEST GUST DIRECTION     N (10)
  AVERAGE WIND SPEED     6.3


SKY COVER
  AVERAGE SKY COVER 0.0



RELATIVE HUMIDITY (PERCENT)
 HIGHEST    66           600 AM
 LOWEST     23           400 PM
 AVERAGE    45

..........................................................


THE BENNINGTON VT CLIMATE NORMALS FOR TODAY
                         NORMAL
 MAXIMUM TEMPERATURE (F)   45
 MINIMUM TEMPERATURE (F)   24


SUNRISE AND SUNSET
MARCH 20 2015.........SUNRISE   657 AM EDT   SUNSET   705 PM EDT
MARCH 21 2015.........SUNRISE   655 AM EDT   SUNSET   706 PM EDT


-  INDICATES NEGATIVE NUMBERS.
R  INDICATES RECORD WAS SET OR TIED.
MM INDICATES DATA IS MISSING.
T  INDICATES TRACE AMOUNT.




$$
