000
CDUS41 KALY 060634
CLIDDH


CLIMATE REPORT
NATIONAL WEATHER SERVICE ALBANY NY
133 AM EST WED DEC 6 2017


...................................

...THE BENNINGTON VT CLIMATE SUMMARY FOR DECEMBER 5 2017...

CLIMATE NORMAL PERIOD 1981 TO 2010
CLIMATE RECORD PERIOD 9999 TO 9999


WEATHER ITEM   OBSERVED TIME   NORMAL DEPARTURE LAST
                VALUE   (LST)  VALUE  FROM      YEAR
                                      NORMAL
......................................................
TEMPERATURE (F)
 YESTERDAY
  MAXIMUM         56    724 PM  40     16       41
  MINIMUM         43    346 AM  24     19       23
  AVERAGE         50            32     18       32

PRECIPITATION (IN)
  YESTERDAY        0.43          0.09   0.34     0.09
  MONTH TO DATE    0.43          0.48  -0.05     0.50
  SINCE DEC 1      0.43          0.48  -0.05     0.50
  SINCE JAN 1     39.99         38.39   1.60    31.04

DEGREE DAYS
 HEATING
  YESTERDAY       15            33    -18       33
  MONTH TO DATE  127           162    -35      145
  SINCE DEC 1    127           162    -35      145
  SINCE JUL 1   1427          1775   -348     1515

 COOLING
  YESTERDAY        0             0      0        0
  MONTH TO DATE    0             0      0        0
  SINCE DEC 1      0             0      0        0
  SINCE JAN 1    395           313     82      488
......................................................


WIND (MPH)
  HIGHEST WIND SPEED    15   HIGHEST WIND DIRECTION    SE (130)
  HIGHEST GUST SPEED    30   HIGHEST GUST DIRECTION     S (170)
  AVERAGE WIND SPEED    10.0


SKY COVER
  AVERAGE SKY COVER 1.0



RELATIVE HUMIDITY (PERCENT)
 HIGHEST    89           600 PM
 LOWEST     62           100 AM
 AVERAGE    76

..........................................................


THE BENNINGTON VT CLIMATE NORMALS FOR TODAY
                         NORMAL
 MAXIMUM TEMPERATURE (F)   39
 MINIMUM TEMPERATURE (F)   24


SUNRISE AND SUNSET
DECEMBER  6 2017......SUNRISE   709 AM EST   SUNSET   419 PM EST
DECEMBER  7 2017......SUNRISE   710 AM EST   SUNSET   419 PM EST


-  INDICATES NEGATIVE NUMBERS.
R  INDICATES RECORD WAS SET OR TIED.
MM INDICATES DATA IS MISSING.
T  INDICATES TRACE AMOUNT.




$$
