000
CDUS41 KALY 102204
CLIDDH


CLIMATE REPORT
NATIONAL WEATHER SERVICE ALBANY NY
504 PM EST FRI FEB 10 2017


...................................

...THE BENNINGTON VT CLIMATE SUMMARY FOR FEBRUARY 10 2017...
VALID TODAY AS OF 0400 PM LOCAL TIME.

CLIMATE NORMAL PERIOD 1981 TO 2010
CLIMATE RECORD PERIOD 9999 TO 9999


WEATHER ITEM   OBSERVED TIME   NORMAL DEPARTURE LAST
                VALUE   (LST)  VALUE  FROM      YEAR
                                      NORMAL
......................................................
TEMPERATURE (F)
 TODAY
  MAXIMUM         21    415 PM  34    -13       34
  MINIMUM         -9    520 AM  14    -23       23
  AVERAGE          6            24    -18       29

PRECIPITATION (IN)
  TODAY            0.00          0.07  -0.07     0.01
  MONTH TO DATE    1.15          0.67   0.48     0.88
  SINCE DEC 1      4.95          6.21  -1.26     5.74
  SINCE JAN 1      2.86          3.42  -0.56     1.99

DEGREE DAYS
 HEATING
  TODAY           59            41     18       36
  MONTH TO DATE  409           419    -10      303
  SINCE DEC 1   2633          2937   -304     2265
  SINCE JUL 1   4003          4550   -547     3608

 COOLING
  TODAY            0             0      0        0
  MONTH TO DATE    0             0      0        0
  SINCE DEC 1      0             0      0        0
  SINCE JAN 1      0             0      0        0
......................................................


WIND (MPH)
  HIGHEST WIND SPEED    20   HIGHEST WIND DIRECTION     W (280)
  HIGHEST GUST SPEED    26   HIGHEST GUST DIRECTION     W (290)
  AVERAGE WIND SPEED     5.2


SKY COVER
  AVERAGE SKY COVER 0.3



RELATIVE HUMIDITY (PERCENT)
 HIGHEST    82
 LOWEST     39
 AVERAGE    61

..........................................................


THE BENNINGTON VT CLIMATE NORMALS FOR TOMORROW
                         NORMAL
 MAXIMUM TEMPERATURE (F)   34
 MINIMUM TEMPERATURE (F)   15


SUNRISE AND SUNSET
FEBRUARY 10 2017......SUNRISE   657 AM EST   SUNSET   518 PM EST
FEBRUARY 11 2017......SUNRISE   655 AM EST   SUNSET   520 PM EST


-  INDICATES NEGATIVE NUMBERS.
R  INDICATES RECORD WAS SET OR TIED.
MM INDICATES DATA IS MISSING.
T  INDICATES TRACE AMOUNT.




$$
