000
CDUS41 KALY 120622
CLIDDH


CLIMATE REPORT
NATIONAL WEATHER SERVICE ALBANY NY
222 AM EDT FRI AUG 12 2016


...................................

...THE BENNINGTON VT CLIMATE SUMMARY FOR AUGUST 11 2016...

CLIMATE NORMAL PERIOD 1981 TO 2010
CLIMATE RECORD PERIOD 9999 TO 9999


WEATHER ITEM   OBSERVED TIME   NORMAL DEPARTURE LAST
                VALUE   (LST)  VALUE  FROM      YEAR
                                      NORMAL
......................................................
TEMPERATURE (F)
 YESTERDAY
  MAXIMUM         91    214 PM  78     13       76
  MINIMUM         64    327 AM  56      8       66
  AVERAGE         78            67     11       71

PRECIPITATION (IN)
  YESTERDAY        T             0.13  -0.13     0.49
  MONTH TO DATE    2.56          1.58   0.98     0.88
  SINCE JUN 1      6.69         10.05  -3.36     5.82
  SINCE JAN 1     19.74         25.12  -5.38    13.38

DEGREE DAYS
 HEATING
  YESTERDAY        0             1     -1        0
  MONTH TO DATE    0            11    -11        2
  SINCE JUN 1     79           132    -53      124
  SINCE JUL 1     10            35    -25       29

 COOLING
  YESTERDAY       13             4      9        6
  MONTH TO DATE   64            44     20       30
  SINCE JUN 1    288           225     63      214
  SINCE JAN 1    330           239     91      278
......................................................


WIND (MPH)
  HIGHEST WIND SPEED     7   HIGHEST WIND DIRECTION    SW (220)
  HIGHEST GUST SPEED    11   HIGHEST GUST DIRECTION    SW (230)
  AVERAGE WIND SPEED     1.9


SKY COVER
  AVERAGE SKY COVER 0.5



RELATIVE HUMIDITY (PERCENT)
 HIGHEST    93          1200 AM
 LOWEST     47           100 PM
 AVERAGE    70

..........................................................


THE BENNINGTON VT CLIMATE NORMALS FOR TODAY
                         NORMAL
 MAXIMUM TEMPERATURE (F)   78
 MINIMUM TEMPERATURE (F)   56


SUNRISE AND SUNSET
AUGUST 12 2016........SUNRISE   556 AM EDT   SUNSET   759 PM EDT
AUGUST 13 2016........SUNRISE   557 AM EDT   SUNSET   757 PM EDT


-  INDICATES NEGATIVE NUMBERS.
R  INDICATES RECORD WAS SET OR TIED.
MM INDICATES DATA IS MISSING.
T  INDICATES TRACE AMOUNT.




$$
