000
CDUS41 KALY 230622
CLIDDH


CLIMATE REPORT
NATIONAL WEATHER SERVICE ALBANY NY
221 AM EDT WED JUL 23 2014


...................................

...THE BENNINGTON VT CLIMATE SUMMARY FOR JULY 22 2014...

CLIMATE NORMAL PERIOD 1981 TO 2010
CLIMATE RECORD PERIOD 9999 TO 9999


WEATHER ITEM   OBSERVED TIME   NORMAL DEPARTURE LAST
                VALUE   (LST)  VALUE  FROM      YEAR
                                      NORMAL
......................................................
TEMPERATURE (F)
 YESTERDAY
  MAXIMUM         86    343 PM  80      6       84
  MINIMUM         59    503 AM  57      2       62
  AVERAGE         73            68      5       73

PRECIPITATION (IN)
  YESTERDAY        0.00          0.15  -0.15     0.17
  MONTH TO DATE    4.65          3.06   1.59     2.72
  SINCE JUN 1      7.98          7.19   0.79    10.01
  SINCE JAN 1     20.81         22.26  -1.45    24.48

DEGREE DAYS
 HEATING
  YESTERDAY        0             1     -1        0
  MONTH TO DATE    6            22    -16        0
  SINCE JUN 1     53           119    -66      100
  SINCE JUL 1      6            22    -16        0

 COOLING
  YESTERDAY        8             4      4        8
  MONTH TO DATE  103            87     16      234
  SINCE JUN 1    165           145     20      332
  SINCE JAN 1    181           159     22      364
......................................................


WIND (MPH)
  HIGHEST WIND SPEED     8   HIGHEST WIND DIRECTION    SW (210)
  HIGHEST GUST SPEED    39   HIGHEST GUST DIRECTION    NE (30)
  AVERAGE WIND SPEED     2.2


SKY COVER
  AVERAGE SKY COVER 0.2



RELATIVE HUMIDITY (PERCENT)
 HIGHEST   100           200 AM
 LOWEST     55           200 PM
 AVERAGE    78

..........................................................


THE BENNINGTON VT CLIMATE NORMALS FOR TODAY
                         NORMAL
 MAXIMUM TEMPERATURE (F)   80
 MINIMUM TEMPERATURE (F)   57


SUNRISE AND SUNSET
JULY 23 2014..........SUNRISE   535 AM EDT   SUNSET   823 PM EDT
JULY 24 2014..........SUNRISE   536 AM EDT   SUNSET   822 PM EDT


-  INDICATES NEGATIVE NUMBERS.
R  INDICATES RECORD WAS SET OR TIED.
MM INDICATES DATA IS MISSING.
T  INDICATES TRACE AMOUNT.




$$
