000
CDUS41 KALY 060636
CLIDDH


CLIMATE REPORT
NATIONAL WEATHER SERVICE ALBANY NY
236 AM EDT SUN APR 6 2014


...................................

...THE BENNINGTON VT CLIMATE SUMMARY FOR APRIL 5 2014...

CLIMATE NORMAL PERIOD 1981 TO 2010
CLIMATE RECORD PERIOD 9999 TO 9999


WEATHER ITEM   OBSERVED TIME   NORMAL DEPARTURE LAST
                VALUE   (LST)  VALUE  FROM      YEAR
                                      NORMAL
......................................................
TEMPERATURE (F)
 YESTERDAY
  MAXIMUM         44    108 PM  52     -8       53
  MINIMUM         34   1159 PM  30      4       28
  AVERAGE         39            41     -2       41

PRECIPITATION (IN)
  YESTERDAY        0.02          0.13  -0.11      T
  MONTH TO DATE    0.21          0.64  -0.43     0.11
  SINCE MAR 1      2.36          3.79  -1.43     1.39
  SINCE JAN 1      8.22          8.78  -0.56     4.05

DEGREE DAYS
 HEATING
  YESTERDAY       26            24      2       24
  MONTH TO DATE  121           123     -2      143
  SINCE MAR 1   1279          1107    172     1160
  SINCE JUL 1   6527          6358    169     5944

 COOLING
  YESTERDAY        0             0      0        0
  MONTH TO DATE    0             0      0        0
  SINCE MAR 1      0             0      0        0
  SINCE JAN 1      0             0      0        0
......................................................


WIND (MPH)
  HIGHEST WIND SPEED    25   HIGHEST WIND DIRECTION     W (290)
  HIGHEST GUST SPEED    38   HIGHEST GUST DIRECTION    NW (300)
  AVERAGE WIND SPEED     9.7


SKY COVER
  AVERAGE SKY COVER 0.9



RELATIVE HUMIDITY (PERCENT)
 HIGHEST    92           400 AM
 LOWEST     52           500 PM
 AVERAGE    72

..........................................................


THE BENNINGTON VT CLIMATE NORMALS FOR TODAY
                         NORMAL
 MAXIMUM TEMPERATURE (F)   53
 MINIMUM TEMPERATURE (F)   31


SUNRISE AND SUNSET
APRIL  6 2014.........SUNRISE   627 AM EDT   SUNSET   725 PM EDT
APRIL  7 2014.........SUNRISE   625 AM EDT   SUNSET   726 PM EDT


-  INDICATES NEGATIVE NUMBERS.
R  INDICATES RECORD WAS SET OR TIED.
MM INDICATES DATA IS MISSING.
T  INDICATES TRACE AMOUNT.




$$
