000
CDUS41 KALY 200629
CLIDDH


CLIMATE REPORT
NATIONAL WEATHER SERVICE ALBANY NY
228 AM EDT MON JUL 20 2015


...................................

...THE BENNINGTON VT CLIMATE SUMMARY FOR JULY 19 2015...

CLIMATE NORMAL PERIOD 1981 TO 2010
CLIMATE RECORD PERIOD 9999 TO 9999


WEATHER ITEM   OBSERVED TIME   NORMAL DEPARTURE LAST
                VALUE   (LST)  VALUE  FROM      YEAR
                                      NORMAL
......................................................
TEMPERATURE (F)
 YESTERDAY
  MAXIMUM         88    346 PM  80      8       77
  MINIMUM         63    449 AM  57      6       51
  AVERAGE         76            68      8       64

PRECIPITATION (IN)
  YESTERDAY        0.49          0.15   0.34     0.00
  MONTH TO DATE    1.85          2.61  -0.76     4.61
  SINCE JUN 1      4.80          6.74  -1.94     7.94
  SINCE JAN 1     12.36         21.81  -9.45    20.77

DEGREE DAYS
 HEATING
  YESTERDAY        0             1     -1        1
  MONTH TO DATE   25            19      6        6
  SINCE JUN 1    120           116      4       53
  SINCE JUL 1     25            19      6        6

 COOLING
  YESTERDAY       11             4      7        0
  MONTH TO DATE   68            75     -7       86
  SINCE JUN 1    115           133    -18      148
  SINCE JAN 1    179           147     32      164
......................................................


WIND (MPH)
  HIGHEST WIND SPEED    22   HIGHEST WIND DIRECTION    SW (210)
  HIGHEST GUST SPEED    32   HIGHEST GUST DIRECTION    SW (210)
  AVERAGE WIND SPEED     3.8


SKY COVER
  AVERAGE SKY COVER 0.3



RELATIVE HUMIDITY (PERCENT)
 HIGHEST   100           300 AM
 LOWEST     61           400 PM
 AVERAGE    81

..........................................................


THE BENNINGTON VT CLIMATE NORMALS FOR TODAY
                         NORMAL
 MAXIMUM TEMPERATURE (F)   80
 MINIMUM TEMPERATURE (F)   57


SUNRISE AND SUNSET
JULY 20 2015..........SUNRISE   532 AM EDT   SUNSET   826 PM EDT
JULY 21 2015..........SUNRISE   533 AM EDT   SUNSET   825 PM EDT


-  INDICATES NEGATIVE NUMBERS.
R  INDICATES RECORD WAS SET OR TIED.
MM INDICATES DATA IS MISSING.
T  INDICATES TRACE AMOUNT.




$$
