000
CDUS41 KALY 210625
CLIDDH


CLIMATE REPORT
NATIONAL WEATHER SERVICE ALBANY NY
124 AM EST WED JAN 21 2015


...................................

...THE BENNINGTON VT CLIMATE SUMMARY FOR JANUARY 20 2015...

CLIMATE NORMAL PERIOD 1981 TO 2010
CLIMATE RECORD PERIOD 9999 TO 9999


WEATHER ITEM   OBSERVED TIME   NORMAL DEPARTURE LAST
                VALUE   (LST)  VALUE  FROM      YEAR
                                      NORMAL
......................................................
TEMPERATURE (F)
 YESTERDAY
  MAXIMUM         27    102 AM  30     -3       34
  MINIMUM         14   1130 PM  11      3       12
  AVERAGE         21            21      0       23

PRECIPITATION (IN)
  YESTERDAY        0.00          0.08  -0.08     0.01
  MONTH TO DATE    2.08          1.92   0.16     2.83
  SINCE DEC 1      5.99          4.71   1.28     5.71
  SINCE JAN 1      2.08          1.92   0.16     2.83

DEGREE DAYS
 HEATING
  YESTERDAY       44            44      0       42
  MONTH TO DATE  922           876     46      817
  SINCE DEC 1   1946          2035    -89     1949
  SINCE JUL 1   3439          3648   -209     3480

 COOLING
  YESTERDAY        0             0      0        0
  MONTH TO DATE    0             0      0        0
  SINCE DEC 1      0             0      0        0
  SINCE JAN 1      0             0      0        0
......................................................


WIND (MPH)
  HIGHEST WIND SPEED    20   HIGHEST WIND DIRECTION     W (280)
  HIGHEST GUST SPEED    28   HIGHEST GUST DIRECTION     W (270)
  AVERAGE WIND SPEED     7.1


SKY COVER
  AVERAGE SKY COVER 0.3



RELATIVE HUMIDITY (PERCENT)
 HIGHEST    68          1200 AM
 LOWEST     50           200 PM
 AVERAGE    59

..........................................................


THE BENNINGTON VT CLIMATE NORMALS FOR TODAY
                         NORMAL
 MAXIMUM TEMPERATURE (F)   31
 MINIMUM TEMPERATURE (F)   11


SUNRISE AND SUNSET
JANUARY 21 2015.......SUNRISE   718 AM EST   SUNSET   451 PM EST
JANUARY 22 2015.......SUNRISE   717 AM EST   SUNSET   452 PM EST


-  INDICATES NEGATIVE NUMBERS.
R  INDICATES RECORD WAS SET OR TIED.
MM INDICATES DATA IS MISSING.
T  INDICATES TRACE AMOUNT.




$$
