000
CDUS41 KALY 050622
CLIDDH


CLIMATE REPORT
NATIONAL WEATHER SERVICE ALBANY NY
221 AM EDT SAT APR 5 2014


...................................

...THE BENNINGTON VT CLIMATE SUMMARY FOR APRIL 4 2014...

CLIMATE NORMAL PERIOD 1981 TO 2010
CLIMATE RECORD PERIOD 9999 TO 9999


WEATHER ITEM   OBSERVED TIME   NORMAL DEPARTURE LAST
                VALUE   (LST)  VALUE  FROM      YEAR
                                      NORMAL
......................................................
TEMPERATURE (F)
 YESTERDAY
  MAXIMUM         49   1146 AM  52     -3       52
  MINIMUM         35    244 AM  30      5       24
  AVERAGE         42            41      1       38

PRECIPITATION (IN)
  YESTERDAY        0.19          0.12   0.07     0.00
  MONTH TO DATE    0.19          0.51  -0.32     0.11
  SINCE MAR 1      2.34          3.66  -1.32     1.39
  SINCE JAN 1      8.20          8.65  -0.45     4.05

DEGREE DAYS
 HEATING
  YESTERDAY       23            24     -1       27
  MONTH TO DATE   95            99     -4      119
  SINCE MAR 1   1253          1083    170     1136
  SINCE JUL 1   6501          6334    167     5920

 COOLING
  YESTERDAY        0             0      0        0
  MONTH TO DATE    0             0      0        0
  SINCE MAR 1      0             0      0        0
  SINCE JAN 1      0             0      0        0
......................................................


WIND (MPH)
  HIGHEST WIND SPEED    25   HIGHEST WIND DIRECTION    SE (140)
  HIGHEST GUST SPEED    35   HIGHEST GUST DIRECTION     S (160)
  AVERAGE WIND SPEED    10.3


SKY COVER
  AVERAGE SKY COVER 0.8



RELATIVE HUMIDITY (PERCENT)
 HIGHEST    76           800 PM
 LOWEST     39          1100 AM
 AVERAGE    58

..........................................................


THE BENNINGTON VT CLIMATE NORMALS FOR TODAY
                         NORMAL
 MAXIMUM TEMPERATURE (F)   52
 MINIMUM TEMPERATURE (F)   30


SUNRISE AND SUNSET
APRIL  5 2014.........SUNRISE   628 AM EDT   SUNSET   724 PM EDT
APRIL  6 2014.........SUNRISE   627 AM EDT   SUNSET   725 PM EDT


-  INDICATES NEGATIVE NUMBERS.
R  INDICATES RECORD WAS SET OR TIED.
MM INDICATES DATA IS MISSING.
T  INDICATES TRACE AMOUNT.




$$
