000
CDUS41 KALY 130623
CLIDDH


CLIMATE REPORT
NATIONAL WEATHER SERVICE ALBANY NY
222 AM EDT WED AUG 13 2014


...................................

...THE BENNINGTON VT CLIMATE SUMMARY FOR AUGUST 12 2014...

CLIMATE NORMAL PERIOD 1981 TO 2010
CLIMATE RECORD PERIOD 9999 TO 9999


WEATHER ITEM   OBSERVED TIME   NORMAL DEPARTURE LAST
                VALUE   (LST)  VALUE  FROM      YEAR
                                      NORMAL
......................................................
TEMPERATURE (F)
 YESTERDAY
  MAXIMUM         76   1024 AM  78     -2       78
  MINIMUM         57    404 AM  56      1       52
  AVERAGE         67            67      0       65

PRECIPITATION (IN)
  YESTERDAY        T             0.13  -0.13      T
  MONTH TO DATE    0.68          1.71  -1.03     0.72
  SINCE JUN 1     11.96         10.18   1.78    13.61
  SINCE JAN 1     24.79         25.25  -0.46    28.08

DEGREE DAYS
 HEATING
  YESTERDAY        0             1     -1        0
  MONTH TO DATE    6            12     -6       19
  SINCE JUN 1     64           133    -69      129
  SINCE JUL 1     17            36    -19       29

 COOLING
  YESTERDAY        2             4     -2        0
  MONTH TO DATE   26            48    -22       30
  SINCE JUN 1    212           229    -17      376
  SINCE JAN 1    228           243    -15      408
......................................................


WIND (MPH)
  HIGHEST WIND SPEED    24   HIGHEST WIND DIRECTION    SE (130)
  HIGHEST GUST SPEED    33   HIGHEST GUST DIRECTION    SE (130)
  AVERAGE WIND SPEED     9.3


SKY COVER
  AVERAGE SKY COVER 0.3



RELATIVE HUMIDITY (PERCENT)
 HIGHEST    90          1200 AM
 LOWEST     57          1000 AM
 AVERAGE    74

..........................................................


THE BENNINGTON VT CLIMATE NORMALS FOR TODAY
                         NORMAL
 MAXIMUM TEMPERATURE (F)   78
 MINIMUM TEMPERATURE (F)   56


SUNRISE AND SUNSET
AUGUST 13 2014........SUNRISE   557 AM EDT   SUNSET   758 PM EDT
AUGUST 14 2014........SUNRISE   558 AM EDT   SUNSET   757 PM EDT


-  INDICATES NEGATIVE NUMBERS.
R  INDICATES RECORD WAS SET OR TIED.
MM INDICATES DATA IS MISSING.
T  INDICATES TRACE AMOUNT.




$$
