000
CDUS41 KALY 010622
CLIDDH


CLIMATE REPORT
NATIONAL WEATHER SERVICE ALBANY NY
121 AM EST SUN JAN 1 2017


...................................

...THE BENNINGTON VT CLIMATE SUMMARY FOR DECEMBER 31 2016...

CLIMATE NORMAL PERIOD 1981 TO 2010
CLIMATE RECORD PERIOD 9999 TO 9999


WEATHER ITEM   OBSERVED TIME   NORMAL DEPARTURE LAST
                VALUE   (LST)  VALUE  FROM      YEAR
                                      NORMAL
......................................................
TEMPERATURE (F)
 YESTERDAY
  MAXIMUM         37    951 PM  32      5       43
  MINIMUM         18    809 AM  13      5       34
  AVERAGE         28            22      6       39

PRECIPITATION (IN)
  YESTERDAY        0.06          0.08  -0.02      T
  MONTH TO DATE    2.09          2.79  -0.70     3.75
  SINCE DEC 1      2.09          2.79  -0.70     3.75
  SINCE JAN 1     32.63         40.70  -8.07    28.96

DEGREE DAYS
 HEATING
  YESTERDAY       37            43     -6       26
  MONTH TO DATE 1123          1161    -38      745
  SINCE DEC 1   1123          1159    -36      745
  SINCE JUL 1   2493          2772   -279     2088

 COOLING
  YESTERDAY        0             0      0        0
  MONTH TO DATE    0             0      0        0
  SINCE DEC 1      0             0      0        0
  SINCE JAN 1    488           313    175      444
......................................................


WIND (MPH)
  HIGHEST WIND SPEED    22   HIGHEST WIND DIRECTION     S (200)
  HIGHEST GUST SPEED    32   HIGHEST GUST DIRECTION     S (190)
  AVERAGE WIND SPEED     5.9


SKY COVER
  AVERAGE SKY COVER 0.9



RELATIVE HUMIDITY (PERCENT)
 HIGHEST    77           500 AM
 LOWEST     51           300 PM
 AVERAGE    64

..........................................................


THE BENNINGTON VT CLIMATE NORMALS FOR TODAY
                         NORMAL
 MAXIMUM TEMPERATURE (F)   31
 MINIMUM TEMPERATURE (F)   13


SUNRISE AND SUNSET
JANUARY  1 2017.......SUNRISE   724 AM EST   SUNSET   430 PM EST
JANUARY  2 2017.......SUNRISE   724 AM EST   SUNSET   431 PM EST


-  INDICATES NEGATIVE NUMBERS.
R  INDICATES RECORD WAS SET OR TIED.
MM INDICATES DATA IS MISSING.
T  INDICATES TRACE AMOUNT.




$$
