000
CDUS41 KALY 180624
CLIDDH


CLIMATE REPORT
NATIONAL WEATHER SERVICE ALBANY NY
223 AM EDT MON MAY 18 2015


...................................

...THE BENNINGTON VT CLIMATE SUMMARY FOR MAY 17 2015...

CLIMATE NORMAL PERIOD 1981 TO 2010
CLIMATE RECORD PERIOD 9999 TO 9999


WEATHER ITEM   OBSERVED TIME   NORMAL DEPARTURE LAST
                VALUE   (LST)  VALUE  FROM      YEAR
                                      NORMAL
......................................................
TEMPERATURE (F)
 YESTERDAY
  MAXIMUM         81    519 PM  67     14       60
  MINIMUM         55   1159 PM  43     12       38
  AVERAGE         68            55     13       49

PRECIPITATION (IN)
  YESTERDAY        0.00          0.11  -0.11     0.60
  MONTH TO DATE    0.07          1.78  -1.71     1.52
  SINCE MAR 1      3.25          8.20  -4.95     6.13
  SINCE JAN 1      6.66         13.19  -6.53    11.99

DEGREE DAYS
 HEATING
  YESTERDAY        0            10    -10       16
  MONTH TO DATE   88           204   -116      146
  SINCE MAR 1   1868          1776     92     1891
  SINCE JUL 1   7370          7027    343     7139

 COOLING
  YESTERDAY        3             0      3        0
  MONTH TO DATE   30             0     30        9
  SINCE MAR 1     30             3     27       13
  SINCE JAN 1     30             3     27       13
......................................................


WIND (MPH)
  HIGHEST WIND SPEED    12   HIGHEST WIND DIRECTION    NW (330)
  HIGHEST GUST SPEED    16   HIGHEST GUST DIRECTION     W (270)
  AVERAGE WIND SPEED     2.9


SKY COVER
  AVERAGE SKY COVER 0.2



RELATIVE HUMIDITY (PERCENT)
 HIGHEST   100           400 AM
 LOWEST     39           100 PM
 AVERAGE    70

..........................................................


THE BENNINGTON VT CLIMATE NORMALS FOR TODAY
                         NORMAL
 MAXIMUM TEMPERATURE (F)   68
 MINIMUM TEMPERATURE (F)   44


SUNRISE AND SUNSET
MAY 18 2015...........SUNRISE   527 AM EDT   SUNSET   812 PM EDT
MAY 19 2015...........SUNRISE   526 AM EDT   SUNSET   813 PM EDT


-  INDICATES NEGATIVE NUMBERS.
R  INDICATES RECORD WAS SET OR TIED.
MM INDICATES DATA IS MISSING.
T  INDICATES TRACE AMOUNT.




$$
