000
CDUS41 KALY 190627
CLIDDH


CLIMATE REPORT
NATIONAL WEATHER SERVICE ALBANY NY
226 AM EDT SUN JUL 19 2015


...................................

...THE BENNINGTON VT CLIMATE SUMMARY FOR JULY 18 2015...

CLIMATE NORMAL PERIOD 1981 TO 2010
CLIMATE RECORD PERIOD 9999 TO 9999


WEATHER ITEM   OBSERVED TIME   NORMAL DEPARTURE LAST
                VALUE   (LST)  VALUE  FROM      YEAR
                                      NORMAL
......................................................
TEMPERATURE (F)
 YESTERDAY
  MAXIMUM         85    409 PM  80      5       78
  MINIMUM         64    229 AM  57      7       49
  AVERAGE         75            68      7       64

PRECIPITATION (IN)
  YESTERDAY        0.46          0.14   0.32     0.00
  MONTH TO DATE    1.36          2.46  -1.10     4.61
  SINCE JUN 1      4.31          6.59  -2.28     7.94
  SINCE JAN 1     11.87         21.66  -9.79    20.77

DEGREE DAYS
 HEATING
  YESTERDAY        0             1     -1        1
  MONTH TO DATE   25            18      7        5
  SINCE JUN 1    120           115      5       52
  SINCE JUL 1     25            18      7        5

 COOLING
  YESTERDAY       10             4      6        0
  MONTH TO DATE   57            71    -14       86
  SINCE JUN 1    104           129    -25      148
  SINCE JAN 1    168           143     25      164
......................................................


WIND (MPH)
  HIGHEST WIND SPEED    12   HIGHEST WIND DIRECTION     S (190)
  HIGHEST GUST SPEED    17   HIGHEST GUST DIRECTION    SE (150)
  AVERAGE WIND SPEED     2.9


SKY COVER
  AVERAGE SKY COVER 0.7



RELATIVE HUMIDITY (PERCENT)
 HIGHEST    97          1000 PM
 LOWEST     65           400 PM
 AVERAGE    81

..........................................................


THE BENNINGTON VT CLIMATE NORMALS FOR TODAY
                         NORMAL
 MAXIMUM TEMPERATURE (F)   80
 MINIMUM TEMPERATURE (F)   57


SUNRISE AND SUNSET
JULY 19 2015..........SUNRISE   531 AM EDT   SUNSET   827 PM EDT
JULY 20 2015..........SUNRISE   532 AM EDT   SUNSET   826 PM EDT


-  INDICATES NEGATIVE NUMBERS.
R  INDICATES RECORD WAS SET OR TIED.
MM INDICATES DATA IS MISSING.
T  INDICATES TRACE AMOUNT.




$$
