000
CDUS41 KALY 080630
CLIDDH


CLIMATE REPORT
NATIONAL WEATHER SERVICE ALBANY NY
129 AM EST SUN JAN 8 2017


...................................

...THE BENNINGTON VT CLIMATE SUMMARY FOR JANUARY 7 2017...

CLIMATE NORMAL PERIOD 1981 TO 2010
CLIMATE RECORD PERIOD 9999 TO 9999


WEATHER ITEM   OBSERVED TIME   NORMAL DEPARTURE LAST
                VALUE   (LST)  VALUE  FROM      YEAR
                                      NORMAL
......................................................
TEMPERATURE (F)
 YESTERDAY
  MAXIMUM         20    221 PM  31    -11       41
  MINIMUM          4    320 AM  12     -8       10
  AVERAGE         12            21     -9       26

PRECIPITATION (IN)
  YESTERDAY        0.00          0.10  -0.10     0.00
  MONTH TO DATE    0.42          0.78  -0.36      T
  SINCE DEC 1      2.51          3.57  -1.06     3.75
  SINCE JAN 1      0.42          0.78  -0.36      T

DEGREE DAYS
 HEATING
  YESTERDAY       53            44      9       39
  MONTH TO DATE  278           304    -26      290
  SINCE DEC 1   1401          1463    -62     1035
  SINCE JUL 1   2771          3076   -305     2378

 COOLING
  YESTERDAY        0             0      0        0
  MONTH TO DATE    0             0      0        0
  SINCE DEC 1      0             0      0        0
  SINCE JAN 1      0             0      0        0
......................................................


WIND (MPH)
  HIGHEST WIND SPEED    10   HIGHEST WIND DIRECTION    NW (300)
  HIGHEST GUST SPEED    14   HIGHEST GUST DIRECTION    NW (310)
  AVERAGE WIND SPEED     2.7


SKY COVER
  AVERAGE SKY COVER 0.4



RELATIVE HUMIDITY (PERCENT)
 HIGHEST    87           300 AM
 LOWEST     56          1200 PM
 AVERAGE    72

..........................................................


THE BENNINGTON VT CLIMATE NORMALS FOR TODAY
                         NORMAL
 MAXIMUM TEMPERATURE (F)   31
 MINIMUM TEMPERATURE (F)   12


SUNRISE AND SUNSET
JANUARY  8 2017.......SUNRISE   723 AM EST   SUNSET   436 PM EST
JANUARY  9 2017.......SUNRISE   723 AM EST   SUNSET   438 PM EST


-  INDICATES NEGATIVE NUMBERS.
R  INDICATES RECORD WAS SET OR TIED.
MM INDICATES DATA IS MISSING.
T  INDICATES TRACE AMOUNT.




$$
