000
CDUS41 KALY 122043
CLIDDH


CLIMATE REPORT
NATIONAL WEATHER SERVICE ALBANY NY
443 PM EDT THU MAY 12 2016


...................................

...THE BENNINGTON VT CLIMATE SUMMARY FOR MAY 12 2016...
VALID TODAY AS OF 0400 PM LOCAL TIME.

CLIMATE NORMAL PERIOD 1981 TO 2010
CLIMATE RECORD PERIOD 9999 TO 9999


WEATHER ITEM   OBSERVED TIME   NORMAL DEPARTURE LAST
                VALUE   (LST)  VALUE  FROM      YEAR
                                      NORMAL
......................................................
TEMPERATURE (F)
 TODAY
  MAXIMUM         80    330 PM  66     14       79
  MINIMUM         38    507 AM  42     -4       52
  AVERAGE         59            54      5       66

PRECIPITATION (IN)
  TODAY            0.00          0.11  -0.11     0.05
  MONTH TO DATE    1.25          1.22   0.03     0.05
  SINCE MAR 1      6.34          7.64  -1.30     3.23
  SINCE JAN 1     11.38         12.63  -1.25     6.64

DEGREE DAYS
 HEATING
  TODAY            6            11     -5        0
  MONTH TO DATE  171           152     19       44
  SINCE MAR 1   1579          1724   -145     1824
  SINCE JUL 1   5912          6975  -1063     7326

 COOLING
  TODAY            0             0      0        1
  MONTH TO DATE    0             0      0       26
  SINCE MAR 1      1             3     -2       26
  SINCE JAN 1      1             3     -2       26
......................................................


WIND (MPH)
  HIGHEST WIND SPEED     8   HIGHEST WIND DIRECTION     W (290)
  HIGHEST GUST SPEED    MM   HIGHEST GUST DIRECTION    MM
  AVERAGE WIND SPEED     2.5


SKY COVER
  AVERAGE SKY COVER 0.0



RELATIVE HUMIDITY (PERCENT)
 HIGHEST    79
 LOWEST     23
 AVERAGE    51

..........................................................


THE BENNINGTON VT CLIMATE NORMALS FOR TOMORROW
                         NORMAL
 MAXIMUM TEMPERATURE (F)   66
 MINIMUM TEMPERATURE (F)   42


SUNRISE AND SUNSET
MAY 12 2016...........SUNRISE   533 AM EDT   SUNSET   806 PM EDT
MAY 13 2016...........SUNRISE   532 AM EDT   SUNSET   808 PM EDT


-  INDICATES NEGATIVE NUMBERS.
R  INDICATES RECORD WAS SET OR TIED.
MM INDICATES DATA IS MISSING.
T  INDICATES TRACE AMOUNT.




$$
