000
CDUS41 KALY 112049
CLIDDH


CLIMATE REPORT
NATIONAL WEATHER SERVICE ALBANY NY
449 PM EDT SUN JUN 11 2017


...................................

...THE BENNINGTON VT CLIMATE SUMMARY FOR JUNE 11 2017...
VALID TODAY AS OF 0400 PM LOCAL TIME.

CLIMATE NORMAL PERIOD 1981 TO 2010
CLIMATE RECORD PERIOD 9999 TO 9999


WEATHER ITEM   OBSERVED TIME   NORMAL DEPARTURE LAST
                VALUE   (LST)  VALUE  FROM      YEAR
                                      NORMAL
......................................................
TEMPERATURE (F)
 TODAY
  MAXIMUM         87    342 PM  74     13       65
  MINIMUM         59    259 AM  51      8       40
  AVERAGE         73            63     10       53

PRECIPITATION (IN)
  TODAY            0.00          0.13  -0.13     0.24
  MONTH TO DATE    2.10          1.57   0.53     1.34
  SINCE JUN 1      2.10          1.57   0.53     1.34
  SINCE JAN 1     18.34         16.64   1.70    14.39

DEGREE DAYS
 HEATING
  TODAY            0             4     -4       12
  MONTH TO DATE   70            56     14       36
  SINCE JUN 1     70            56     14       36
  SINCE JUL 1   6469          7195   -726     6072

 COOLING
  TODAY            8             2      6        0
  MONTH TO DATE    9            13     -4       16
  SINCE JUN 1      9            13     -4       16
  SINCE JAN 1     24            27     -3       58
......................................................


WIND (MPH)
  HIGHEST WIND SPEED    17   HIGHEST WIND DIRECTION    SW (230)
  HIGHEST GUST SPEED    26   HIGHEST GUST DIRECTION    SW (230)
  AVERAGE WIND SPEED     5.3


SKY COVER
  AVERAGE SKY COVER 0.1



RELATIVE HUMIDITY (PERCENT)
 HIGHEST    90
 LOWEST     36
 AVERAGE    63

..........................................................


THE BENNINGTON VT CLIMATE NORMALS FOR TOMORROW
                         NORMAL
 MAXIMUM TEMPERATURE (F)   74
 MINIMUM TEMPERATURE (F)   52


SUNRISE AND SUNSET
JUNE 11 2017..........SUNRISE   514 AM EDT   SUNSET   832 PM EDT
JUNE 12 2017..........SUNRISE   514 AM EDT   SUNSET   832 PM EDT


-  INDICATES NEGATIVE NUMBERS.
R  INDICATES RECORD WAS SET OR TIED.
MM INDICATES DATA IS MISSING.
T  INDICATES TRACE AMOUNT.




$$
