000
CDUS41 KALY 130624
CLIDDH


CLIMATE REPORT
NATIONAL WEATHER SERVICE ALBANY NY
224 AM EDT SAT AUG 13 2016


...................................

...THE BENNINGTON VT CLIMATE SUMMARY FOR AUGUST 12 2016...

CLIMATE NORMAL PERIOD 1981 TO 2010
CLIMATE RECORD PERIOD 9999 TO 9999


WEATHER ITEM   OBSERVED TIME   NORMAL DEPARTURE LAST
                VALUE   (LST)  VALUE  FROM      YEAR
                                      NORMAL
......................................................
TEMPERATURE (F)
 YESTERDAY
  MAXIMUM         88    315 PM  78     10       77
  MINIMUM         69    459 AM  56     13       61
  AVERAGE         79            67     12       69

PRECIPITATION (IN)
  YESTERDAY        0.28          0.13   0.15     0.10
  MONTH TO DATE    2.84          1.71   1.13     0.98
  SINCE JUN 1      6.97         10.18  -3.21     5.92
  SINCE JAN 1     20.02         25.25  -5.23    13.48

DEGREE DAYS
 HEATING
  YESTERDAY        0             1     -1        0
  MONTH TO DATE    0            12    -12        2
  SINCE JUN 1     79           133    -54      124
  SINCE JUL 1     10            36    -26       29

 COOLING
  YESTERDAY       14             4     10        4
  MONTH TO DATE   78            48     30       34
  SINCE JUN 1    302           229     73      218
  SINCE JAN 1    344           243    101      282
......................................................


WIND (MPH)
  HIGHEST WIND SPEED    15   HIGHEST WIND DIRECTION     N (340)
  HIGHEST GUST SPEED    22   HIGHEST GUST DIRECTION     N (340)
  AVERAGE WIND SPEED     2.4


SKY COVER
  AVERAGE SKY COVER 0.6



RELATIVE HUMIDITY (PERCENT)
 HIGHEST    97           500 AM
 LOWEST     65          1100 AM
 AVERAGE    81

..........................................................


THE BENNINGTON VT CLIMATE NORMALS FOR TODAY
                         NORMAL
 MAXIMUM TEMPERATURE (F)   78
 MINIMUM TEMPERATURE (F)   56


SUNRISE AND SUNSET
AUGUST 13 2016........SUNRISE   557 AM EDT   SUNSET   757 PM EDT
AUGUST 14 2016........SUNRISE   559 AM EDT   SUNSET   756 PM EDT


-  INDICATES NEGATIVE NUMBERS.
R  INDICATES RECORD WAS SET OR TIED.
MM INDICATES DATA IS MISSING.
T  INDICATES TRACE AMOUNT.




$$
