000
CDUS41 KALY 210624
CLIDDH


CLIMATE REPORT
NATIONAL WEATHER SERVICE ALBANY NY
224 AM EDT SUN JUN 21 2015


...................................

...THE BENNINGTON VT CLIMATE SUMMARY FOR JUNE 20 2015...

CLIMATE NORMAL PERIOD 1981 TO 2010
CLIMATE RECORD PERIOD 9999 TO 9999


WEATHER ITEM   OBSERVED TIME   NORMAL DEPARTURE LAST
                VALUE   (LST)  VALUE  FROM      YEAR
                                      NORMAL
......................................................
TEMPERATURE (F)
 YESTERDAY
  MAXIMUM         77    231 PM  76      1       72
  MINIMUM         42    440 AM  54    -12       43
  AVERAGE         60            65     -5       58

PRECIPITATION (IN)
  YESTERDAY        T             0.14  -0.14     0.00
  MONTH TO DATE    1.89          2.85  -0.96     1.58
  SINCE JUN 1      1.89          2.85  -0.96     1.58
  SINCE JAN 1      9.45         17.92  -8.47    14.41

DEGREE DAYS
 HEATING
  YESTERDAY        5             2      3        7
  MONTH TO DATE   76            82     -6       37
  SINCE JUN 1     76            82     -6       37
  SINCE JUL 1   7518          7221    297     7288

 COOLING
  YESTERDAY        0             2     -2        0
  MONTH TO DATE   24            31     -7       27
  SINCE JUN 1     24            31     -7       27
  SINCE JAN 1     88            45     43       43
......................................................


WIND (MPH)
  HIGHEST WIND SPEED    15   HIGHEST WIND DIRECTION     S (180)
  HIGHEST GUST SPEED    35   HIGHEST GUST DIRECTION     S (190)
  AVERAGE WIND SPEED     5.2


SKY COVER
  AVERAGE SKY COVER 0.5



RELATIVE HUMIDITY (PERCENT)
 HIGHEST    92           300 AM
 LOWEST     44          1000 AM
 AVERAGE    68

..........................................................


THE BENNINGTON VT CLIMATE NORMALS FOR TODAY
                         NORMAL
 MAXIMUM TEMPERATURE (F)   77
 MINIMUM TEMPERATURE (F)   54


SUNRISE AND SUNSET
JUNE 21 2015..........SUNRISE   514 AM EDT   SUNSET   835 PM EDT
JUNE 22 2015..........SUNRISE   514 AM EDT   SUNSET   835 PM EDT


-  INDICATES NEGATIVE NUMBERS.
R  INDICATES RECORD WAS SET OR TIED.
MM INDICATES DATA IS MISSING.
T  INDICATES TRACE AMOUNT.




$$
