000
CDUS41 KALY 020632
CLIDDH


CLIMATE REPORT
NATIONAL WEATHER SERVICE ALBANY NY
232 AM EDT MON OCT 2 2017


...................................

...THE BENNINGTON VT CLIMATE SUMMARY FOR OCTOBER 1 2017...

CLIMATE NORMAL PERIOD 1981 TO 2010
CLIMATE RECORD PERIOD 9999 TO 9999


WEATHER ITEM   OBSERVED TIME   NORMAL DEPARTURE LAST
                VALUE   (LST)  VALUE  FROM      YEAR
                                      NORMAL
......................................................
TEMPERATURE (F)
 YESTERDAY
  MAXIMUM         61    356 PM  64     -3       60
  MINIMUM         38   1159 PM  41     -3       50
  AVERAGE         50            53     -3       55

PRECIPITATION (IN)
  YESTERDAY        0.00          0.13  -0.13     0.00
  MONTH TO DATE    0.00          0.13  -0.13     0.00
  SINCE SEP 1      3.50          3.70  -0.20     3.03
  SINCE JAN 1     35.85         31.24   4.61    24.34

DEGREE DAYS
 HEATING
  YESTERDAY       15            12      3       10
  MONTH TO DATE   15            12      3       10
  SINCE SEP 1    151           218    -67      133
  SINCE JUL 1    218           290    -72      155

 COOLING
  YESTERDAY        0             0      0        0
  MONTH TO DATE    0             0      0        0
  SINCE SEP 1     76            23     53       45
  SINCE JAN 1    383           311     72      484
......................................................


WIND (MPH)
  HIGHEST WIND SPEED    10   HIGHEST WIND DIRECTION     W (280)
  HIGHEST GUST SPEED    14   HIGHEST GUST DIRECTION     W (260)
  AVERAGE WIND SPEED     2.1


SKY COVER
  AVERAGE SKY COVER 0.4



RELATIVE HUMIDITY (PERCENT)
 HIGHEST   100          1200 AM
 LOWEST     42           300 PM
 AVERAGE    71

..........................................................


THE BENNINGTON VT CLIMATE NORMALS FOR TODAY
                         NORMAL
 MAXIMUM TEMPERATURE (F)   64
 MINIMUM TEMPERATURE (F)   41


SUNRISE AND SUNSET
OCTOBER  2 2017.......SUNRISE   652 AM EDT   SUNSET   632 PM EDT
OCTOBER  3 2017.......SUNRISE   653 AM EDT   SUNSET   630 PM EDT


-  INDICATES NEGATIVE NUMBERS.
R  INDICATES RECORD WAS SET OR TIED.
MM INDICATES DATA IS MISSING.
T  INDICATES TRACE AMOUNT.




$$
