000
CDUS41 KALY 090623
CLIDDH


CLIMATE REPORT
NATIONAL WEATHER SERVICE ALBANY NY
221 AM EDT TUE SEP 9 2014


...................................

...THE BENNINGTON VT CLIMATE SUMMARY FOR SEPTEMBER 8 2014...

CLIMATE NORMAL PERIOD 1981 TO 2010
CLIMATE RECORD PERIOD 9999 TO 9999


WEATHER ITEM   OBSERVED TIME   NORMAL DEPARTURE LAST
                VALUE   (LST)  VALUE  FROM      YEAR
                                      NORMAL
......................................................
TEMPERATURE (F)
 YESTERDAY
  MAXIMUM         75    242 PM  73      2       68
  MINIMUM         46    502 AM  50     -4       41
  AVERAGE         61            62     -1       55

PRECIPITATION (IN)
  YESTERDAY        0.00          0.11  -0.11      T
  MONTH TO DATE    0.46          0.83  -0.37     0.70
  SINCE SEP 1      0.46          0.83  -0.37     0.70
  SINCE JAN 1     26.42         28.37  -1.95    32.42

DEGREE DAYS
 HEATING
  YESTERDAY        4             4      0       10
  MONTH TO DATE    6            29    -23       41
  SINCE SEP 1      6            29    -23       41
  SINCE JUL 1     59           101    -42      104

 COOLING
  YESTERDAY        0             1     -1        0
  MONTH TO DATE   40            12     28       20
  SINCE SEP 1     40            12     28       20
  SINCE JAN 1    293           300     -7      479
......................................................


WIND (MPH)
  HIGHEST WIND SPEED    14   HIGHEST WIND DIRECTION     S (160)
  HIGHEST GUST SPEED    17   HIGHEST GUST DIRECTION     S (160)
  AVERAGE WIND SPEED     4.9


SKY COVER
  AVERAGE SKY COVER 0.0



RELATIVE HUMIDITY (PERCENT)
 HIGHEST    93           100 AM
 LOWEST     41          1200 PM
 AVERAGE    67

..........................................................


THE BENNINGTON VT CLIMATE NORMALS FOR TODAY
                         NORMAL
 MAXIMUM TEMPERATURE (F)   73
 MINIMUM TEMPERATURE (F)   50


SUNRISE AND SUNSET
SEPTEMBER  9 2014.....SUNRISE   626 AM EDT   SUNSET   714 PM EDT
SEPTEMBER 10 2014.....SUNRISE   627 AM EDT   SUNSET   712 PM EDT


-  INDICATES NEGATIVE NUMBERS.
R  INDICATES RECORD WAS SET OR TIED.
MM INDICATES DATA IS MISSING.
T  INDICATES TRACE AMOUNT.




$$
