000
CDUS41 KALY 100627
CLIDDH


CLIMATE REPORT
NATIONAL WEATHER SERVICE ALBANY NY
226 AM EDT TUE MAY 10 2016


...................................

...THE BENNINGTON VT CLIMATE SUMMARY FOR MAY 9 2016...

CLIMATE NORMAL PERIOD 1981 TO 2010
CLIMATE RECORD PERIOD 9999 TO 9999


WEATHER ITEM   OBSERVED TIME   NORMAL DEPARTURE LAST
                VALUE   (LST)  VALUE  FROM      YEAR
                                      NORMAL
......................................................
TEMPERATURE (F)
 YESTERDAY
  MAXIMUM         57    322 PM  65     -8       83
  MINIMUM         32   1142 PM  41     -9       58
  AVERAGE         45            53     -8       71

PRECIPITATION (IN)
  YESTERDAY        0.00          0.10  -0.10     0.00
  MONTH TO DATE    1.25          0.91   0.34     0.00
  SINCE MAR 1      6.34          7.33  -0.99     3.18
  SINCE JAN 1     11.38         12.32  -0.94     6.59

DEGREE DAYS
 HEATING
  YESTERDAY       20            12      8        0
  MONTH TO DATE  136           118     18       44
  SINCE MAR 1   1544          1690   -146     1824
  SINCE JUL 1   5877          6941  -1064     7326

 COOLING
  YESTERDAY        0             0      0        6
  MONTH TO DATE    0             0      0        9
  SINCE MAR 1      1             3     -2        9
  SINCE JAN 1      1             3     -2        9
......................................................


WIND (MPH)
  HIGHEST WIND SPEED    24   HIGHEST WIND DIRECTION     W (270)
  HIGHEST GUST SPEED    34   HIGHEST GUST DIRECTION     W (280)
  AVERAGE WIND SPEED     5.8


SKY COVER
  AVERAGE SKY COVER 0.4



RELATIVE HUMIDITY (PERCENT)
 HIGHEST    76           200 AM
 LOWEST     30           200 PM
 AVERAGE    53

..........................................................


THE BENNINGTON VT CLIMATE NORMALS FOR TODAY
                         NORMAL
 MAXIMUM TEMPERATURE (F)   66
 MINIMUM TEMPERATURE (F)   42


SUNRISE AND SUNSET
MAY 10 2016...........SUNRISE   535 AM EDT   SUNSET   804 PM EDT
MAY 11 2016...........SUNRISE   534 AM EDT   SUNSET   805 PM EDT


-  INDICATES NEGATIVE NUMBERS.
R  INDICATES RECORD WAS SET OR TIED.
MM INDICATES DATA IS MISSING.
T  INDICATES TRACE AMOUNT.




$$
