000
CDUS41 KALY 140622
CLIDDH


CLIMATE REPORT
NATIONAL WEATHER SERVICE ALBANY NY
221 AM EDT THU MAY 14 2015


...................................

...THE BENNINGTON VT CLIMATE SUMMARY FOR MAY 13 2015...

CLIMATE NORMAL PERIOD 1981 TO 2010
CLIMATE RECORD PERIOD 9999 TO 9999


WEATHER ITEM   OBSERVED TIME   NORMAL DEPARTURE LAST
                VALUE   (LST)  VALUE  FROM      YEAR
                                      NORMAL
......................................................
TEMPERATURE (F)
 YESTERDAY
  MAXIMUM         59    418 PM  66     -7       66
  MINIMUM         37   1159 PM  42     -5       55
  AVERAGE         48            54     -6       61

PRECIPITATION (IN)
  YESTERDAY        0.01          0.11  -0.10      T
  MONTH TO DATE    0.06          1.33  -1.27     0.49
  SINCE MAR 1      3.24          7.75  -4.51     5.10
  SINCE JAN 1      6.65         12.74  -6.09    10.96

DEGREE DAYS
 HEATING
  YESTERDAY       17            11      6        4
  MONTH TO DATE   61           163   -102      125
  SINCE MAR 1   1841          1735    106     1870
  SINCE JUL 1   7343          6986    357     7118

 COOLING
  YESTERDAY        0             0      0        0
  MONTH TO DATE   26             0     26        4
  SINCE MAR 1     26             3     23        8
  SINCE JAN 1     26             3     23        8
......................................................


WIND (MPH)
  HIGHEST WIND SPEED    17   HIGHEST WIND DIRECTION     N (350)
  HIGHEST GUST SPEED    26   HIGHEST GUST DIRECTION     W (280)
  AVERAGE WIND SPEED     8.5


SKY COVER
  AVERAGE SKY COVER 0.6



RELATIVE HUMIDITY (PERCENT)
 HIGHEST    85          1000 PM
 LOWEST     40           500 PM
 AVERAGE    63

..........................................................


THE BENNINGTON VT CLIMATE NORMALS FOR TODAY
                         NORMAL
 MAXIMUM TEMPERATURE (F)   67
 MINIMUM TEMPERATURE (F)   43


SUNRISE AND SUNSET
MAY 14 2015...........SUNRISE   531 AM EDT   SUNSET   808 PM EDT
MAY 15 2015...........SUNRISE   530 AM EDT   SUNSET   809 PM EDT


-  INDICATES NEGATIVE NUMBERS.
R  INDICATES RECORD WAS SET OR TIED.
MM INDICATES DATA IS MISSING.
T  INDICATES TRACE AMOUNT.




$$
