000
CDUS41 KALY 290622
CLIDDH


CLIMATE REPORT
NATIONAL WEATHER SERVICE ALBANY NY
221 AM EDT FRI APR 29 2016


...................................

...THE BENNINGTON VT CLIMATE SUMMARY FOR APRIL 28 2016...

CLIMATE NORMAL PERIOD 1981 TO 2010
CLIMATE RECORD PERIOD 9999 TO 9999


WEATHER ITEM   OBSERVED TIME   NORMAL DEPARTURE LAST
                VALUE   (LST)  VALUE  FROM      YEAR
                                      NORMAL
......................................................
TEMPERATURE (F)
 YESTERDAY
  MAXIMUM         56    405 PM  62     -6       60
  MINIMUM         27    336 AM  39    -12       38
  AVERAGE         42            50     -8       49

PRECIPITATION (IN)
  YESTERDAY        0.00          0.11  -0.11     0.00
  MONTH TO DATE    2.63          3.04  -0.41     2.04
  SINCE MAR 1      5.09          6.19  -1.10     3.18
  SINCE JAN 1     10.13         11.18  -1.05     6.59

DEGREE DAYS
 HEATING
  YESTERDAY       23            15      8       16
  MONTH TO DATE  618           558     60      581
  SINCE MAR 1   1382          1542   -160     1752
  SINCE JUL 1   5715          6793  -1078     7254

 COOLING
  YESTERDAY        0             0      0        0
  MONTH TO DATE    1             0      1        0
  SINCE MAR 1      1             0      1        0
  SINCE JAN 1      1             0      1        0
......................................................


WIND (MPH)
  HIGHEST WIND SPEED    13   HIGHEST WIND DIRECTION     W (270)
  HIGHEST GUST SPEED    16   HIGHEST GUST DIRECTION     W (270)
  AVERAGE WIND SPEED     3.0


SKY COVER
  AVERAGE SKY COVER 0.0



RELATIVE HUMIDITY (PERCENT)
 HIGHEST    69           400 AM
 LOWEST     24           200 PM
 AVERAGE    47

..........................................................


THE BENNINGTON VT CLIMATE NORMALS FOR TODAY
                         NORMAL
 MAXIMUM TEMPERATURE (F)   62
 MINIMUM TEMPERATURE (F)   39


SUNRISE AND SUNSET
APRIL 29 2016.........SUNRISE   549 AM EDT   SUNSET   752 PM EDT
APRIL 30 2016.........SUNRISE   548 AM EDT   SUNSET   753 PM EDT


-  INDICATES NEGATIVE NUMBERS.
R  INDICATES RECORD WAS SET OR TIED.
MM INDICATES DATA IS MISSING.
T  INDICATES TRACE AMOUNT.




$$
