000
CDUS41 KALY 290630
CLIDDH


CLIMATE REPORT
NATIONAL WEATHER SERVICE ALBANY NY
230 AM EDT THU SEP 29 2016


...................................

...THE BENNINGTON VT CLIMATE SUMMARY FOR SEPTEMBER 28 2016...

CLIMATE NORMAL PERIOD 1981 TO 2010
CLIMATE RECORD PERIOD 9999 TO 9999


WEATHER ITEM   OBSERVED TIME   NORMAL DEPARTURE LAST
                VALUE   (LST)  VALUE  FROM      YEAR
                                      NORMAL
......................................................
TEMPERATURE (F)
 YESTERDAY
  MAXIMUM         66   1239 PM  66      0       75
  MINIMUM         47    422 AM  43      4       44
  AVERAGE         57            54      3       60

PRECIPITATION (IN)
  YESTERDAY        0.00          0.14  -0.14     0.00
  MONTH TO DATE    3.03          3.30  -0.27     3.58
  SINCE SEP 1      3.03          3.30  -0.27     3.58
  SINCE JAN 1     24.34         30.84  -6.50    17.81

DEGREE DAYS
 HEATING
  YESTERDAY        8            11     -3        5
  MONTH TO DATE  109           182    -73       90
  SINCE SEP 1    109           182    -73       90
  SINCE JUL 1    131           254   -123      129

 COOLING
  YESTERDAY        0             0      0        0
  MONTH TO DATE   45            22     23       70
  SINCE SEP 1     45            22     23       70
  SINCE JAN 1    484           310    174      438
......................................................


WIND (MPH)
  HIGHEST WIND SPEED    17   HIGHEST WIND DIRECTION     E (100)
  HIGHEST GUST SPEED    26   HIGHEST GUST DIRECTION     E (90)
  AVERAGE WIND SPEED     8.5


SKY COVER
  AVERAGE SKY COVER 0.5



RELATIVE HUMIDITY (PERCENT)
 HIGHEST    93           200 AM
 LOWEST     60           100 PM
 AVERAGE    77

..........................................................


THE BENNINGTON VT CLIMATE NORMALS FOR TODAY
                         NORMAL
 MAXIMUM TEMPERATURE (F)   65
 MINIMUM TEMPERATURE (F)   42


SUNRISE AND SUNSET
SEPTEMBER 29 2016.....SUNRISE   648 AM EDT   SUNSET   637 PM EDT
SEPTEMBER 30 2016.....SUNRISE   650 AM EDT   SUNSET   635 PM EDT


-  INDICATES NEGATIVE NUMBERS.
R  INDICATES RECORD WAS SET OR TIED.
MM INDICATES DATA IS MISSING.
T  INDICATES TRACE AMOUNT.




$$
