000
CDUS41 KALY 020621
CLIDDH


CLIMATE REPORT
NATIONAL WEATHER SERVICE ALBANY NY
221 AM EDT SUN AUG 2 2015


...................................

...THE BENNINGTON VT CLIMATE SUMMARY FOR AUGUST 1 2015...

CLIMATE NORMAL PERIOD 1981 TO 2010
CLIMATE RECORD PERIOD 9999 TO 9999


WEATHER ITEM   OBSERVED TIME   NORMAL DEPARTURE LAST
                VALUE   (LST)  VALUE  FROM      YEAR
                                      NORMAL
......................................................
TEMPERATURE (F)
 YESTERDAY
  MAXIMUM         81    227 PM  79      2       82
  MINIMUM         56   1159 PM  57     -1       54
  AVERAGE         69            68      1       68

PRECIPITATION (IN)
  YESTERDAY        T             0.14  -0.14     0.04
  MONTH TO DATE    T             0.14  -0.14     0.04
  SINCE JUN 1      4.94          8.61  -3.67    11.32
  SINCE JAN 1     12.50         23.68 -11.18    24.15

DEGREE DAYS
 HEATING
  YESTERDAY        0             1     -1        0
  MONTH TO DATE    0             1     -1        0
  SINCE JUN 1    122           122      0       58
  SINCE JUL 1     27            25      2       11

 COOLING
  YESTERDAY        4             4      0        3
  MONTH TO DATE    4             4      0        3
  SINCE JUN 1    188           185      3      189
  SINCE JAN 1    252           199     53      205
......................................................


WIND (MPH)
  HIGHEST WIND SPEED    17   HIGHEST WIND DIRECTION     W (270)
  HIGHEST GUST SPEED    23   HIGHEST GUST DIRECTION     W (270)
  AVERAGE WIND SPEED     4.9


SKY COVER
  AVERAGE SKY COVER 0.3



RELATIVE HUMIDITY (PERCENT)
 HIGHEST    93           100 AM
 LOWEST     39           200 PM
 AVERAGE    66

..........................................................


THE BENNINGTON VT CLIMATE NORMALS FOR TODAY
                         NORMAL
 MAXIMUM TEMPERATURE (F)   79
 MINIMUM TEMPERATURE (F)   57


SUNRISE AND SUNSET
AUGUST  2 2015........SUNRISE   545 AM EDT   SUNSET   813 PM EDT
AUGUST  3 2015........SUNRISE   546 AM EDT   SUNSET   812 PM EDT


-  INDICATES NEGATIVE NUMBERS.
R  INDICATES RECORD WAS SET OR TIED.
MM INDICATES DATA IS MISSING.
T  INDICATES TRACE AMOUNT.




$$
