000
CDUS41 KALY 262044
CLIDDH


CLIMATE REPORT
NATIONAL WEATHER SERVICE ALBANY NY
443 PM EDT TUE AUG 26 2014


...................................

...THE BENNINGTON VT CLIMATE SUMMARY FOR AUGUST 26 2014...
VALID TODAY AS OF 0400 PM LOCAL TIME.

CLIMATE NORMAL PERIOD 1981 TO 2010
CLIMATE RECORD PERIOD 9999 TO 9999


WEATHER ITEM   OBSERVED TIME   NORMAL DEPARTURE LAST
                VALUE   (LST)  VALUE  FROM      YEAR
                                      NORMAL
......................................................
TEMPERATURE (F)
 TODAY
  MAXIMUM         83    309 PM  76      7       77
  MINIMUM         53    530 AM  54     -1       61
  AVERAGE         68            65      3       69

PRECIPITATION (IN)
  TODAY            0.00          0.12  -0.12     0.45
  MONTH TO DATE    1.84          3.42  -1.58     3.37
  SINCE JUN 1     13.12         11.89   1.23    16.26
  SINCE JAN 1     25.95         26.96  -1.01    30.73

DEGREE DAYS
 HEATING
  TODAY            0             2     -2        0
  MONTH TO DATE   37            32      5       53
  SINCE JUN 1     95           153    -58      163
  SINCE JUL 1     48            56     -8       63

 COOLING
  TODAY            3             2      1        4
  MONTH TO DATE   39            85    -46       49
  SINCE JUN 1    225           266    -41      395
  SINCE JAN 1    241           280    -39      427
......................................................


WIND (MPH)
  HIGHEST WIND SPEED     9   HIGHEST WIND DIRECTION     W (280)
  HIGHEST GUST SPEED    12   HIGHEST GUST DIRECTION     W (250)
  AVERAGE WIND SPEED     1.4


SKY COVER
  AVERAGE SKY COVER 0.0



RELATIVE HUMIDITY (PERCENT)
 HIGHEST   100
 LOWEST     46
 AVERAGE    73

..........................................................


THE BENNINGTON VT CLIMATE NORMALS FOR TOMORROW
                         NORMAL
 MAXIMUM TEMPERATURE (F)   76
 MINIMUM TEMPERATURE (F)   54


SUNRISE AND SUNSET
AUGUST 26 2014........SUNRISE   611 AM EDT   SUNSET   738 PM EDT
AUGUST 27 2014........SUNRISE   612 AM EDT   SUNSET   736 PM EDT


-  INDICATES NEGATIVE NUMBERS.
R  INDICATES RECORD WAS SET OR TIED.
MM INDICATES DATA IS MISSING.
T  INDICATES TRACE AMOUNT.




$$
