000
CDUS41 KALY 200627
CLIDDH


CLIMATE REPORT
NATIONAL WEATHER SERVICE ALBANY NY
222 AM EDT THU AUG 20 2015


...................................

...THE BENNINGTON VT CLIMATE SUMMARY FOR AUGUST 19 2015...

CLIMATE NORMAL PERIOD 1981 TO 2010
CLIMATE RECORD PERIOD 9999 TO 9999


WEATHER ITEM   OBSERVED TIME   NORMAL DEPARTURE LAST
                VALUE   (LST)  VALUE  FROM      YEAR
                                      NORMAL
......................................................
TEMPERATURE (F)
 YESTERDAY
  MAXIMUM         87    257 PM  78      9       77
  MINIMUM         62    523 AM  55      7       44
  AVERAGE         75            66      9       61

PRECIPITATION (IN)
  YESTERDAY        0.00          0.12  -0.12     0.00
  MONTH TO DATE    1.18          2.59  -1.41     0.96
  SINCE JUN 1      6.12         11.06  -4.94    12.24
  SINCE JAN 1     13.68         26.13 -12.45    25.07

DEGREE DAYS
 HEATING
  YESTERDAY        0             1     -1        4
  MONTH TO DATE    4            19    -15       36
  SINCE JUN 1    126           140    -14       94
  SINCE JUL 1     31            43    -12       47

 COOLING
  YESTERDAY       10             3      7        0
  MONTH TO DATE   81            69     12       28
  SINCE JUN 1    265           250     15      214
  SINCE JAN 1    329           264     65      230
......................................................


WIND (MPH)
  HIGHEST WIND SPEED    15   HIGHEST WIND DIRECTION     S (190)
  HIGHEST GUST SPEED    19   HIGHEST GUST DIRECTION     S (200)
  AVERAGE WIND SPEED     4.3


SKY COVER
  AVERAGE SKY COVER 0.1



RELATIVE HUMIDITY (PERCENT)
 HIGHEST    93           300 AM
 LOWEST     46           300 PM
 AVERAGE    70

..........................................................


THE BENNINGTON VT CLIMATE NORMALS FOR TODAY
                         NORMAL
 MAXIMUM TEMPERATURE (F)   77
 MINIMUM TEMPERATURE (F)   55


SUNRISE AND SUNSET
AUGUST 20 2015........SUNRISE   604 AM EDT   SUNSET   748 PM EDT
AUGUST 21 2015........SUNRISE   605 AM EDT   SUNSET   746 PM EDT


-  INDICATES NEGATIVE NUMBERS.
R  INDICATES RECORD WAS SET OR TIED.
MM INDICATES DATA IS MISSING.
T  INDICATES TRACE AMOUNT.




$$
