000
CDUS41 KALY 312052
CLIDDH


CLIMATE REPORT
NATIONAL WEATHER SERVICE ALBANY NY
451 PM EDT TUE OCT 31 2017


...................................

...THE BENNINGTON VT CLIMATE SUMMARY FOR OCTOBER 31 2017...
VALID TODAY AS OF 0400 PM LOCAL TIME.

CLIMATE NORMAL PERIOD 1981 TO 2010
CLIMATE RECORD PERIOD 9999 TO 9999


WEATHER ITEM   OBSERVED TIME   NORMAL DEPARTURE LAST
                VALUE   (LST)  VALUE  FROM      YEAR
                                      NORMAL
......................................................
TEMPERATURE (F)
 TODAY
  MAXIMUM         52   1206 PM  53     -1       47
  MINIMUM         42    552 AM  33      9       25
  AVERAGE         47            43      4       36

PRECIPITATION (IN)
  TODAY            0.00          0.09  -0.09     0.00
  MONTH TO DATE    2.26          3.69  -1.43     3.57
  SINCE SEP 1      5.76          7.26  -1.50     6.60
  SINCE JAN 1     38.11         34.80   3.31    27.91

DEGREE DAYS
 HEATING
  TODAY           18            22     -4       29
  MONTH TO DATE  293           543   -250      454
  SINCE SEP 1    429           749   -320      577
  SINCE JUL 1    496           821   -325      599

 COOLING
  TODAY            0             0      0        0
  MONTH TO DATE   12             2     10        4
  SINCE SEP 1     88            25     63       49
  SINCE JAN 1    395           313     82      488
......................................................


WIND (MPH)
  HIGHEST WIND SPEED    18   HIGHEST WIND DIRECTION     W (290)
  HIGHEST GUST SPEED    25   HIGHEST GUST DIRECTION     W (280)
  AVERAGE WIND SPEED     8.2


SKY COVER
  AVERAGE SKY COVER 0.8



RELATIVE HUMIDITY (PERCENT)
 HIGHEST    62
 LOWEST     44
 AVERAGE    53

..........................................................


THE BENNINGTON VT CLIMATE NORMALS FOR TOMORROW
                         NORMAL
 MAXIMUM TEMPERATURE (F)   53
 MINIMUM TEMPERATURE (F)   32


SUNRISE AND SUNSET
OCTOBER 31 2017.......SUNRISE   726 AM EDT   SUNSET   546 PM EDT
NOVEMBER  1 2017......SUNRISE   728 AM EDT   SUNSET   545 PM EDT


-  INDICATES NEGATIVE NUMBERS.
R  INDICATES RECORD WAS SET OR TIED.
MM INDICATES DATA IS MISSING.
T  INDICATES TRACE AMOUNT.




$$
