209
CDUS41 KALY 190632
CLIDDH


CLIMATE REPORT
NATIONAL WEATHER SERVICE ALBANY NY
231 AM EDT FRI MAY 19 2017


...................................

...THE BENNINGTON VT CLIMATE SUMMARY FOR MAY 18 2017...

CLIMATE NORMAL PERIOD 1981 TO 2010
CLIMATE RECORD PERIOD 9999 TO 9999


WEATHER ITEM   OBSERVED TIME   NORMAL DEPARTURE LAST
                VALUE   (LST)  VALUE  FROM      YEAR
                                      NORMAL
......................................................
TEMPERATURE (F)
 YESTERDAY
  MAXIMUM         90    424 PM  68     22       67
  MINIMUM         56    518 AM  44     12       33
  AVERAGE         73            56     17       50

PRECIPITATION (IN)
  YESTERDAY       MM             0.12  MM        0.00
  MONTH TO DATE    5.00          1.90   3.10     2.21
  SINCE MAR 1     10.48          8.32   2.16     7.30
  SINCE JAN 1     14.11         13.31   0.80    12.34

DEGREE DAYS
 HEATING
  YESTERDAY        0            10    -10       15
  MONTH TO DATE  231           214     17      253
  SINCE MAR 1   1775          1786    -11     1661
  SINCE JUL 1   6310          7037   -727     5994

 COOLING
  YESTERDAY        8             0      8        0
  MONTH TO DATE   12             0     12        0
  SINCE MAR 1     15             3     12        1
  SINCE JAN 1     15             3     12        1
......................................................


WIND (MPH)
  HIGHEST WIND SPEED    31   HIGHEST WIND DIRECTION     W (280)
  HIGHEST GUST SPEED    52   HIGHEST GUST DIRECTION     W (280)
  AVERAGE WIND SPEED     5.0


SKY COVER
  AVERAGE SKY COVER  MM



RELATIVE HUMIDITY (PERCENT)
 HIGHEST    93           300 AM
 LOWEST     31           500 PM
 AVERAGE    62

..........................................................


THE BENNINGTON VT CLIMATE NORMALS FOR TODAY
                         NORMAL
 MAXIMUM TEMPERATURE (F)   68
 MINIMUM TEMPERATURE (F)   44


SUNRISE AND SUNSET
MAY 19 2017...........SUNRISE   526 AM EDT   SUNSET   814 PM EDT
MAY 20 2017...........SUNRISE   525 AM EDT   SUNSET   815 PM EDT


-  INDICATES NEGATIVE NUMBERS.
R  INDICATES RECORD WAS SET OR TIED.
MM INDICATES DATA IS MISSING.
T  INDICATES TRACE AMOUNT.




$$
