000
CDUS41 KALY 022155
CLIDDH


CLIMATE REPORT
NATIONAL WEATHER SERVICE ALBANY NY
454 PM EST THU FEB 2 2017


...................................

...THE BENNINGTON VT CLIMATE SUMMARY FOR FEBRUARY 2 2017...
VALID TODAY AS OF 0400 PM LOCAL TIME.

CLIMATE NORMAL PERIOD 1981 TO 2010
CLIMATE RECORD PERIOD 9999 TO 9999


WEATHER ITEM   OBSERVED TIME   NORMAL DEPARTURE LAST
                VALUE   (LST)  VALUE  FROM      YEAR
                                      NORMAL
......................................................
TEMPERATURE (F)
 TODAY
  MAXIMUM         32    251 PM  32      0       44
  MINIMUM         23    232 AM  13     10       26
  AVERAGE         28            22      6       35

PRECIPITATION (IN)
  TODAY            T             0.07  -0.07     0.00
  MONTH TO DATE    0.01          0.13  -0.12     0.00
  SINCE DEC 1      3.81          5.67  -1.86     4.86
  SINCE JAN 1      1.72          2.88  -1.16     1.11

DEGREE DAYS
 HEATING
  TODAY           37            43     -6       30
  MONTH TO DATE   71            86    -15       51
  SINCE DEC 1   2295          2604   -309     2013
  SINCE JUL 1   3665          4217   -552     3356

 COOLING
  TODAY            0             0      0        0
  MONTH TO DATE    0             0      0        0
  SINCE DEC 1      0             0      0        0
  SINCE JAN 1      0             0      0        0
......................................................


WIND (MPH)
  HIGHEST WIND SPEED    16   HIGHEST WIND DIRECTION     W (270)
  HIGHEST GUST SPEED    26   HIGHEST GUST DIRECTION     W (280)
  AVERAGE WIND SPEED     6.8


SKY COVER
  AVERAGE SKY COVER 0.8



RELATIVE HUMIDITY (PERCENT)
 HIGHEST    75
 LOWEST     43
 AVERAGE    59

..........................................................


THE BENNINGTON VT CLIMATE NORMALS FOR TOMORROW
                         NORMAL
 MAXIMUM TEMPERATURE (F)   32
 MINIMUM TEMPERATURE (F)   13


SUNRISE AND SUNSET
FEBRUARY  2 2017......SUNRISE   706 AM EST   SUNSET   508 PM EST
FEBRUARY  3 2017......SUNRISE   705 AM EST   SUNSET   509 PM EST


-  INDICATES NEGATIVE NUMBERS.
R  INDICATES RECORD WAS SET OR TIED.
MM INDICATES DATA IS MISSING.
T  INDICATES TRACE AMOUNT.




$$
