000
CDUS41 KALY 180628
CLIDDH


CLIMATE REPORT
NATIONAL WEATHER SERVICE ALBANY NY
226 AM EDT SAT JUL 18 2015


...................................

...THE BENNINGTON VT CLIMATE SUMMARY FOR JULY 17 2015...

CLIMATE NORMAL PERIOD 1981 TO 2010
CLIMATE RECORD PERIOD 9999 TO 9999


WEATHER ITEM   OBSERVED TIME   NORMAL DEPARTURE LAST
                VALUE   (LST)  VALUE  FROM      YEAR
                                      NORMAL
......................................................
TEMPERATURE (F)
 YESTERDAY
  MAXIMUM         80    314 PM  80      0       76
  MINIMUM         47    516 AM  57    -10       50
  AVERAGE         64            68     -4       63

PRECIPITATION (IN)
  YESTERDAY        T             0.12  -0.12     0.00
  MONTH TO DATE    0.90          2.32  -1.42     4.61
  SINCE JUN 1      3.85          6.45  -2.60     7.94
  SINCE JAN 1     11.41         21.52 -10.11    20.77

DEGREE DAYS
 HEATING
  YESTERDAY        1             1      0        2
  MONTH TO DATE   25            17      8        4
  SINCE JUN 1    120           114      6       51
  SINCE JUL 1     25            17      8        4

 COOLING
  YESTERDAY        0             4     -4        0
  MONTH TO DATE   47            67    -20       86
  SINCE JUN 1     94           125    -31      148
  SINCE JAN 1    158           139     19      164
......................................................


WIND (MPH)
  HIGHEST WIND SPEED    14   HIGHEST WIND DIRECTION    SW (210)
  HIGHEST GUST SPEED    18   HIGHEST GUST DIRECTION    SW (220)
  AVERAGE WIND SPEED     3.9


SKY COVER
  AVERAGE SKY COVER 0.2



RELATIVE HUMIDITY (PERCENT)
 HIGHEST    93           200 AM
 LOWEST     48           100 PM
 AVERAGE    71

..........................................................


THE BENNINGTON VT CLIMATE NORMALS FOR TODAY
                         NORMAL
 MAXIMUM TEMPERATURE (F)   80
 MINIMUM TEMPERATURE (F)   57


SUNRISE AND SUNSET
JULY 18 2015..........SUNRISE   530 AM EDT   SUNSET   828 PM EDT
JULY 19 2015..........SUNRISE   531 AM EDT   SUNSET   827 PM EDT


-  INDICATES NEGATIVE NUMBERS.
R  INDICATES RECORD WAS SET OR TIED.
MM INDICATES DATA IS MISSING.
T  INDICATES TRACE AMOUNT.




$$
