000
CDUS41 KALY 240623
CLIDDH


CLIMATE REPORT
NATIONAL WEATHER SERVICE ALBANY NY
123 AM EST THU NOV 24 2016


...................................

...THE BENNINGTON VT CLIMATE SUMMARY FOR NOVEMBER 23 2016...

CLIMATE NORMAL PERIOD 1981 TO 2010
CLIMATE RECORD PERIOD 9999 TO 9999


WEATHER ITEM   OBSERVED TIME   NORMAL DEPARTURE LAST
                VALUE   (LST)  VALUE  FROM      YEAR
                                      NORMAL
......................................................
TEMPERATURE (F)
 YESTERDAY
  MAXIMUM         33    334 PM  45    -12       35
  MINIMUM         19    943 PM  28     -9       21
  AVERAGE         26            36    -10       28

PRECIPITATION (IN)
  YESTERDAY        0.00          0.10  -0.10     0.00
  MONTH TO DATE    1.75          2.36  -0.61     1.17
  SINCE SEP 1      8.35          9.62  -1.27    10.89
  SINCE JAN 1     29.66         37.16  -7.50    25.12

DEGREE DAYS
 HEATING
  YESTERDAY       39            29     10       37
  MONTH TO DATE  575           582     -7      460
  SINCE SEP 1   1152          1331   -179     1111
  SINCE JUL 1   1174          1403   -229     1150

 COOLING
  YESTERDAY        0             0      0        0
  MONTH TO DATE    0             0      0        0
  SINCE SEP 1     49            25     24       76
  SINCE JAN 1    488           313    175      444
......................................................


WIND (MPH)
  HIGHEST WIND SPEED    13   HIGHEST WIND DIRECTION    NW (310)
  HIGHEST GUST SPEED    19   HIGHEST GUST DIRECTION    NW (320)
  AVERAGE WIND SPEED     4.3


SKY COVER
  AVERAGE SKY COVER 0.4



RELATIVE HUMIDITY (PERCENT)
 HIGHEST    84           700 PM
 LOWEST     54           100 PM
 AVERAGE    69

..........................................................


THE BENNINGTON VT CLIMATE NORMALS FOR TODAY
                         NORMAL
 MAXIMUM TEMPERATURE (F)   44
 MINIMUM TEMPERATURE (F)   28


SUNRISE AND SUNSET
NOVEMBER 24 2016......SUNRISE   657 AM EST   SUNSET   423 PM EST
NOVEMBER 25 2016......SUNRISE   658 AM EST   SUNSET   422 PM EST


-  INDICATES NEGATIVE NUMBERS.
R  INDICATES RECORD WAS SET OR TIED.
MM INDICATES DATA IS MISSING.
T  INDICATES TRACE AMOUNT.




$$
