000
CDUS41 KALY 110622
CLIDDH


CLIMATE REPORT
NATIONAL WEATHER SERVICE ALBANY NY
221 AM EDT THU AUG 11 2016


...................................

...THE BENNINGTON VT CLIMATE SUMMARY FOR AUGUST 10 2016...

CLIMATE NORMAL PERIOD 1981 TO 2010
CLIMATE RECORD PERIOD 9999 TO 9999


WEATHER ITEM   OBSERVED TIME   NORMAL DEPARTURE LAST
                VALUE   (LST)  VALUE  FROM      YEAR
                                      NORMAL
......................................................
TEMPERATURE (F)
 YESTERDAY
  MAXIMUM         80    535 PM  79      1       83
  MINIMUM         66   1159 PM  56     10       54
  AVERAGE         73            67      6       69

PRECIPITATION (IN)
  YESTERDAY        1.08          0.14   0.94     0.00
  MONTH TO DATE    2.56          1.45   1.11     0.39
  SINCE JUN 1      6.69          9.92  -3.23     5.33
  SINCE JAN 1     19.74         24.99  -5.25    12.89

DEGREE DAYS
 HEATING
  YESTERDAY        0             1     -1        0
  MONTH TO DATE    0            10    -10        2
  SINCE JUN 1     79           131    -52      124
  SINCE JUL 1     10            34    -24       29

 COOLING
  YESTERDAY        8             4      4        4
  MONTH TO DATE   51            40     11       24
  SINCE JUN 1    275           221     54      208
  SINCE JAN 1    317           235     82      272
......................................................


WIND (MPH)
  HIGHEST WIND SPEED    12   HIGHEST WIND DIRECTION     S (180)
  HIGHEST GUST SPEED    14   HIGHEST GUST DIRECTION    SW (210)
  AVERAGE WIND SPEED     2.3


SKY COVER
  AVERAGE SKY COVER 0.9



RELATIVE HUMIDITY (PERCENT)
 HIGHEST    97          1000 PM
 LOWEST     61          1200 AM
 AVERAGE    79

..........................................................


THE BENNINGTON VT CLIMATE NORMALS FOR TODAY
                         NORMAL
 MAXIMUM TEMPERATURE (F)   78
 MINIMUM TEMPERATURE (F)   56


SUNRISE AND SUNSET
AUGUST 11 2016........SUNRISE   555 AM EDT   SUNSET   800 PM EDT
AUGUST 12 2016........SUNRISE   556 AM EDT   SUNSET   759 PM EDT


-  INDICATES NEGATIVE NUMBERS.
R  INDICATES RECORD WAS SET OR TIED.
MM INDICATES DATA IS MISSING.
T  INDICATES TRACE AMOUNT.




$$
