000
CDUS41 KALY 110627
CLIDDH


CLIMATE REPORT
NATIONAL WEATHER SERVICE ALBANY NY
227 AM EDT SAT OCT 11 2014


...................................

...THE BENNINGTON VT CLIMATE SUMMARY FOR OCTOBER 10 2014...

CLIMATE NORMAL PERIOD 1981 TO 2010
CLIMATE RECORD PERIOD 9999 TO 9999


WEATHER ITEM   OBSERVED TIME   NORMAL DEPARTURE LAST
                VALUE   (LST)  VALUE  FROM      YEAR
                                      NORMAL
......................................................
TEMPERATURE (F)
 YESTERDAY
  MAXIMUM         58    329 PM  61     -3       60
  MINIMUM         36   1158 PM  38     -2       35
  AVERAGE         47            49     -2       48

PRECIPITATION (IN)
  YESTERDAY        0.00          0.12  -0.12     0.00
  MONTH TO DATE    0.78          1.23  -0.45     2.41
  SINCE SEP 1      1.80          4.80  -3.00     6.44
  SINCE JAN 1     27.76         32.34  -4.58    38.16

DEGREE DAYS
 HEATING
  YESTERDAY       18            16      2       17
  MONTH TO DATE  101           140    -39       93
  SINCE SEP 1    295           346    -51      352
  SINCE JUL 1    348           418    -70      415

 COOLING
  YESTERDAY        0             0      0        0
  MONTH TO DATE    0             0      0        0
  SINCE SEP 1     44            23     21       44
  SINCE JAN 1    297           311    -14      503
......................................................


WIND (MPH)
  HIGHEST WIND SPEED    12   HIGHEST WIND DIRECTION    NW (310)
  HIGHEST GUST SPEED    19   HIGHEST GUST DIRECTION     W (280)
  AVERAGE WIND SPEED     4.6


SKY COVER
  AVERAGE SKY COVER 0.5



RELATIVE HUMIDITY (PERCENT)
 HIGHEST    92           600 AM
 LOWEST     47           300 PM
 AVERAGE    70

..........................................................


THE BENNINGTON VT CLIMATE NORMALS FOR TODAY
                         NORMAL
 MAXIMUM TEMPERATURE (F)   60
 MINIMUM TEMPERATURE (F)   38


SUNRISE AND SUNSET
OCTOBER 11 2014.......SUNRISE   702 AM EDT   SUNSET   617 PM EDT
OCTOBER 12 2014.......SUNRISE   703 AM EDT   SUNSET   615 PM EDT


-  INDICATES NEGATIVE NUMBERS.
R  INDICATES RECORD WAS SET OR TIED.
MM INDICATES DATA IS MISSING.
T  INDICATES TRACE AMOUNT.




$$
