626
CDUS41 KALY 180623
CLIDDH


CLIMATE REPORT
NATIONAL WEATHER SERVICE ALBANY NY
223 AM EDT SUN SEP 18 2016


...................................

...THE BENNINGTON VT CLIMATE SUMMARY FOR SEPTEMBER 17 2016...

CLIMATE NORMAL PERIOD 1981 TO 2010
CLIMATE RECORD PERIOD 9999 TO 9999


WEATHER ITEM   OBSERVED TIME   NORMAL DEPARTURE LAST
                VALUE   (LST)  VALUE  FROM      YEAR
                                      NORMAL
......................................................
TEMPERATURE (F)
 YESTERDAY
  MAXIMUM         76    328 PM  70      6       82
  MINIMUM         47    609 AM  47      0       50
  AVERAGE         62            59      3       66

PRECIPITATION (IN)
  YESTERDAY        0.04          0.12  -0.08     0.00
  MONTH TO DATE    0.77          1.86  -1.09     3.34
  SINCE SEP 1      0.77          1.86  -1.09     3.34
  SINCE JAN 1     22.08         29.40  -7.32    17.57

DEGREE DAYS
 HEATING
  YESTERDAY        3             7     -4        0
  MONTH TO DATE   48            81    -33       12
  SINCE SEP 1     48            81    -33       12
  SINCE JUL 1     70           153    -83       51

 COOLING
  YESTERDAY        0             1     -1        1
  MONTH TO DATE   33            21     12       67
  SINCE SEP 1     33            21     12       67
  SINCE JAN 1    472           309    163      435
......................................................


WIND (MPH)
  HIGHEST WIND SPEED    16   HIGHEST WIND DIRECTION     S (170)
  HIGHEST GUST SPEED    20   HIGHEST GUST DIRECTION    SE (150)
  AVERAGE WIND SPEED     4.9


SKY COVER
  AVERAGE SKY COVER 0.2



RELATIVE HUMIDITY (PERCENT)
 HIGHEST    93           400 AM
 LOWEST     53           100 PM
 AVERAGE    73

..........................................................


THE BENNINGTON VT CLIMATE NORMALS FOR TODAY
                         NORMAL
 MAXIMUM TEMPERATURE (F)   70
 MINIMUM TEMPERATURE (F)   47


SUNRISE AND SUNSET
SEPTEMBER 18 2016.....SUNRISE   636 AM EDT   SUNSET   657 PM EDT
SEPTEMBER 19 2016.....SUNRISE   637 AM EDT   SUNSET   655 PM EDT


-  INDICATES NEGATIVE NUMBERS.
R  INDICATES RECORD WAS SET OR TIED.
MM INDICATES DATA IS MISSING.
T  INDICATES TRACE AMOUNT.




$$
