000
CDUS41 KALY 290622
CLIDDH


CLIMATE REPORT
NATIONAL WEATHER SERVICE ALBANY NY
222 AM EDT SUN JUN 29 2014


...................................

...THE BENNINGTON VT CLIMATE SUMMARY FOR JUNE 28 2014...

CLIMATE NORMAL PERIOD 1981 TO 2010
CLIMATE RECORD PERIOD 9999 TO 9999


WEATHER ITEM   OBSERVED TIME   NORMAL DEPARTURE LAST
                VALUE   (LST)  VALUE  FROM      YEAR
                                      NORMAL
......................................................
TEMPERATURE (F)
 YESTERDAY
  MAXIMUM         83    130 PM  78      5       80
  MINIMUM         52    442 AM  56     -4       66
  AVERAGE         68            67      1       73

PRECIPITATION (IN)
  YESTERDAY        0.00          0.12  -0.12     0.69
  MONTH TO DATE    3.33          3.89  -0.56     7.15
  SINCE JUN 1      3.33          3.89  -0.56     7.15
  SINCE JAN 1     16.16         18.96  -2.80    21.62

DEGREE DAYS
 HEATING
  YESTERDAY        0             1     -1        0
  MONTH TO DATE   47            94    -47      100
  SINCE JUN 1     47            94    -47      100
  SINCE JUL 1   7298          7233     65     6750

 COOLING
  YESTERDAY        3             3      0        8
  MONTH TO DATE   50            52     -2       82
  SINCE JUN 1     50            52     -2       82
  SINCE JAN 1     66            66      0      114
......................................................


WIND (MPH)
  HIGHEST WIND SPEED     8   HIGHEST WIND DIRECTION     W (280)
  HIGHEST GUST SPEED    13   HIGHEST GUST DIRECTION     W (250)
  AVERAGE WIND SPEED     1.7


SKY COVER
  AVERAGE SKY COVER 0.0



RELATIVE HUMIDITY (PERCENT)
 HIGHEST    93           200 AM
 LOWEST     36          1200 PM
 AVERAGE    65

..........................................................


THE BENNINGTON VT CLIMATE NORMALS FOR TODAY
                         NORMAL
 MAXIMUM TEMPERATURE (F)   78
 MINIMUM TEMPERATURE (F)   56


SUNRISE AND SUNSET
JUNE 29 2014..........SUNRISE   517 AM EDT   SUNSET   836 PM EDT
JUNE 30 2014..........SUNRISE   518 AM EDT   SUNSET   836 PM EDT


-  INDICATES NEGATIVE NUMBERS.
R  INDICATES RECORD WAS SET OR TIED.
MM INDICATES DATA IS MISSING.
T  INDICATES TRACE AMOUNT.




$$
