000
CDUS41 KALY 280623
CLIDDH


CLIMATE REPORT
NATIONAL WEATHER SERVICE ALBANY NY
222 AM EDT THU SEP 28 2017


...................................

...THE BENNINGTON VT CLIMATE SUMMARY FOR SEPTEMBER 27 2017...

CLIMATE NORMAL PERIOD 1981 TO 2010
CLIMATE RECORD PERIOD 9999 TO 9999


WEATHER ITEM   OBSERVED TIME   NORMAL DEPARTURE LAST
                VALUE   (LST)  VALUE  FROM      YEAR
                                      NORMAL
......................................................
TEMPERATURE (F)
 YESTERDAY
  MAXIMUM         88    218 PM  66     22       70
  MINIMUM         59    542 AM  43     16       51
  AVERAGE         74            55     19       61

PRECIPITATION (IN)
  YESTERDAY        0.00          0.13  -0.13     0.56
  MONTH TO DATE    3.42          3.16   0.26     3.03
  SINCE SEP 1      3.42          3.16   0.26     3.03
  SINCE JAN 1     35.77         30.70   5.07    24.34

DEGREE DAYS
 HEATING
  YESTERDAY        0            11    -11        4
  MONTH TO DATE   97           171    -74      101
  SINCE SEP 1     97           171    -74      101
  SINCE JUL 1    164           243    -79      123

 COOLING
  YESTERDAY        9             0      9        0
  MONTH TO DATE   76            22     54       45
  SINCE SEP 1     76            22     54       45
  SINCE JAN 1    383           310     73      484
......................................................


WIND (MPH)
  HIGHEST WIND SPEED    10   HIGHEST WIND DIRECTION    SW (220)
  HIGHEST GUST SPEED    13   HIGHEST GUST DIRECTION    SW (230)
  AVERAGE WIND SPEED     2.8


SKY COVER
  AVERAGE SKY COVER 0.2



RELATIVE HUMIDITY (PERCENT)
 HIGHEST   100           200 AM
 LOWEST     43           300 PM
 AVERAGE    72

..........................................................


THE BENNINGTON VT CLIMATE NORMALS FOR TODAY
                         NORMAL
 MAXIMUM TEMPERATURE (F)   66
 MINIMUM TEMPERATURE (F)   43


SUNRISE AND SUNSET
SEPTEMBER 28 2017.....SUNRISE   647 AM EDT   SUNSET   639 PM EDT
SEPTEMBER 29 2017.....SUNRISE   648 AM EDT   SUNSET   637 PM EDT


-  INDICATES NEGATIVE NUMBERS.
R  INDICATES RECORD WAS SET OR TIED.
MM INDICATES DATA IS MISSING.
T  INDICATES TRACE AMOUNT.




$$
