000
CDUS41 KALY 070644
CLIDDH


CLIMATE REPORT
NATIONAL WEATHER SERVICE ALBANY NY
140 AM EST TUE MAR 7 2017


...................................

...THE BENNINGTON VT CLIMATE SUMMARY FOR MARCH 6 2017...

CLIMATE NORMAL PERIOD 1981 TO 2010
CLIMATE RECORD PERIOD 9999 TO 9999


WEATHER ITEM   OBSERVED TIME   NORMAL DEPARTURE LAST
                VALUE   (LST)  VALUE  FROM      YEAR
                                      NORMAL
......................................................
TEMPERATURE (F)
 YESTERDAY
  MAXIMUM         43    452 PM  40      3       39
  MINIMUM          5    558 AM  19    -14       17
  AVERAGE         24            30     -6       28

PRECIPITATION (IN)
  YESTERDAY        T             0.10  -0.10     0.00
  MONTH TO DATE    0.15          0.54  -0.39     0.26
  SINCE MAR 1      0.15          0.54  -0.39     0.26
  SINCE JAN 1      3.78          5.53  -1.75     5.30

DEGREE DAYS
 HEATING
  YESTERDAY       41            35      6       37
  MONTH TO DATE  221           216      5      225
  SINCE MAR 1    221           216      5      225
  SINCE JUL 1   4756          5467   -711     4558

 COOLING
  YESTERDAY        0             0      0        0
  MONTH TO DATE    0             0      0        0
  SINCE MAR 1      0             0      0        0
  SINCE JAN 1      0             0      0        0
......................................................


WIND (MPH)
  HIGHEST WIND SPEED     9   HIGHEST WIND DIRECTION    SE (130)
  HIGHEST GUST SPEED    13   HIGHEST GUST DIRECTION    SE (130)
  AVERAGE WIND SPEED     1.2


SKY COVER
  AVERAGE SKY COVER 0.4



RELATIVE HUMIDITY (PERCENT)
 HIGHEST    83           600 AM
 LOWEST     18           300 PM
 AVERAGE    51

..........................................................


THE BENNINGTON VT CLIMATE NORMALS FOR TODAY
                         NORMAL
 MAXIMUM TEMPERATURE (F)   40
 MINIMUM TEMPERATURE (F)   20


SUNRISE AND SUNSET
MARCH  7 2017.........SUNRISE   618 AM EST   SUNSET   550 PM EST
MARCH  8 2017.........SUNRISE   617 AM EST   SUNSET   551 PM EST


-  INDICATES NEGATIVE NUMBERS.
R  INDICATES RECORD WAS SET OR TIED.
MM INDICATES DATA IS MISSING.
T  INDICATES TRACE AMOUNT.




$$
