000
CDUS41 KALY 110623
CLIDDH


CLIMATE REPORT
NATIONAL WEATHER SERVICE ALBANY NY
223 AM EDT MON MAY 11 2015


...................................

...THE BENNINGTON VT CLIMATE SUMMARY FOR MAY 10 2015...

CLIMATE NORMAL PERIOD 1981 TO 2010
CLIMATE RECORD PERIOD 9999 TO 9999


WEATHER ITEM   OBSERVED TIME   NORMAL DEPARTURE LAST
                VALUE   (LST)  VALUE  FROM      YEAR
                                      NORMAL
......................................................
TEMPERATURE (F)
 YESTERDAY
  MAXIMUM         85    344 PM  66     19       77
  MINIMUM         56    516 AM  42     14       61
  AVERAGE         71            54     17       69

PRECIPITATION (IN)
  YESTERDAY        T             0.10  -0.10     0.06
  MONTH TO DATE    T             1.01  -1.01     0.49
  SINCE MAR 1      3.18          7.43  -4.25     5.10
  SINCE JAN 1      6.59         12.42  -5.83    10.96

DEGREE DAYS
 HEATING
  YESTERDAY        0            12    -12        0
  MONTH TO DATE   44           130    -86      114
  SINCE MAR 1   1824          1702    122     1859
  SINCE JUL 1   7326          6953    373     7107

 COOLING
  YESTERDAY        6             0      6        4
  MONTH TO DATE   15             0     15        4
  SINCE MAR 1     15             3     12        8
  SINCE JAN 1     15             3     12        8
......................................................


WIND (MPH)
  HIGHEST WIND SPEED    12   HIGHEST WIND DIRECTION     W (260)
  HIGHEST GUST SPEED    17   HIGHEST GUST DIRECTION     W (250)
  AVERAGE WIND SPEED     3.9


SKY COVER
  AVERAGE SKY COVER 0.2



RELATIVE HUMIDITY (PERCENT)
 HIGHEST   100           500 AM
 LOWEST     44           100 PM
 AVERAGE    72

..........................................................


THE BENNINGTON VT CLIMATE NORMALS FOR TODAY
                         NORMAL
 MAXIMUM TEMPERATURE (F)   66
 MINIMUM TEMPERATURE (F)   42


SUNRISE AND SUNSET
MAY 11 2015...........SUNRISE   535 AM EDT   SUNSET   805 PM EDT
MAY 12 2015...........SUNRISE   534 AM EDT   SUNSET   806 PM EDT


-  INDICATES NEGATIVE NUMBERS.
R  INDICATES RECORD WAS SET OR TIED.
MM INDICATES DATA IS MISSING.
T  INDICATES TRACE AMOUNT.




$$
