000
CDUS41 KALY 190630
CLIDDH


CLIMATE REPORT
NATIONAL WEATHER SERVICE ALBANY NY
227 AM EDT THU MAR 19 2015


...................................

...THE BENNINGTON VT CLIMATE SUMMARY FOR MARCH 18 2015...

CLIMATE NORMAL PERIOD 1981 TO 2010
CLIMATE RECORD PERIOD 9999 TO 9999


WEATHER ITEM   OBSERVED TIME   NORMAL DEPARTURE LAST
                VALUE   (LST)  VALUE  FROM      YEAR
                                      NORMAL
......................................................
TEMPERATURE (F)
 YESTERDAY
  MAXIMUM         26   1214 AM  44    -18       39
  MINIMUM         18   1159 PM  23     -5        7
  AVERAGE         22            34    -12       23

PRECIPITATION (IN)
  YESTERDAY        0.00          0.12  -0.12     0.00
  MONTH TO DATE    0.48          1.72  -1.24     0.86
  SINCE MAR 1      0.48          1.72  -1.24     0.86
  SINCE JAN 1      3.89          6.71  -2.82     6.72

DEGREE DAYS
 HEATING
  YESTERDAY       43            31     12       42
  MONTH TO DATE  699           614     85      774
  SINCE MAR 1    699           614     85      774
  SINCE JUL 1   6201          5865    336     6022

 COOLING
  YESTERDAY        0             0      0        0
  MONTH TO DATE    0             0      0        0
  SINCE MAR 1      0             0      0        0
  SINCE JAN 1      0             0      0        0
......................................................


WIND (MPH)
  HIGHEST WIND SPEED    25   HIGHEST WIND DIRECTION    NW (310)
  HIGHEST GUST SPEED    39   HIGHEST GUST DIRECTION     W (280)
  AVERAGE WIND SPEED    12.1


SKY COVER
  AVERAGE SKY COVER 0.3



RELATIVE HUMIDITY (PERCENT)
 HIGHEST    45           300 AM
 LOWEST     27           400 PM
 AVERAGE    36

..........................................................


THE BENNINGTON VT CLIMATE NORMALS FOR TODAY
                         NORMAL
 MAXIMUM TEMPERATURE (F)   45
 MINIMUM TEMPERATURE (F)   23


SUNRISE AND SUNSET
MARCH 19 2015.........SUNRISE   659 AM EDT   SUNSET   704 PM EDT
MARCH 20 2015.........SUNRISE   657 AM EDT   SUNSET   705 PM EDT


-  INDICATES NEGATIVE NUMBERS.
R  INDICATES RECORD WAS SET OR TIED.
MM INDICATES DATA IS MISSING.
T  INDICATES TRACE AMOUNT.




$$
