000
CDUS41 KALY 092144
CLIDDH


CLIMATE REPORT
NATIONAL WEATHER SERVICE ALBANY NY
444 PM EST TUE JAN 9 2018


...................................

...THE BENNINGTON VT CLIMATE SUMMARY FOR JANUARY 9 2018...
VALID TODAY AS OF 0400 PM LOCAL TIME.

CLIMATE NORMAL PERIOD 1981 TO 2010
CLIMATE RECORD PERIOD 9999 TO 9999


WEATHER ITEM   OBSERVED TIME   NORMAL DEPARTURE LAST
                VALUE   (LST)  VALUE  FROM      YEAR
                                      NORMAL
......................................................
TEMPERATURE (F)
 TODAY
  MAXIMUM         36   1235 PM  30      6       19
  MINIMUM         30    246 AM  11     19       -1
  AVERAGE         33            21     12        9

PRECIPITATION (IN)
  TODAY            T             0.09  -0.09      T
  MONTH TO DATE    0.31          0.97  -0.66     0.42
  SINCE DEC 1      2.45          3.76  -1.31     2.51
  SINCE JAN 1      0.31          0.97  -0.66     0.42

DEGREE DAYS
 HEATING
  TODAY           32            44    -12       56
  MONTH TO DATE  504           392    112      385
  SINCE DEC 1   1764          1551    213     1508
  SINCE JUL 1   3064          3164   -100     2878

 COOLING
  TODAY            0             0      0        0
  MONTH TO DATE    0             0      0        0
  SINCE DEC 1      0             0      0        0
  SINCE JAN 1      0             0      0        0
......................................................


WIND (MPH)
  HIGHEST WIND SPEED    14   HIGHEST WIND DIRECTION     W (270)
  HIGHEST GUST SPEED    23   HIGHEST GUST DIRECTION     W (270)
  AVERAGE WIND SPEED     8.6


SKY COVER
  AVERAGE SKY COVER 0.9



RELATIVE HUMIDITY (PERCENT)
 HIGHEST    78
 LOWEST     51
 AVERAGE    65

..........................................................


THE BENNINGTON VT CLIMATE NORMALS FOR TOMORROW
                         NORMAL
 MAXIMUM TEMPERATURE (F)   30
 MINIMUM TEMPERATURE (F)   11


SUNRISE AND SUNSET
JANUARY  9 2018.......SUNRISE   723 AM EST   SUNSET   437 PM EST
JANUARY 10 2018.......SUNRISE   723 AM EST   SUNSET   438 PM EST


-  INDICATES NEGATIVE NUMBERS.
R  INDICATES RECORD WAS SET OR TIED.
MM INDICATES DATA IS MISSING.
T  INDICATES TRACE AMOUNT.




$$
