000
CDUS41 KALY 082055
CLIDDH


CLIMATE REPORT
NATIONAL WEATHER SERVICE ALBANY NY
455 PM EDT THU JUN 8 2017


...................................

...THE BENNINGTON VT CLIMATE SUMMARY FOR JUNE 8 2017...
VALID TODAY AS OF 0400 PM LOCAL TIME.

CLIMATE NORMAL PERIOD 1981 TO 2010
CLIMATE RECORD PERIOD 9999 TO 9999


WEATHER ITEM   OBSERVED TIME   NORMAL DEPARTURE LAST
                VALUE   (LST)  VALUE  FROM      YEAR
                                      NORMAL
......................................................
TEMPERATURE (F)
 TODAY
  MAXIMUM         79   1247 PM  73      6       63
  MINIMUM         44    411 AM  50     -6       50
  AVERAGE         62            62      0       57

PRECIPITATION (IN)
  TODAY            0.00          0.15  -0.15     0.03
  MONTH TO DATE    2.10          1.15   0.95     1.09
  SINCE JUN 1      2.10          1.15   0.95     1.09
  SINCE JAN 1     18.34         16.22   2.12    14.14

DEGREE DAYS
 HEATING
  TODAY            3             5     -2        8
  MONTH TO DATE   69            44     25        9
  SINCE JUN 1     69            44     25        9
  SINCE JUL 1   6468          7183   -715     6045

 COOLING
  TODAY            0             1     -1        0
  MONTH TO DATE    0             8     -8       16
  SINCE JUN 1      0             8     -8       16
  SINCE JAN 1     15            22     -7       58
......................................................


WIND (MPH)
  HIGHEST WIND SPEED     9   HIGHEST WIND DIRECTION     S (180)
  HIGHEST GUST SPEED    18   HIGHEST GUST DIRECTION     S (180)
  AVERAGE WIND SPEED     1.7


SKY COVER
  AVERAGE SKY COVER 0.1



RELATIVE HUMIDITY (PERCENT)
 HIGHEST   100
 LOWEST     38
 AVERAGE    69

..........................................................


THE BENNINGTON VT CLIMATE NORMALS FOR TOMORROW
                         NORMAL
 MAXIMUM TEMPERATURE (F)   73
 MINIMUM TEMPERATURE (F)   51


SUNRISE AND SUNSET
JUNE  8 2017..........SUNRISE   514 AM EDT   SUNSET   830 PM EDT
JUNE  9 2017..........SUNRISE   514 AM EDT   SUNSET   831 PM EDT


-  INDICATES NEGATIVE NUMBERS.
R  INDICATES RECORD WAS SET OR TIED.
MM INDICATES DATA IS MISSING.
T  INDICATES TRACE AMOUNT.




$$
